{"id":273,"date":"2018-12-05T12:57:13","date_gmt":"2018-12-05T11:57:13","guid":{"rendered":"https:\/\/www.normisjon.no\/agder\/?page_id=273"},"modified":"2018-12-05T13:14:10","modified_gmt":"2018-12-05T12:14:10","slug":"jubileumsbok-om-norsk-misjonsarbeid-i-ecuador","status":"publish","type":"page","link":"https:\/\/www.normisjon.no\/agder\/jubileumsbok-om-norsk-misjonsarbeid-i-ecuador\/","title":{"rendered":"Jubileumsbok om norsk misjonsarbeid i Ecuador"},"content":{"rendered":"<div id=\"module-0\" class=\"hogan-module hogan-module-text hogan-module-0\"><div class=\"hogan-module-inner\"><p>N\u00e5 kan du kj\u00f8pe boken: &laquo;Ecuador en mi coraz\u00f3n&raquo; &#8211; Historien om femti \u00e5rs misjonsarbeid ved norsk misjon i Ecuador 1968 &#8211; 2018.<\/p>\n<p>Live Danbolt Drange er redakt\u00f8r for boken.<\/p>\n<p>Boken koster kr. 120 + porto ved postsending, eller den kan hentes p\u00e5 regionkontoret ved n\u00e6rmere avtale.<\/p>\n<p>\u00d8nsker du \u00e5 kj\u00f8pe boken s\u00e5 ta kontakt med region Agders kontor p\u00e5:<\/p>\n<p>E-post: region.agder@normisjon.no<\/p>\n<p>Tlf: 37 25 68 04 (mand &#8211; torsd. 9-14)<\/p><\/div><\/div><div id=\"module-1\" class=\"hogan-module hogan-module-grid hogan-module-1\"><div class=\"hogan-module-inner\"><div class=\"hogan-grid hogan-grid-text-center hogan-grid-size-dynamic\">\n\t<div class=\"hogan-grid-inner\">\n\t\t\t\t\t<div class=\"hogan-grid-item hogan-grid-item-size-small hogan-grid-item-type-page savage-has-image savage-has-heading savage-has-excerpt savage-has-teaser\">\n\t\t\t\t<div class=\"hogan-grid-item-inner\">\n\t\t\t\t\t<div class=\"savage-card-image\">\n\t<div class=\"savage-card-image-inner\">\n\t\t<span class=\"savage-card-image-image\" style=\"background-image: url(https:\/\/www.normisjon.no\/content\/themes\/normisjon-gutenberg\/assets\/images\/fallback.png);\"><\/span>\t<\/div>\n<\/div>\n\t\t<div class=\"savage-card-body\">\n\t\t\t<div class=\"savage-card-body-inner\">\n\t\t\t\t<h2 class=\"savage-card-heading\">Jubileumsbok om norsk misjonsarbeid i Ecuador<\/h2><p class=\"savage-card-excerpt\">G\u00e5 ikke glipp av muligheten til \u00e5 f\u00e5 innblikk i Santalmisjonens og Normisjons 50 \u00e5r lange misjonsarbeid i Ecuador.<\/p><p class=\"savage-card-teaser\">Les mer<\/p>\t\t\t<\/div>\n\t\t<\/div>\n\t\t<a href=\"https:\/\/www.normisjon.no\/agder\/jubileumsbok-om-norsk-misjonsarbeid-i-ecuador\/\" class=\"savage-card-link\"><span class=\"screen-reader-text\">Read article &quot;Jubileumsbok om norsk misjonsarbeid i Ecuador&quot;<\/span><\/a>\t\t\t\t<\/div>\n\t\t\t<\/div>\n\t\t\t\t<\/div>\n<\/div>\n<\/div><\/div>","protected":false},"excerpt":{"rendered":"<p>N\u00e5 kan du kj\u00f8pe boken: &laquo;Ecuador en mi coraz\u00f3n&raquo; &#8211; Historien om femti \u00e5rs misjonsarbeid ved norsk misjon i Ecuador 1968 &#8211; 2018. Live Danbolt [&hellip;]<\/p>\n","protected":false},"author":31,"featured_media":0,"parent":0,"menu_order":0,"comment_status":"closed","ping_status":"closed","template":"","meta":{"_acf_changed":false,"footnotes":""},"class_list":["post-273","page","type-page","status-publish","hentry"],"acf":[],"yoast_head":"<!-- This site is optimized with the Yoast SEO plugin v25.9 - https:\/\/yoast.com\/wordpress\/plugins\/seo\/ -->\n<title>Jubileumsbok om norsk misjonsarbeid i Ecuador - Region Agder<\/title>\n<meta name=\"robots\" content=\"index, follow, max-snippet:-1, max-image-preview:large, max-video-preview:-1\" \/>\n<link rel=\"canonical\" href=\"https:\/\/www.normisjon.no\/agder\/jubileumsbok-om-norsk-misjonsarbeid-i-ecuador\/\" \/>\n<meta property=\"og:locale\" content=\"nb_NO\" \/>\n<meta property=\"og:type\" content=\"article\" \/>\n<meta property=\"og:title\" content=\"Jubileumsbok om norsk misjonsarbeid i Ecuador - Region Agder\" \/>\n<meta property=\"og:description\" content=\"N\u00e5 kan du kj\u00f8pe boken: &laquo;Ecuador en mi coraz\u00f3n&raquo; &#8211; Historien om femti \u00e5rs misjonsarbeid ved norsk misjon i Ecuador 1968 &#8211; 2018. Live Danbolt [&hellip;]\" \/>\n<meta property=\"og:url\" content=\"https:\/\/www.normisjon.no\/agder\/jubileumsbok-om-norsk-misjonsarbeid-i-ecuador\/\" \/>\n<meta property=\"og:site_name\" content=\"Region Agder\" \/>\n<meta property=\"article:modified_time\" content=\"2018-12-05T12:14:10+00:00\" \/>\n<meta property=\"og:image\" content=\"https:\/\/www.normisjon.no\/content\/uploads\/sites\/12\/2018\/12\/BOk-Ecuador-e1544010412735.jpg\" \/>\n\t<meta property=\"og:image:width\" content=\"2988\" \/>\n\t<meta property=\"og:image:height\" content=\"5312\" \/>\n\t<meta property=\"og:image:type\" content=\"image\/jpeg\" \/>\n<meta name=\"twitter:card\" content=\"summary_large_image\" \/>\n<script type=\"application\/ld+json\" class=\"yoast-schema-graph\">{\"@context\":\"https:\/\/schema.org\",\"@graph\":[{\"@type\":\"WebPage\",\"@id\":\"https:\/\/www.normisjon.no\/agder\/jubileumsbok-om-norsk-misjonsarbeid-i-ecuador\/\",\"url\":\"https:\/\/www.normisjon.no\/agder\/jubileumsbok-om-norsk-misjonsarbeid-i-ecuador\/\",\"name\":\"Jubileumsbok om norsk misjonsarbeid i Ecuador - Region Agder\",\"isPartOf\":{\"@id\":\"https:\/\/www.normisjon.no\/agder\/#website\"},\"datePublished\":\"2018-12-05T11:57:13+00:00\",\"dateModified\":\"2018-12-05T12:14:10+00:00\",\"breadcrumb\":{\"@id\":\"https:\/\/www.normisjon.no\/agder\/jubileumsbok-om-norsk-misjonsarbeid-i-ecuador\/#breadcrumb\"},\"inLanguage\":\"nb-NO\",\"potentialAction\":[{\"@type\":\"ReadAction\",\"target\":[\"https:\/\/www.normisjon.no\/agder\/jubileumsbok-om-norsk-misjonsarbeid-i-ecuador\/\"]}]},{\"@type\":\"BreadcrumbList\",\"@id\":\"https:\/\/www.normisjon.no\/agder\/jubileumsbok-om-norsk-misjonsarbeid-i-ecuador\/#breadcrumb\",\"itemListElement\":[{\"@type\":\"ListItem\",\"position\":1,\"name\":\"Home\",\"item\":\"https:\/\/www.normisjon.no\/agder\/\"},{\"@type\":\"ListItem\",\"position\":2,\"name\":\"Jubileumsbok om norsk misjonsarbeid i Ecuador\"}]},{\"@type\":\"WebSite\",\"@id\":\"https:\/\/www.normisjon.no\/agder\/#website\",\"url\":\"https:\/\/www.normisjon.no\/agder\/\",\"name\":\"Region Agder\",\"description\":\"\",\"publisher\":{\"@id\":\"https:\/\/www.normisjon.no\/agder\/#organization\"},\"potentialAction\":[{\"@type\":\"SearchAction\",\"target\":{\"@type\":\"EntryPoint\",\"urlTemplate\":\"https:\/\/www.normisjon.no\/agder\/?s={search_term_string}\"},\"query-input\":{\"@type\":\"PropertyValueSpecification\",\"valueRequired\":true,\"valueName\":\"search_term_string\"}}],\"inLanguage\":\"nb-NO\"},{\"@type\":\"Organization\",\"@id\":\"https:\/\/www.normisjon.no\/agder\/#organization\",\"name\":\"Region Agder\",\"url\":\"https:\/\/www.normisjon.no\/agder\/\",\"logo\":{\"@type\":\"ImageObject\",\"inLanguage\":\"nb-NO\",\"@id\":\"https:\/\/www.normisjon.no\/agder\/#\/schema\/logo\/image\/\",\"url\":\"https:\/\/www.normisjon.no\/content\/uploads\/sites\/12\/2026\/01\/Region_Venstre_Agder_oransje.png\",\"contentUrl\":\"https:\/\/www.normisjon.no\/content\/uploads\/sites\/12\/2026\/01\/Region_Venstre_Agder_oransje.png\",\"width\":1921,\"height\":541,\"caption\":\"Region Agder\"},\"image\":{\"@id\":\"https:\/\/www.normisjon.no\/agder\/#\/schema\/logo\/image\/\"}}]}<\/script>\n<!-- \/ Yoast SEO plugin. -->","yoast_head_json":{"title":"Jubileumsbok om norsk misjonsarbeid i Ecuador - Region Agder","robots":{"index":"index","follow":"follow","max-snippet":"max-snippet:-1","max-image-preview":"max-image-preview:large","max-video-preview":"max-video-preview:-1"},"canonical":"https:\/\/www.normisjon.no\/agder\/jubileumsbok-om-norsk-misjonsarbeid-i-ecuador\/","og_locale":"nb_NO","og_type":"article","og_title":"Jubileumsbok om norsk misjonsarbeid i Ecuador - Region Agder","og_description":"N\u00e5 kan du kj\u00f8pe boken: &laquo;Ecuador en mi coraz\u00f3n&raquo; &#8211; Historien om femti \u00e5rs misjonsarbeid ved norsk misjon i Ecuador 1968 &#8211; 2018. Live Danbolt [&hellip;]","og_url":"https:\/\/www.normisjon.no\/agder\/jubileumsbok-om-norsk-misjonsarbeid-i-ecuador\/","og_site_name":"Region Agder","article_modified_time":"2018-12-05T12:14:10+00:00","og_image":[{"width":2988,"height":5312,"url":"https:\/\/www.normisjon.no\/content\/uploads\/sites\/12\/2018\/12\/BOk-Ecuador-e1544010412735.jpg","type":"image\/jpeg"}],"twitter_card":"summary_large_image","schema":{"@context":"https:\/\/schema.org","@graph":[{"@type":"WebPage","@id":"https:\/\/www.normisjon.no\/agder\/jubileumsbok-om-norsk-misjonsarbeid-i-ecuador\/","url":"https:\/\/www.normisjon.no\/agder\/jubileumsbok-om-norsk-misjonsarbeid-i-ecuador\/","name":"Jubileumsbok om norsk misjonsarbeid i Ecuador - Region Agder","isPartOf":{"@id":"https:\/\/www.normisjon.no\/agder\/#website"},"datePublished":"2018-12-05T11:57:13+00:00","dateModified":"2018-12-05T12:14:10+00:00","breadcrumb":{"@id":"https:\/\/www.normisjon.no\/agder\/jubileumsbok-om-norsk-misjonsarbeid-i-ecuador\/#breadcrumb"},"inLanguage":"nb-NO","potentialAction":[{"@type":"ReadAction","target":["https:\/\/www.normisjon.no\/agder\/jubileumsbok-om-norsk-misjonsarbeid-i-ecuador\/"]}]},{"@type":"BreadcrumbList","@id":"https:\/\/www.normisjon.no\/agder\/jubileumsbok-om-norsk-misjonsarbeid-i-ecuador\/#breadcrumb","itemListElement":[{"@type":"ListItem","position":1,"name":"Home","item":"https:\/\/www.normisjon.no\/agder\/"},{"@type":"ListItem","position":2,"name":"Jubileumsbok om norsk misjonsarbeid i Ecuador"}]},{"@type":"WebSite","@id":"https:\/\/www.normisjon.no\/agder\/#website","url":"https:\/\/www.normisjon.no\/agder\/","name":"Region Agder","description":"","publisher":{"@id":"https:\/\/www.normisjon.no\/agder\/#organization"},"potentialAction":[{"@type":"SearchAction","target":{"@type":"EntryPoint","urlTemplate":"https:\/\/www.normisjon.no\/agder\/?s={search_term_string}"},"query-input":{"@type":"PropertyValueSpecification","valueRequired":true,"valueName":"search_term_string"}}],"inLanguage":"nb-NO"},{"@type":"Organization","@id":"https:\/\/www.normisjon.no\/agder\/#organization","name":"Region Agder","url":"https:\/\/www.normisjon.no\/agder\/","logo":{"@type":"ImageObject","inLanguage":"nb-NO","@id":"https:\/\/www.normisjon.no\/agder\/#\/schema\/logo\/image\/","url":"https:\/\/www.normisjon.no\/content\/uploads\/sites\/12\/2026\/01\/Region_Venstre_Agder_oransje.png","contentUrl":"https:\/\/www.normisjon.no\/content\/uploads\/sites\/12\/2026\/01\/Region_Venstre_Agder_oransje.png","width":1921,"height":541,"caption":"Region Agder"},"image":{"@id":"https:\/\/www.normisjon.no\/agder\/#\/schema\/logo\/image\/"}}]}},"_links":{"self":[{"href":"https:\/\/www.normisjon.no\/agder\/wp-json\/wp\/v2\/pages\/273","targetHints":{"allow":["GET"]}}],"collection":[{"href":"https:\/\/www.normisjon.no\/agder\/wp-json\/wp\/v2\/pages"}],"about":[{"href":"https:\/\/www.normisjon.no\/agder\/wp-json\/wp\/v2\/types\/page"}],"author":[{"embeddable":true,"href":"https:\/\/www.normisjon.no\/agder\/wp-json\/wp\/v2\/users\/31"}],"replies":[{"embeddable":true,"href":"https:\/\/www.normisjon.no\/agder\/wp-json\/wp\/v2\/comments?post=273"}],"version-history":[{"count":3,"href":"https:\/\/www.normisjon.no\/agder\/wp-json\/wp\/v2\/pages\/273\/revisions"}],"predecessor-version":[{"id":281,"href":"https:\/\/www.normisjon.no\/agder\/wp-json\/wp\/v2\/pages\/273\/revisions\/281"}],"wp:attachment":[{"href":"https:\/\/www.normisjon.no\/agder\/wp-json\/wp\/v2\/media?parent=273"}],"curies":[{"name":"wp","href":"https:\/\/api.w.org\/{rel}","templated":true}]}}