{"id":265,"date":"2025-04-28T14:45:17","date_gmt":"2025-04-28T12:45:17","guid":{"rendered":"https:\/\/www.normisjon.no\/crm-manual\/?page_id=265"},"modified":"2026-02-16T11:13:45","modified_gmt":"2026-02-16T10:13:45","slug":"endre-betalingsmate-pa-avtale-i-crm-light","status":"publish","type":"page","link":"https:\/\/www.normisjon.no\/crm-manual\/endre-betalingsmate-pa-avtale-i-crm-light\/","title":{"rendered":"Endre betalingsm\u00e5te p\u00e5 avtale i CRM Light"},"content":{"rendered":"<div class=\"entry-content alignfull wp-block-post-content has-global-padding is-layout-constrained wp-block-post-content-is-layout-constrained\">\n<figure class=\"wp-block-image aligncenter size-full is-resized\"><img loading=\"lazy\" decoding=\"async\" width=\"148\" height=\"284\" src=\"https:\/\/www.normisjon.no\/content\/uploads\/sites\/46\/2026\/02\/Slipsfyr2.jpg\" alt=\"\" class=\"wp-image-1063\" style=\"width:64px\"\/><\/figure>\n\n\n\n<p><strong>Hvordan endre betalingsm\u00e5ten p\u00e5 en betalingsavtale i CRM Light<\/strong><\/p>\n\n\n\n<p>Se hvordan du <a href=\"https:\/\/www.normisjon.no\/crm-manual\/registrere-ny-medlemsavtale-i-crm-light\/\">oppretter ny medlemsavtale<\/a>.<\/p>\n\n\n\n<p><strong>1)<\/strong>&nbsp;For \u00e5 endre betalingsm\u00e5te p\u00e5 en medlemsavtale starter vi med \u00e5 g\u00e5 til fanen&nbsp;<strong>Medlemmer.<\/strong>&nbsp;Da kommer automatisk alle registrerte medlemmer opp.&nbsp;<\/p>\n\n\n\n<p><em>Om vi skal endre betalingsm\u00e5te p\u00e5 en giveravtale g\u00e5r vi til fanen&nbsp;<strong>Faste givere<\/strong>, og f\u00f8lger ellers manualen videre.<\/em><\/p>\n\n\n\n<p><strong>2)<\/strong>&nbsp;Vi s\u00f8ker s\u00e5 etter personen som \u00f8nsker en annen betalingsm\u00e5te p\u00e5 betalingsavtalen sin. Dette gj\u00f8res ved \u00e5 trykke p\u00e5 ikonet \u00f8verst i kolonnen&nbsp;<strong>Navn<\/strong>, hvor vi skriver inn navnet til personen i feltet under&nbsp;<strong>Inneholder&nbsp;<\/strong>og trykker s\u00e5&nbsp;<strong>Filtrere<\/strong>. Vi f\u00e5r da kun opp de medlemmene som samstemmer med navnet vi s\u00f8kte etter, finner det rette og trykker p\u00e5 dette.<\/p>\n\n\n\n<figure class=\"wp-block-image size-full\"><img loading=\"lazy\" decoding=\"async\" width=\"960\" height=\"573\" src=\"https:\/\/www.normisjon.no\/content\/uploads\/sites\/46\/2025\/04\/Unknown-2-20.jpeg\" alt=\"\" class=\"wp-image-266\" srcset=\"https:\/\/www.normisjon.no\/content\/uploads\/sites\/46\/2025\/04\/Unknown-2-20.jpeg 960w, https:\/\/www.normisjon.no\/content\/uploads\/sites\/46\/2025\/04\/Unknown-2-20-300x179.jpeg 300w, https:\/\/www.normisjon.no\/content\/uploads\/sites\/46\/2025\/04\/Unknown-2-20-768x458.jpeg 768w\" sizes=\"auto, (max-width: 960px) 100vw, 960px\" \/><\/figure>\n\n\n\n<p><\/p>\n\n\n\n<div class=\"wp-block-columns is-layout-flex wp-container-core-columns-is-layout-c5150b4a wp-block-columns-is-layout-flex\">\n<div class=\"wp-block-column is-layout-flow wp-block-column-is-layout-flow\" style=\"flex-basis:40%\">\n<p>Betalingsavtalen vil n\u00e5 komme opp. Om medlemmet \u00f8nsker \u00e5 betale medlemskapet sitt med AvtaleGiro eller Vipps trykker vi p\u00e5&nbsp;<strong>Send lenke med SMS<\/strong>&nbsp;under den leverand\u00f8ren de \u00f8nsker. Han eller hun vil n\u00e5 f\u00e5 tilsendt en SMS med en lenke til den valgte leverand\u00f8ren, hvor de selv fyller ut n\u00f8dvendig informasjon.<\/p>\n<\/div>\n\n\n\n<div class=\"wp-block-column is-layout-flow wp-block-column-is-layout-flow\" style=\"flex-basis:60%\">\n<figure class=\"wp-block-image size-full\"><img loading=\"lazy\" decoding=\"async\" width=\"960\" height=\"465\" src=\"https:\/\/www.normisjon.no\/content\/uploads\/sites\/46\/2025\/04\/Unknown-1-2-12.jpeg\" alt=\"\" class=\"wp-image-267\" srcset=\"https:\/\/www.normisjon.no\/content\/uploads\/sites\/46\/2025\/04\/Unknown-1-2-12.jpeg 960w, https:\/\/www.normisjon.no\/content\/uploads\/sites\/46\/2025\/04\/Unknown-1-2-12-300x145.jpeg 300w, https:\/\/www.normisjon.no\/content\/uploads\/sites\/46\/2025\/04\/Unknown-1-2-12-768x372.jpeg 768w\" sizes=\"auto, (max-width: 960px) 100vw, 960px\" \/><\/figure>\n<\/div>\n<\/div>\n\n\n\n<div class=\"wp-block-buttons is-content-justification-center is-layout-flex wp-container-core-buttons-is-layout-a89b3969 wp-block-buttons-is-layout-flex\">\n<div class=\"wp-block-button is-style-fill\"><a class=\"wp-block-button__link has-custom-font-size wp-element-button\" href=\"https:\/\/www.normisjon.no\/crm-manual\/alle-manualer-for-crm-light\/\" style=\"font-size:15px\">Tilbake til oversikt<\/a><\/div>\n<\/div>\n<\/div>","protected":false},"excerpt":{"rendered":"<p>Hvordan endre betalingsm\u00e5ten p\u00e5 en betalingsavtale i CRM Light Se hvordan du oppretter ny medlemsavtale. 1)&nbsp;For \u00e5 endre betalingsm\u00e5te p\u00e5 en medlemsavtale starter vi med [&hellip;]<\/p>\n","protected":false},"author":143,"featured_media":0,"parent":0,"menu_order":0,"comment_status":"closed","ping_status":"closed","template":"","meta":{"_acf_changed":false,"footnotes":""},"class_list":["post-265","page","type-page","status-publish","hentry"],"acf":[],"yoast_head":"<!-- This site is optimized with the Yoast SEO plugin v25.9 - https:\/\/yoast.com\/wordpress\/plugins\/seo\/ -->\n<title>Endre betalingsm\u00e5te p\u00e5 avtale i CRM Light - CRM manual<\/title>\n<meta name=\"robots\" content=\"index, follow, max-snippet:-1, max-image-preview:large, max-video-preview:-1\" \/>\n<link rel=\"canonical\" href=\"https:\/\/www.normisjon.no\/crm-manual\/endre-betalingsmate-pa-avtale-i-crm-light\/\" \/>\n<meta property=\"og:locale\" content=\"nb_NO\" \/>\n<meta property=\"og:type\" content=\"article\" \/>\n<meta property=\"og:title\" content=\"Endre betalingsm\u00e5te p\u00e5 avtale i CRM Light - CRM manual\" \/>\n<meta property=\"og:description\" content=\"Hvordan endre betalingsm\u00e5ten p\u00e5 en betalingsavtale i CRM Light Se hvordan du oppretter ny medlemsavtale. 1)&nbsp;For \u00e5 endre betalingsm\u00e5te p\u00e5 en medlemsavtale starter vi med [&hellip;]\" \/>\n<meta property=\"og:url\" content=\"https:\/\/www.normisjon.no\/crm-manual\/endre-betalingsmate-pa-avtale-i-crm-light\/\" \/>\n<meta property=\"og:site_name\" content=\"CRM manual\" \/>\n<meta property=\"article:modified_time\" content=\"2026-02-16T10:13:45+00:00\" \/>\n<meta property=\"og:image\" content=\"https:\/\/www.normisjon.no\/content\/uploads\/sites\/46\/2026\/02\/Slipsfyr2.jpg\" \/>\n\t<meta property=\"og:image:width\" content=\"148\" \/>\n\t<meta property=\"og:image:height\" content=\"284\" \/>\n\t<meta property=\"og:image:type\" content=\"image\/jpeg\" \/>\n<meta name=\"twitter:card\" content=\"summary_large_image\" \/>\n<meta name=\"twitter:label1\" content=\"Ansl. lesetid\" \/>\n\t<meta name=\"twitter:data1\" content=\"2 minutter\" \/>\n<script type=\"application\/ld+json\" class=\"yoast-schema-graph\">{\"@context\":\"https:\/\/schema.org\",\"@graph\":[{\"@type\":\"WebPage\",\"@id\":\"https:\/\/www.normisjon.no\/crm-manual\/endre-betalingsmate-pa-avtale-i-crm-light\/\",\"url\":\"https:\/\/www.normisjon.no\/crm-manual\/endre-betalingsmate-pa-avtale-i-crm-light\/\",\"name\":\"Endre betalingsm\u00e5te p\u00e5 avtale i CRM Light - CRM manual\",\"isPartOf\":{\"@id\":\"https:\/\/www.normisjon.no\/crm-manual\/#website\"},\"primaryImageOfPage\":{\"@id\":\"https:\/\/www.normisjon.no\/crm-manual\/endre-betalingsmate-pa-avtale-i-crm-light\/#primaryimage\"},\"image\":{\"@id\":\"https:\/\/www.normisjon.no\/crm-manual\/endre-betalingsmate-pa-avtale-i-crm-light\/#primaryimage\"},\"thumbnailUrl\":\"https:\/\/www.normisjon.no\/content\/uploads\/sites\/46\/2026\/02\/Slipsfyr2.jpg\",\"datePublished\":\"2025-04-28T12:45:17+00:00\",\"dateModified\":\"2026-02-16T10:13:45+00:00\",\"breadcrumb\":{\"@id\":\"https:\/\/www.normisjon.no\/crm-manual\/endre-betalingsmate-pa-avtale-i-crm-light\/#breadcrumb\"},\"inLanguage\":\"nb-NO\",\"potentialAction\":[{\"@type\":\"ReadAction\",\"target\":[\"https:\/\/www.normisjon.no\/crm-manual\/endre-betalingsmate-pa-avtale-i-crm-light\/\"]}]},{\"@type\":\"ImageObject\",\"inLanguage\":\"nb-NO\",\"@id\":\"https:\/\/www.normisjon.no\/crm-manual\/endre-betalingsmate-pa-avtale-i-crm-light\/#primaryimage\",\"url\":\"https:\/\/www.normisjon.no\/content\/uploads\/sites\/46\/2026\/02\/Slipsfyr2.jpg\",\"contentUrl\":\"https:\/\/www.normisjon.no\/content\/uploads\/sites\/46\/2026\/02\/Slipsfyr2.jpg\"},{\"@type\":\"BreadcrumbList\",\"@id\":\"https:\/\/www.normisjon.no\/crm-manual\/endre-betalingsmate-pa-avtale-i-crm-light\/#breadcrumb\",\"itemListElement\":[{\"@type\":\"ListItem\",\"position\":1,\"name\":\"Hjem\",\"item\":\"https:\/\/www.normisjon.no\/crm-manual\/\"},{\"@type\":\"ListItem\",\"position\":2,\"name\":\"Endre betalingsm\u00e5te p\u00e5 avtale i CRM Light\"}]},{\"@type\":\"WebSite\",\"@id\":\"https:\/\/www.normisjon.no\/crm-manual\/#website\",\"url\":\"https:\/\/www.normisjon.no\/crm-manual\/\",\"name\":\"CRM manual\",\"description\":\"\",\"potentialAction\":[{\"@type\":\"SearchAction\",\"target\":{\"@type\":\"EntryPoint\",\"urlTemplate\":\"https:\/\/www.normisjon.no\/crm-manual\/?s={search_term_string}\"},\"query-input\":{\"@type\":\"PropertyValueSpecification\",\"valueRequired\":true,\"valueName\":\"search_term_string\"}}],\"inLanguage\":\"nb-NO\"}]}<\/script>\n<!-- \/ Yoast SEO plugin. -->","yoast_head_json":{"title":"Endre betalingsm\u00e5te p\u00e5 avtale i CRM Light - CRM manual","robots":{"index":"index","follow":"follow","max-snippet":"max-snippet:-1","max-image-preview":"max-image-preview:large","max-video-preview":"max-video-preview:-1"},"canonical":"https:\/\/www.normisjon.no\/crm-manual\/endre-betalingsmate-pa-avtale-i-crm-light\/","og_locale":"nb_NO","og_type":"article","og_title":"Endre betalingsm\u00e5te p\u00e5 avtale i CRM Light - CRM manual","og_description":"Hvordan endre betalingsm\u00e5ten p\u00e5 en betalingsavtale i CRM Light Se hvordan du oppretter ny medlemsavtale. 1)&nbsp;For \u00e5 endre betalingsm\u00e5te p\u00e5 en medlemsavtale starter vi med [&hellip;]","og_url":"https:\/\/www.normisjon.no\/crm-manual\/endre-betalingsmate-pa-avtale-i-crm-light\/","og_site_name":"CRM manual","article_modified_time":"2026-02-16T10:13:45+00:00","og_image":[{"width":148,"height":284,"url":"https:\/\/www.normisjon.no\/content\/uploads\/sites\/46\/2026\/02\/Slipsfyr2.jpg","type":"image\/jpeg"}],"twitter_card":"summary_large_image","twitter_misc":{"Ansl. lesetid":"2 minutter"},"schema":{"@context":"https:\/\/schema.org","@graph":[{"@type":"WebPage","@id":"https:\/\/www.normisjon.no\/crm-manual\/endre-betalingsmate-pa-avtale-i-crm-light\/","url":"https:\/\/www.normisjon.no\/crm-manual\/endre-betalingsmate-pa-avtale-i-crm-light\/","name":"Endre betalingsm\u00e5te p\u00e5 avtale i CRM Light - CRM manual","isPartOf":{"@id":"https:\/\/www.normisjon.no\/crm-manual\/#website"},"primaryImageOfPage":{"@id":"https:\/\/www.normisjon.no\/crm-manual\/endre-betalingsmate-pa-avtale-i-crm-light\/#primaryimage"},"image":{"@id":"https:\/\/www.normisjon.no\/crm-manual\/endre-betalingsmate-pa-avtale-i-crm-light\/#primaryimage"},"thumbnailUrl":"https:\/\/www.normisjon.no\/content\/uploads\/sites\/46\/2026\/02\/Slipsfyr2.jpg","datePublished":"2025-04-28T12:45:17+00:00","dateModified":"2026-02-16T10:13:45+00:00","breadcrumb":{"@id":"https:\/\/www.normisjon.no\/crm-manual\/endre-betalingsmate-pa-avtale-i-crm-light\/#breadcrumb"},"inLanguage":"nb-NO","potentialAction":[{"@type":"ReadAction","target":["https:\/\/www.normisjon.no\/crm-manual\/endre-betalingsmate-pa-avtale-i-crm-light\/"]}]},{"@type":"ImageObject","inLanguage":"nb-NO","@id":"https:\/\/www.normisjon.no\/crm-manual\/endre-betalingsmate-pa-avtale-i-crm-light\/#primaryimage","url":"https:\/\/www.normisjon.no\/content\/uploads\/sites\/46\/2026\/02\/Slipsfyr2.jpg","contentUrl":"https:\/\/www.normisjon.no\/content\/uploads\/sites\/46\/2026\/02\/Slipsfyr2.jpg"},{"@type":"BreadcrumbList","@id":"https:\/\/www.normisjon.no\/crm-manual\/endre-betalingsmate-pa-avtale-i-crm-light\/#breadcrumb","itemListElement":[{"@type":"ListItem","position":1,"name":"Hjem","item":"https:\/\/www.normisjon.no\/crm-manual\/"},{"@type":"ListItem","position":2,"name":"Endre betalingsm\u00e5te p\u00e5 avtale i CRM Light"}]},{"@type":"WebSite","@id":"https:\/\/www.normisjon.no\/crm-manual\/#website","url":"https:\/\/www.normisjon.no\/crm-manual\/","name":"CRM manual","description":"","potentialAction":[{"@type":"SearchAction","target":{"@type":"EntryPoint","urlTemplate":"https:\/\/www.normisjon.no\/crm-manual\/?s={search_term_string}"},"query-input":{"@type":"PropertyValueSpecification","valueRequired":true,"valueName":"search_term_string"}}],"inLanguage":"nb-NO"}]}},"_links":{"self":[{"href":"https:\/\/www.normisjon.no\/crm-manual\/wp-json\/wp\/v2\/pages\/265","targetHints":{"allow":["GET"]}}],"collection":[{"href":"https:\/\/www.normisjon.no\/crm-manual\/wp-json\/wp\/v2\/pages"}],"about":[{"href":"https:\/\/www.normisjon.no\/crm-manual\/wp-json\/wp\/v2\/types\/page"}],"author":[{"embeddable":true,"href":"https:\/\/www.normisjon.no\/crm-manual\/wp-json\/wp\/v2\/users\/143"}],"replies":[{"embeddable":true,"href":"https:\/\/www.normisjon.no\/crm-manual\/wp-json\/wp\/v2\/comments?post=265"}],"version-history":[{"count":6,"href":"https:\/\/www.normisjon.no\/crm-manual\/wp-json\/wp\/v2\/pages\/265\/revisions"}],"predecessor-version":[{"id":1215,"href":"https:\/\/www.normisjon.no\/crm-manual\/wp-json\/wp\/v2\/pages\/265\/revisions\/1215"}],"wp:attachment":[{"href":"https:\/\/www.normisjon.no\/crm-manual\/wp-json\/wp\/v2\/media?parent=265"}],"curies":[{"name":"wp","href":"https:\/\/api.w.org\/{rel}","templated":true}]}}