{"id":418,"date":"2025-05-19T14:10:38","date_gmt":"2025-05-19T12:10:38","guid":{"rendered":"https:\/\/www.normisjon.no\/crm-manual\/?page_id=418"},"modified":"2026-02-09T16:04:40","modified_gmt":"2026-02-09T15:04:40","slug":"registrere-nytt-medlem","status":"publish","type":"page","link":"https:\/\/www.normisjon.no\/crm-manual\/registrere-nytt-medlem\/","title":{"rendered":"Registrere ny medlemsavtale i ProFundo"},"content":{"rendered":"<div class=\"entry-content alignfull wp-block-post-content has-global-padding is-layout-constrained wp-block-post-content-is-layout-constrained\">\n<figure class=\"wp-block-image aligncenter size-full is-resized\"><img loading=\"lazy\" decoding=\"async\" width=\"279\" height=\"610\" src=\"https:\/\/www.normisjon.no\/content\/uploads\/sites\/46\/2026\/02\/Blazer-dame2.jpg\" alt=\"\" class=\"wp-image-1053\" style=\"width:64px\" srcset=\"https:\/\/www.normisjon.no\/content\/uploads\/sites\/46\/2026\/02\/Blazer-dame2.jpg 279w, https:\/\/www.normisjon.no\/content\/uploads\/sites\/46\/2026\/02\/Blazer-dame2-137x300.jpg 137w\" sizes=\"auto, (max-width: 279px) 100vw, 279px\" \/><\/figure>\n\n\n\n<p><strong>Hvordan registrere en ny medlemsavtale (og dermed et nytt medlem) i ProFundo.<\/strong><\/p>\n\n\n\n<p><a href=\"https:\/\/www.normisjon.no\/crm-manual\/registrere-ny-person-2\/\"><em>Se hvordan du kan registrere ny person her.<\/em><\/a><\/p>\n\n\n\n<p><strong>1)<\/strong>&nbsp;N\u00e5r vi skal registrere en ny medlemsavtale i ProFundo m\u00e5 vi starte med \u00e5 s\u00f8ke frem personen som skal bli medlem. Dette gj\u00f8r vi ved \u00e5 f\u00f8rst g\u00e5 til&nbsp;<strong>S\u00f8k<\/strong> og&nbsp;<strong>Navn<\/strong>&nbsp;i menyen til venstre. Om vedkommende ikke er registrert i ProFundo fra f\u00f8r, m\u00e5 vi f\u00f8rst&nbsp;<a href=\"https:\/\/www.normisjon.no\/crm-manual\/registrere-ny-person-2\/\">registrere ny person<\/a>.<\/p>\n\n\n\n<p><strong>2)&nbsp;<\/strong>Deretter skriver vi inn navnet p\u00e5 personen som skal registreres som medlem i s\u00f8kefeltet.<\/p>\n\n\n\n<p><strong>3)<\/strong>&nbsp;For \u00e5 utf\u00f8re s\u00f8ket etter navnet vi har skrevet inn, trykker vi p\u00e5&nbsp;<strong>Hent<\/strong>. Det vil da komme opp en liste med navn som passer med s\u00f8ket.<\/p>\n\n\n\n<figure class=\"wp-block-image size-full\"><img loading=\"lazy\" decoding=\"async\" width=\"960\" height=\"473\" src=\"https:\/\/www.normisjon.no\/content\/uploads\/sites\/46\/2025\/05\/Unknown-2-9.jpeg\" alt=\"\" class=\"wp-image-419\" srcset=\"https:\/\/www.normisjon.no\/content\/uploads\/sites\/46\/2025\/05\/Unknown-2-9.jpeg 960w, https:\/\/www.normisjon.no\/content\/uploads\/sites\/46\/2025\/05\/Unknown-2-9-300x148.jpeg 300w, https:\/\/www.normisjon.no\/content\/uploads\/sites\/46\/2025\/05\/Unknown-2-9-768x378.jpeg 768w\" sizes=\"auto, (max-width: 960px) 100vw, 960px\" \/><\/figure>\n\n\n\n<p>Om man har skrevet hele navnet p\u00e5 personen vil det antakelig kun komme opp et navn p\u00e5 listen, som i eksempelet v\u00e5rt (se neste punkt), men om man har s\u00f8kt kun etter for eksempel etternavn, eller flere i databasen har likt navn, vil listen v\u00e6re lengre. Vi m\u00e5 forsikre oss om at det er riktig person vi velger. Hvis man ikke ser riktig person i listen, m\u00e5 vi&nbsp;<a href=\"https:\/\/www.normisjon.no\/crm-manual\/registrere-ny-person-2\/\">registrere ny person<\/a>.<\/p>\n\n\n\n<p><strong>4)&nbsp;<\/strong>N\u00e5r vi vet at vi har s\u00f8kt frem riktig person, trykker vi oss inn p\u00e5 profilen til personen ved \u00e5 trykke p\u00e5 navnet eller et annet sted p\u00e5 linjen med informasjon om vedkommende (eksempelet er delvis anonymisert, s\u00e5 mer informasjon vil v\u00e6re synlig i ProFundo.)<\/p>\n\n\n\n<figure class=\"wp-block-image size-large\"><img loading=\"lazy\" decoding=\"async\" width=\"1024\" height=\"289\" src=\"https:\/\/www.normisjon.no\/content\/uploads\/sites\/46\/2025\/09\/Skjermbilde-2025-09-01-kl.-14.00.33-1024x289.png\" alt=\"\" class=\"wp-image-941\" srcset=\"https:\/\/www.normisjon.no\/content\/uploads\/sites\/46\/2025\/09\/Skjermbilde-2025-09-01-kl.-14.00.33-1024x289.png 1024w, https:\/\/www.normisjon.no\/content\/uploads\/sites\/46\/2025\/09\/Skjermbilde-2025-09-01-kl.-14.00.33-300x85.png 300w, https:\/\/www.normisjon.no\/content\/uploads\/sites\/46\/2025\/09\/Skjermbilde-2025-09-01-kl.-14.00.33-768x217.png 768w, https:\/\/www.normisjon.no\/content\/uploads\/sites\/46\/2025\/09\/Skjermbilde-2025-09-01-kl.-14.00.33-1360x384.png 1360w, https:\/\/www.normisjon.no\/content\/uploads\/sites\/46\/2025\/09\/Skjermbilde-2025-09-01-kl.-14.00.33-960x271.png 960w, https:\/\/www.normisjon.no\/content\/uploads\/sites\/46\/2025\/09\/Skjermbilde-2025-09-01-kl.-14.00.33.png 1514w\" sizes=\"auto, (max-width: 1024px) 100vw, 1024px\" \/><\/figure>\n\n\n\n<div class=\"wp-block-columns is-layout-flex wp-container-core-columns-is-layout-67f976c8 wp-block-columns-is-layout-flex\">\n<div class=\"wp-block-column is-layout-flow wp-block-column-is-layout-flow\" style=\"flex-basis:50%\">\n<p><strong>5)&nbsp;<\/strong>N\u00e5 kommer vi inn p\u00e5 profilen til personen. Her g\u00e5r vi til elementet&nbsp;<strong>Medlemsavtaler<\/strong>, hvor vi trykker p\u00e5&nbsp;<strong>de tre prikkene<\/strong>&nbsp;oppe til h\u00f8yre, og deretter p\u00e5&nbsp;<strong>Ny<\/strong>.<\/p>\n<\/div>\n\n\n\n<div class=\"wp-block-column is-layout-flow wp-block-column-is-layout-flow\" style=\"flex-basis:50%\">\n<figure class=\"wp-block-gallery has-nested-images columns-default is-cropped wp-block-gallery-1 is-layout-flex wp-block-gallery-is-layout-flex\">\n<figure class=\"wp-block-image size-large is-resized\"><img loading=\"lazy\" decoding=\"async\" width=\"400\" height=\"259\" data-id=\"421\" src=\"https:\/\/www.normisjon.no\/content\/uploads\/sites\/46\/2025\/05\/Unknown-2-10.jpeg\" alt=\"\" class=\"wp-image-421\" style=\"width:281px;height:auto\" srcset=\"https:\/\/www.normisjon.no\/content\/uploads\/sites\/46\/2025\/05\/Unknown-2-10.jpeg 400w, https:\/\/www.normisjon.no\/content\/uploads\/sites\/46\/2025\/05\/Unknown-2-10-300x194.jpeg 300w\" sizes=\"auto, (max-width: 400px) 100vw, 400px\" \/><\/figure>\n<\/figure>\n<\/div>\n<\/div>\n\n\n\n<p><strong>6)&nbsp;<\/strong>Vi f\u00e5r n\u00e5 opp et skjema for utfylling.&nbsp;<strong>Betalingsm\u00e5te<\/strong>&nbsp;m\u00e5 st\u00e5 som OCR-giro n\u00e5r vi oppretter, om medlemmet heller \u00f8nsker \u00e5 betale med AvtaleGiro eller Vipps er dette noe vi m\u00e5 endre senere,&nbsp;<a href=\"https:\/\/www.normisjon.no\/crm-manual\/endre-betalingsmate-for-betalingsavtale-i-profundo\/\">les hvordan her<\/a>.<\/p>\n\n\n\n<p><strong>7)&nbsp;<\/strong>I feltet&nbsp;<strong>Produkt<\/strong>&nbsp;m\u00e5 medlemsvarianten registreres. N\u00e5r vi skal finne riktig variant kan vi skrive navnet p\u00e5 foreningen\/lokallaget, s\u00e5 vil vi f\u00e5 forslag basert p\u00e5 det vi har skrevet i nedtrekksmenyen. Registrerer vi medlemmer i en Normisjonsforening skal vi alltid velge et produkt som starter med MN, og vi m\u00e5 velge den varianten som slutter med -1 (bindestrek og tallet 1). Dersom vi registrerer medlemmer i lokallag tilsluttet Acta begynner produktet med MA, her m\u00e5 vi ogs\u00e5 velge den varianten som slutter med -1 (bindestrek og tallet 1). I eksempelet har vi valgt&nbsp;<strong>Direktemedlem Normisjon<\/strong>.<\/p>\n\n\n\n<p><em>Nederst p\u00e5 siden finner du en oversikt over hvilke produkttyper som er knyttet til medlemskap, samt en beskrivelse av hvordan produktet er bygd opp.<\/em><\/p>\n\n\n\n<p><strong>8)&nbsp;<\/strong>I feltet&nbsp;<strong>Opprettelsesaksjon<\/strong>&nbsp;skal vi velge aksjon&nbsp;<strong>29 \u2013 Registrert manuelt<\/strong>. Dette for at vi skal vite hvordan medlemskapet ble opprettet.<\/p>\n\n\n\n<p><strong>9)&nbsp;<\/strong>De obligatoriske feltene er n\u00e5 utfylt, og vi avslutter ved \u00e5 trykke&nbsp;<strong>Lagre og vis<\/strong>&nbsp;eller&nbsp;<strong>Lagre og lukk.<\/strong><\/p>\n\n\n\n<figure class=\"wp-block-image size-full\"><img loading=\"lazy\" decoding=\"async\" width=\"960\" height=\"843\" src=\"https:\/\/www.normisjon.no\/content\/uploads\/sites\/46\/2025\/05\/Unknown-3-3.jpeg\" alt=\"\" class=\"wp-image-422\" srcset=\"https:\/\/www.normisjon.no\/content\/uploads\/sites\/46\/2025\/05\/Unknown-3-3.jpeg 960w, https:\/\/www.normisjon.no\/content\/uploads\/sites\/46\/2025\/05\/Unknown-3-3-300x263.jpeg 300w, https:\/\/www.normisjon.no\/content\/uploads\/sites\/46\/2025\/05\/Unknown-3-3-768x674.jpeg 768w\" sizes=\"auto, (max-width: 960px) 100vw, 960px\" \/><\/figure>\n\n\n\n<p><\/p>\n\n\n\n<hr class=\"wp-block-separator has-alpha-channel-opacity\"\/>\n\n\n\n<h3 class=\"wp-block-heading\"><br><strong>Oversikt over produkttyper knyttet til medlemskap&nbsp;<\/strong><\/h3>\n\n\n\n<figure class=\"wp-block-table\"><table><tbody><tr><td><strong>Produkttype<\/strong>&nbsp;<\/td><td><strong>Beskrivelse<\/strong>&nbsp;<\/td><\/tr><tr><td>MC&nbsp;<\/td><td>Direktemedlem Acta&nbsp;<\/td><\/tr><tr><td>ME&nbsp;<\/td><td>Direktemedlem Normisjon&nbsp;<\/td><\/tr><tr><td>MA&nbsp;<\/td><td>Lokallagsmedlem Acta&nbsp;<\/td><\/tr><tr><td>MN&nbsp;<\/td><td>Lokallagsmedlem Normisjon&nbsp;<\/td><\/tr><\/tbody><\/table><\/figure>\n\n\n\n<p>Et produkt knyttet til en Normisjonsforening er bygd opp p\u00e5 f\u00f8lgende m\u00e5te:&nbsp;<\/p>\n\n\n\n<p>MN-1RRNNN-1&nbsp;<\/p>\n\n\n\n<p>MN:&nbsp;produkttype&nbsp;<\/p>\n\n\n\n<p>RR:&nbsp;angir hvilken region foreningen tilh\u00f8rer&nbsp;<\/p>\n\n\n\n<p>NNN:&nbsp;l\u00f8penummer&nbsp;<\/p>\n\n\n\n<p>-1:&nbsp;dette er standardvarianten som alle medlemskap er satt opp med&nbsp;<\/p>\n\n\n\n<p>For et Acta-lag s\u00e5 vil produktet v\u00e6re bygd opp slik: MA-2RR-NNN-1.&nbsp;<\/p>\n\n\n\n<p>V\u00e6r oppmerksom p\u00e5 at man ikke uten videre kan starte betaling av medlemskap med AvtaleGiro eller Vipps faste betalinger, skal man gj\u00f8re det M\u00c5 man p\u00e5se at det er opprettet en reskontro i Normisjon sitt regnskap og at reskontro-nummeret er registrert p\u00e5 prosjektnummeret til den aktuelle foreningen\/lokallaget. (Dette er stort sett alltid p\u00e5 plass for Acta-lag da reskontroen benyttes til utbetaling av st\u00f8tte).&nbsp;&nbsp;<br><\/p>\n\n\n\n<div class=\"wp-block-buttons is-content-justification-center is-layout-flex wp-container-core-buttons-is-layout-a89b3969 wp-block-buttons-is-layout-flex\">\n<div class=\"wp-block-button is-style-fill\"><a class=\"wp-block-button__link has-custom-font-size wp-element-button\" href=\"https:\/\/www.normisjon.no\/crm-manual\/alle-manualer-for-profundo\/\" style=\"font-size:15px\">Tilbake til oversikt<\/a><\/div>\n<\/div>\n<\/div>","protected":false},"excerpt":{"rendered":"<p>Hvordan registrere en ny medlemsavtale (og dermed et nytt medlem) i ProFundo. Se hvordan du kan registrere ny person her. 1)&nbsp;N\u00e5r vi skal registrere en [&hellip;]<\/p>\n","protected":false},"author":143,"featured_media":0,"parent":0,"menu_order":0,"comment_status":"closed","ping_status":"closed","template":"","meta":{"_acf_changed":false,"footnotes":""},"class_list":["post-418","page","type-page","status-publish","hentry"],"acf":[],"yoast_head":"<!-- This site is optimized with the Yoast SEO plugin v25.9 - https:\/\/yoast.com\/wordpress\/plugins\/seo\/ -->\n<title>Registrere ny medlemsavtale i ProFundo - CRM manual<\/title>\n<meta name=\"robots\" content=\"index, follow, max-snippet:-1, max-image-preview:large, max-video-preview:-1\" \/>\n<link rel=\"canonical\" href=\"https:\/\/www.normisjon.no\/crm-manual\/registrere-nytt-medlem\/\" \/>\n<meta property=\"og:locale\" content=\"nb_NO\" \/>\n<meta property=\"og:type\" content=\"article\" \/>\n<meta property=\"og:title\" content=\"Registrere ny medlemsavtale i ProFundo - CRM manual\" \/>\n<meta property=\"og:description\" content=\"Hvordan registrere en ny medlemsavtale (og dermed et nytt medlem) i ProFundo. Se hvordan du kan registrere ny person her. 1)&nbsp;N\u00e5r vi skal registrere en [&hellip;]\" \/>\n<meta property=\"og:url\" content=\"https:\/\/www.normisjon.no\/crm-manual\/registrere-nytt-medlem\/\" \/>\n<meta property=\"og:site_name\" content=\"CRM manual\" \/>\n<meta property=\"article:modified_time\" content=\"2026-02-09T15:04:40+00:00\" \/>\n<meta property=\"og:image\" content=\"https:\/\/www.normisjon.no\/content\/uploads\/sites\/46\/2026\/02\/Blazer-dame2.jpg\" \/>\n\t<meta property=\"og:image:width\" content=\"279\" \/>\n\t<meta property=\"og:image:height\" content=\"610\" \/>\n\t<meta property=\"og:image:type\" content=\"image\/jpeg\" \/>\n<meta name=\"twitter:card\" content=\"summary_large_image\" \/>\n<meta name=\"twitter:label1\" content=\"Ansl. lesetid\" \/>\n\t<meta name=\"twitter:data1\" content=\"5 minutter\" \/>\n<script type=\"application\/ld+json\" class=\"yoast-schema-graph\">{\"@context\":\"https:\/\/schema.org\",\"@graph\":[{\"@type\":\"WebPage\",\"@id\":\"https:\/\/www.normisjon.no\/crm-manual\/registrere-nytt-medlem\/\",\"url\":\"https:\/\/www.normisjon.no\/crm-manual\/registrere-nytt-medlem\/\",\"name\":\"Registrere ny medlemsavtale i ProFundo - CRM manual\",\"isPartOf\":{\"@id\":\"https:\/\/www.normisjon.no\/crm-manual\/#website\"},\"primaryImageOfPage\":{\"@id\":\"https:\/\/www.normisjon.no\/crm-manual\/registrere-nytt-medlem\/#primaryimage\"},\"image\":{\"@id\":\"https:\/\/www.normisjon.no\/crm-manual\/registrere-nytt-medlem\/#primaryimage\"},\"thumbnailUrl\":\"https:\/\/www.normisjon.no\/content\/uploads\/sites\/46\/2026\/02\/Blazer-dame2.jpg\",\"datePublished\":\"2025-05-19T12:10:38+00:00\",\"dateModified\":\"2026-02-09T15:04:40+00:00\",\"breadcrumb\":{\"@id\":\"https:\/\/www.normisjon.no\/crm-manual\/registrere-nytt-medlem\/#breadcrumb\"},\"inLanguage\":\"nb-NO\",\"potentialAction\":[{\"@type\":\"ReadAction\",\"target\":[\"https:\/\/www.normisjon.no\/crm-manual\/registrere-nytt-medlem\/\"]}]},{\"@type\":\"ImageObject\",\"inLanguage\":\"nb-NO\",\"@id\":\"https:\/\/www.normisjon.no\/crm-manual\/registrere-nytt-medlem\/#primaryimage\",\"url\":\"https:\/\/www.normisjon.no\/content\/uploads\/sites\/46\/2026\/02\/Blazer-dame2.jpg\",\"contentUrl\":\"https:\/\/www.normisjon.no\/content\/uploads\/sites\/46\/2026\/02\/Blazer-dame2.jpg\"},{\"@type\":\"BreadcrumbList\",\"@id\":\"https:\/\/www.normisjon.no\/crm-manual\/registrere-nytt-medlem\/#breadcrumb\",\"itemListElement\":[{\"@type\":\"ListItem\",\"position\":1,\"name\":\"Hjem\",\"item\":\"https:\/\/www.normisjon.no\/crm-manual\/\"},{\"@type\":\"ListItem\",\"position\":2,\"name\":\"Registrere ny medlemsavtale i ProFundo\"}]},{\"@type\":\"WebSite\",\"@id\":\"https:\/\/www.normisjon.no\/crm-manual\/#website\",\"url\":\"https:\/\/www.normisjon.no\/crm-manual\/\",\"name\":\"CRM manual\",\"description\":\"\",\"potentialAction\":[{\"@type\":\"SearchAction\",\"target\":{\"@type\":\"EntryPoint\",\"urlTemplate\":\"https:\/\/www.normisjon.no\/crm-manual\/?s={search_term_string}\"},\"query-input\":{\"@type\":\"PropertyValueSpecification\",\"valueRequired\":true,\"valueName\":\"search_term_string\"}}],\"inLanguage\":\"nb-NO\"}]}<\/script>\n<!-- \/ Yoast SEO plugin. -->","yoast_head_json":{"title":"Registrere ny medlemsavtale i ProFundo - CRM manual","robots":{"index":"index","follow":"follow","max-snippet":"max-snippet:-1","max-image-preview":"max-image-preview:large","max-video-preview":"max-video-preview:-1"},"canonical":"https:\/\/www.normisjon.no\/crm-manual\/registrere-nytt-medlem\/","og_locale":"nb_NO","og_type":"article","og_title":"Registrere ny medlemsavtale i ProFundo - CRM manual","og_description":"Hvordan registrere en ny medlemsavtale (og dermed et nytt medlem) i ProFundo. Se hvordan du kan registrere ny person her. 1)&nbsp;N\u00e5r vi skal registrere en [&hellip;]","og_url":"https:\/\/www.normisjon.no\/crm-manual\/registrere-nytt-medlem\/","og_site_name":"CRM manual","article_modified_time":"2026-02-09T15:04:40+00:00","og_image":[{"width":279,"height":610,"url":"https:\/\/www.normisjon.no\/content\/uploads\/sites\/46\/2026\/02\/Blazer-dame2.jpg","type":"image\/jpeg"}],"twitter_card":"summary_large_image","twitter_misc":{"Ansl. lesetid":"5 minutter"},"schema":{"@context":"https:\/\/schema.org","@graph":[{"@type":"WebPage","@id":"https:\/\/www.normisjon.no\/crm-manual\/registrere-nytt-medlem\/","url":"https:\/\/www.normisjon.no\/crm-manual\/registrere-nytt-medlem\/","name":"Registrere ny medlemsavtale i ProFundo - CRM manual","isPartOf":{"@id":"https:\/\/www.normisjon.no\/crm-manual\/#website"},"primaryImageOfPage":{"@id":"https:\/\/www.normisjon.no\/crm-manual\/registrere-nytt-medlem\/#primaryimage"},"image":{"@id":"https:\/\/www.normisjon.no\/crm-manual\/registrere-nytt-medlem\/#primaryimage"},"thumbnailUrl":"https:\/\/www.normisjon.no\/content\/uploads\/sites\/46\/2026\/02\/Blazer-dame2.jpg","datePublished":"2025-05-19T12:10:38+00:00","dateModified":"2026-02-09T15:04:40+00:00","breadcrumb":{"@id":"https:\/\/www.normisjon.no\/crm-manual\/registrere-nytt-medlem\/#breadcrumb"},"inLanguage":"nb-NO","potentialAction":[{"@type":"ReadAction","target":["https:\/\/www.normisjon.no\/crm-manual\/registrere-nytt-medlem\/"]}]},{"@type":"ImageObject","inLanguage":"nb-NO","@id":"https:\/\/www.normisjon.no\/crm-manual\/registrere-nytt-medlem\/#primaryimage","url":"https:\/\/www.normisjon.no\/content\/uploads\/sites\/46\/2026\/02\/Blazer-dame2.jpg","contentUrl":"https:\/\/www.normisjon.no\/content\/uploads\/sites\/46\/2026\/02\/Blazer-dame2.jpg"},{"@type":"BreadcrumbList","@id":"https:\/\/www.normisjon.no\/crm-manual\/registrere-nytt-medlem\/#breadcrumb","itemListElement":[{"@type":"ListItem","position":1,"name":"Hjem","item":"https:\/\/www.normisjon.no\/crm-manual\/"},{"@type":"ListItem","position":2,"name":"Registrere ny medlemsavtale i ProFundo"}]},{"@type":"WebSite","@id":"https:\/\/www.normisjon.no\/crm-manual\/#website","url":"https:\/\/www.normisjon.no\/crm-manual\/","name":"CRM manual","description":"","potentialAction":[{"@type":"SearchAction","target":{"@type":"EntryPoint","urlTemplate":"https:\/\/www.normisjon.no\/crm-manual\/?s={search_term_string}"},"query-input":{"@type":"PropertyValueSpecification","valueRequired":true,"valueName":"search_term_string"}}],"inLanguage":"nb-NO"}]}},"_links":{"self":[{"href":"https:\/\/www.normisjon.no\/crm-manual\/wp-json\/wp\/v2\/pages\/418","targetHints":{"allow":["GET"]}}],"collection":[{"href":"https:\/\/www.normisjon.no\/crm-manual\/wp-json\/wp\/v2\/pages"}],"about":[{"href":"https:\/\/www.normisjon.no\/crm-manual\/wp-json\/wp\/v2\/types\/page"}],"author":[{"embeddable":true,"href":"https:\/\/www.normisjon.no\/crm-manual\/wp-json\/wp\/v2\/users\/143"}],"replies":[{"embeddable":true,"href":"https:\/\/www.normisjon.no\/crm-manual\/wp-json\/wp\/v2\/comments?post=418"}],"version-history":[{"count":9,"href":"https:\/\/www.normisjon.no\/crm-manual\/wp-json\/wp\/v2\/pages\/418\/revisions"}],"predecessor-version":[{"id":1195,"href":"https:\/\/www.normisjon.no\/crm-manual\/wp-json\/wp\/v2\/pages\/418\/revisions\/1195"}],"wp:attachment":[{"href":"https:\/\/www.normisjon.no\/crm-manual\/wp-json\/wp\/v2\/media?parent=418"}],"curies":[{"name":"wp","href":"https:\/\/api.w.org\/{rel}","templated":true}]}}