{"id":577,"date":"2025-06-02T12:31:11","date_gmt":"2025-06-02T10:31:11","guid":{"rendered":"https:\/\/www.normisjon.no\/crm-manual\/?page_id=577"},"modified":"2026-02-16T10:48:20","modified_gmt":"2026-02-16T09:48:20","slug":"legge-til-i-tjenestegruppe-i-crm-light","status":"publish","type":"page","link":"https:\/\/www.normisjon.no\/crm-manual\/legge-til-i-tjenestegruppe-i-crm-light\/","title":{"rendered":"Legge til i tjenestegruppe i CRM Light"},"content":{"rendered":"<div class=\"entry-content alignfull wp-block-post-content has-global-padding is-layout-constrained wp-block-post-content-is-layout-constrained\">\n<figure class=\"wp-block-image aligncenter size-full is-resized\"><img loading=\"lazy\" decoding=\"async\" width=\"279\" height=\"610\" src=\"https:\/\/www.normisjon.no\/content\/uploads\/sites\/46\/2026\/02\/Blazer-dame2.jpg\" alt=\"\" class=\"wp-image-1053\" style=\"width:64px\" srcset=\"https:\/\/www.normisjon.no\/content\/uploads\/sites\/46\/2026\/02\/Blazer-dame2.jpg 279w, https:\/\/www.normisjon.no\/content\/uploads\/sites\/46\/2026\/02\/Blazer-dame2-137x300.jpg 137w\" sizes=\"auto, (max-width: 279px) 100vw, 279px\" \/><\/figure>\n\n\n\n<p><strong>Hvordan registrere en person i en tjenestegruppe i CRM Light.<\/strong><br><br><em>Les hvordan du <a href=\"https:\/\/www.normisjon.no\/crm-manual\/opprette-tjenestegruppe-i-crm-light\/\">oppretter en ny tjenestegruppe.<\/a><\/em><\/p>\n\n\n\n<p><br><strong>1)<\/strong> N\u00e5r vi skal legge til en ny person i en tjenestegruppe starter vi med \u00e5 g\u00e5 til fanen <strong>Tjenestegrupper.<\/strong> Om vi har noen personer registrert i tjenestegrupper vil disse vises i listen her.<\/p>\n\n\n\n<p><strong>2)<\/strong> For \u00e5 registrere en ny person i en tjenestegruppe trykker vi p\u00e5 de tre prikkene oppe til h\u00f8yre og velger <strong>Ny<\/strong>.<\/p>\n\n\n\n<figure class=\"wp-block-image size-large\"><img loading=\"lazy\" decoding=\"async\" width=\"1024\" height=\"397\" src=\"https:\/\/www.normisjon.no\/content\/uploads\/sites\/46\/2025\/06\/Skjermbilde-2025-06-02-kl.-11.02.08-1024x397.png\" alt=\"\" class=\"wp-image-578\" srcset=\"https:\/\/www.normisjon.no\/content\/uploads\/sites\/46\/2025\/06\/Skjermbilde-2025-06-02-kl.-11.02.08-1024x397.png 1024w, https:\/\/www.normisjon.no\/content\/uploads\/sites\/46\/2025\/06\/Skjermbilde-2025-06-02-kl.-11.02.08-300x116.png 300w, https:\/\/www.normisjon.no\/content\/uploads\/sites\/46\/2025\/06\/Skjermbilde-2025-06-02-kl.-11.02.08-768x298.png 768w, https:\/\/www.normisjon.no\/content\/uploads\/sites\/46\/2025\/06\/Skjermbilde-2025-06-02-kl.-11.02.08-1360x527.png 1360w, https:\/\/www.normisjon.no\/content\/uploads\/sites\/46\/2025\/06\/Skjermbilde-2025-06-02-kl.-11.02.08-960x372.png 960w, https:\/\/www.normisjon.no\/content\/uploads\/sites\/46\/2025\/06\/Skjermbilde-2025-06-02-kl.-11.02.08.png 1414w\" sizes=\"auto, (max-width: 1024px) 100vw, 1024px\" \/><\/figure>\n\n\n\n<div class=\"wp-block-columns is-layout-flex wp-container-core-columns-is-layout-c5150b4a wp-block-columns-is-layout-flex\">\n<div class=\"wp-block-column is-layout-flow wp-block-column-is-layout-flow\" style=\"flex-basis:40%\">\n<p><strong>3)<\/strong> Vi f\u00e5r n\u00e5 opp skjemaet hvor vi legger en person til i en tjenestegruppe. Her m\u00e5 vi velge <strong>Tjenestegruppe<\/strong> fra nedtrekksmenyen, hvor alle registrerte tjenestegrupper vil vises.<br>Les her hvordan du oppretter en ny tjenestegruppe.<\/p>\n<\/div>\n\n\n\n<div class=\"wp-block-column is-layout-flow wp-block-column-is-layout-flow\" style=\"flex-basis:60%\">\n<figure class=\"wp-block-image size-full\"><img loading=\"lazy\" decoding=\"async\" width=\"974\" height=\"766\" src=\"https:\/\/www.normisjon.no\/content\/uploads\/sites\/46\/2025\/06\/Skjermbilde-2025-06-02-kl.-13.41.27.png\" alt=\"\" class=\"wp-image-591\" srcset=\"https:\/\/www.normisjon.no\/content\/uploads\/sites\/46\/2025\/06\/Skjermbilde-2025-06-02-kl.-13.41.27.png 974w, https:\/\/www.normisjon.no\/content\/uploads\/sites\/46\/2025\/06\/Skjermbilde-2025-06-02-kl.-13.41.27-300x236.png 300w, https:\/\/www.normisjon.no\/content\/uploads\/sites\/46\/2025\/06\/Skjermbilde-2025-06-02-kl.-13.41.27-768x604.png 768w, https:\/\/www.normisjon.no\/content\/uploads\/sites\/46\/2025\/06\/Skjermbilde-2025-06-02-kl.-13.41.27-960x755.png 960w\" sizes=\"auto, (max-width: 974px) 100vw, 974px\" \/><\/figure>\n<\/div>\n<\/div>\n\n\n\n<p> <strong>4)&nbsp;<\/strong>Vi m\u00e5 ogs\u00e5 velge hvem som skal registreres. Om personen alt er i systemet vil vi kunne finne den under&nbsp;<strong>Velg ett navn<\/strong>, hvor s\u00f8kemotoren vil hente opp mulige treff etter hvert som vi skriver inn navnet. Om personen ikke er registrert fra f\u00f8r trykker vi p\u00e5&nbsp;<strong>Eller registrer ny,&nbsp;<\/strong>og f\u00f8rer inn informasjonen om personen.&nbsp;<a href=\"https:\/\/www.normisjon.no\/crm-manual\/registrere-ny-person\/\">Les mer om \u00e5 registrere ny person her.<\/a><br><br><strong>5)<\/strong> I feltet <strong>Funksjon<\/strong> vil vi kun f\u00e5 opp valgmuligheter om vi har registrert Underklassifikasjoner da vi opprettet tjenestegruppen. Her velger vi om personen som legges til skal kategoriseres i tjenestegruppen, for eksempel som <em>Leder<\/em> eller <em>Frivillig<\/em>. Om det ikke er laget noen underklassifikasjoner kan slike opprettes ved \u00e5 <a href=\"https:\/\/www.normisjon.no\/crm-manual\/alle-manualer-for-crm-light\/normisjon.no\/crm-manual\/redigere-tjenestegruppe-i-crm-light\/\">redigere tjenestegruppen<\/a>.<br><br>Om vi glemte \u00e5 opprette underklassifikasjoner da vi opprettet tjenestegruppen, kan vi stadig redigere den.<\/p>\n\n\n\n<p>N\u00e5r vi er ferdig, trykker vi p\u00e5&nbsp;<strong>Lagre<\/strong>.<br><\/p>\n\n\n\n<div class=\"wp-block-buttons is-content-justification-center is-layout-flex wp-container-core-buttons-is-layout-a89b3969 wp-block-buttons-is-layout-flex\">\n<div class=\"wp-block-button is-style-fill\"><a class=\"wp-block-button__link has-custom-font-size wp-element-button\" href=\"https:\/\/www.normisjon.no\/crm-manual\/alle-manualer-for-crm-light\/\" style=\"font-size:15px\">Tilbake til oversikt<\/a><\/div>\n<\/div>\n<\/div>","protected":false},"excerpt":{"rendered":"<p>Hvordan registrere en person i en tjenestegruppe i CRM Light. Les hvordan du oppretter en ny tjenestegruppe. 1) N\u00e5r vi skal legge til en ny [&hellip;]<\/p>\n","protected":false},"author":143,"featured_media":0,"parent":0,"menu_order":0,"comment_status":"closed","ping_status":"closed","template":"","meta":{"_acf_changed":false,"footnotes":""},"class_list":["post-577","page","type-page","status-publish","hentry"],"acf":[],"yoast_head":"<!-- This site is optimized with the Yoast SEO plugin v25.9 - https:\/\/yoast.com\/wordpress\/plugins\/seo\/ -->\n<title>Legge til i tjenestegruppe i CRM Light - CRM manual<\/title>\n<meta name=\"robots\" content=\"index, follow, max-snippet:-1, max-image-preview:large, max-video-preview:-1\" \/>\n<link rel=\"canonical\" href=\"https:\/\/www.normisjon.no\/crm-manual\/legge-til-i-tjenestegruppe-i-crm-light\/\" \/>\n<meta property=\"og:locale\" content=\"nb_NO\" \/>\n<meta property=\"og:type\" content=\"article\" \/>\n<meta property=\"og:title\" content=\"Legge til i tjenestegruppe i CRM Light - CRM manual\" \/>\n<meta property=\"og:description\" content=\"Hvordan registrere en person i en tjenestegruppe i CRM Light. Les hvordan du oppretter en ny tjenestegruppe. 1) N\u00e5r vi skal legge til en ny [&hellip;]\" \/>\n<meta property=\"og:url\" content=\"https:\/\/www.normisjon.no\/crm-manual\/legge-til-i-tjenestegruppe-i-crm-light\/\" \/>\n<meta property=\"og:site_name\" content=\"CRM manual\" \/>\n<meta property=\"article:modified_time\" content=\"2026-02-16T09:48:20+00:00\" \/>\n<meta property=\"og:image\" content=\"https:\/\/www.normisjon.no\/content\/uploads\/sites\/46\/2026\/02\/Blazer-dame2.jpg\" \/>\n\t<meta property=\"og:image:width\" content=\"279\" \/>\n\t<meta property=\"og:image:height\" content=\"610\" \/>\n\t<meta property=\"og:image:type\" content=\"image\/jpeg\" \/>\n<meta name=\"twitter:card\" content=\"summary_large_image\" \/>\n<meta name=\"twitter:label1\" content=\"Ansl. lesetid\" \/>\n\t<meta name=\"twitter:data1\" content=\"2 minutter\" \/>\n<script type=\"application\/ld+json\" class=\"yoast-schema-graph\">{\"@context\":\"https:\/\/schema.org\",\"@graph\":[{\"@type\":\"WebPage\",\"@id\":\"https:\/\/www.normisjon.no\/crm-manual\/legge-til-i-tjenestegruppe-i-crm-light\/\",\"url\":\"https:\/\/www.normisjon.no\/crm-manual\/legge-til-i-tjenestegruppe-i-crm-light\/\",\"name\":\"Legge til i tjenestegruppe i CRM Light - CRM manual\",\"isPartOf\":{\"@id\":\"https:\/\/www.normisjon.no\/crm-manual\/#website\"},\"primaryImageOfPage\":{\"@id\":\"https:\/\/www.normisjon.no\/crm-manual\/legge-til-i-tjenestegruppe-i-crm-light\/#primaryimage\"},\"image\":{\"@id\":\"https:\/\/www.normisjon.no\/crm-manual\/legge-til-i-tjenestegruppe-i-crm-light\/#primaryimage\"},\"thumbnailUrl\":\"https:\/\/www.normisjon.no\/content\/uploads\/sites\/46\/2026\/02\/Blazer-dame2.jpg\",\"datePublished\":\"2025-06-02T10:31:11+00:00\",\"dateModified\":\"2026-02-16T09:48:20+00:00\",\"breadcrumb\":{\"@id\":\"https:\/\/www.normisjon.no\/crm-manual\/legge-til-i-tjenestegruppe-i-crm-light\/#breadcrumb\"},\"inLanguage\":\"nb-NO\",\"potentialAction\":[{\"@type\":\"ReadAction\",\"target\":[\"https:\/\/www.normisjon.no\/crm-manual\/legge-til-i-tjenestegruppe-i-crm-light\/\"]}]},{\"@type\":\"ImageObject\",\"inLanguage\":\"nb-NO\",\"@id\":\"https:\/\/www.normisjon.no\/crm-manual\/legge-til-i-tjenestegruppe-i-crm-light\/#primaryimage\",\"url\":\"https:\/\/www.normisjon.no\/content\/uploads\/sites\/46\/2026\/02\/Blazer-dame2.jpg\",\"contentUrl\":\"https:\/\/www.normisjon.no\/content\/uploads\/sites\/46\/2026\/02\/Blazer-dame2.jpg\"},{\"@type\":\"BreadcrumbList\",\"@id\":\"https:\/\/www.normisjon.no\/crm-manual\/legge-til-i-tjenestegruppe-i-crm-light\/#breadcrumb\",\"itemListElement\":[{\"@type\":\"ListItem\",\"position\":1,\"name\":\"Hjem\",\"item\":\"https:\/\/www.normisjon.no\/crm-manual\/\"},{\"@type\":\"ListItem\",\"position\":2,\"name\":\"Legge til i tjenestegruppe i CRM Light\"}]},{\"@type\":\"WebSite\",\"@id\":\"https:\/\/www.normisjon.no\/crm-manual\/#website\",\"url\":\"https:\/\/www.normisjon.no\/crm-manual\/\",\"name\":\"CRM manual\",\"description\":\"\",\"potentialAction\":[{\"@type\":\"SearchAction\",\"target\":{\"@type\":\"EntryPoint\",\"urlTemplate\":\"https:\/\/www.normisjon.no\/crm-manual\/?s={search_term_string}\"},\"query-input\":{\"@type\":\"PropertyValueSpecification\",\"valueRequired\":true,\"valueName\":\"search_term_string\"}}],\"inLanguage\":\"nb-NO\"}]}<\/script>\n<!-- \/ Yoast SEO plugin. -->","yoast_head_json":{"title":"Legge til i tjenestegruppe i CRM Light - CRM manual","robots":{"index":"index","follow":"follow","max-snippet":"max-snippet:-1","max-image-preview":"max-image-preview:large","max-video-preview":"max-video-preview:-1"},"canonical":"https:\/\/www.normisjon.no\/crm-manual\/legge-til-i-tjenestegruppe-i-crm-light\/","og_locale":"nb_NO","og_type":"article","og_title":"Legge til i tjenestegruppe i CRM Light - CRM manual","og_description":"Hvordan registrere en person i en tjenestegruppe i CRM Light. Les hvordan du oppretter en ny tjenestegruppe. 1) N\u00e5r vi skal legge til en ny [&hellip;]","og_url":"https:\/\/www.normisjon.no\/crm-manual\/legge-til-i-tjenestegruppe-i-crm-light\/","og_site_name":"CRM manual","article_modified_time":"2026-02-16T09:48:20+00:00","og_image":[{"width":279,"height":610,"url":"https:\/\/www.normisjon.no\/content\/uploads\/sites\/46\/2026\/02\/Blazer-dame2.jpg","type":"image\/jpeg"}],"twitter_card":"summary_large_image","twitter_misc":{"Ansl. lesetid":"2 minutter"},"schema":{"@context":"https:\/\/schema.org","@graph":[{"@type":"WebPage","@id":"https:\/\/www.normisjon.no\/crm-manual\/legge-til-i-tjenestegruppe-i-crm-light\/","url":"https:\/\/www.normisjon.no\/crm-manual\/legge-til-i-tjenestegruppe-i-crm-light\/","name":"Legge til i tjenestegruppe i CRM Light - CRM manual","isPartOf":{"@id":"https:\/\/www.normisjon.no\/crm-manual\/#website"},"primaryImageOfPage":{"@id":"https:\/\/www.normisjon.no\/crm-manual\/legge-til-i-tjenestegruppe-i-crm-light\/#primaryimage"},"image":{"@id":"https:\/\/www.normisjon.no\/crm-manual\/legge-til-i-tjenestegruppe-i-crm-light\/#primaryimage"},"thumbnailUrl":"https:\/\/www.normisjon.no\/content\/uploads\/sites\/46\/2026\/02\/Blazer-dame2.jpg","datePublished":"2025-06-02T10:31:11+00:00","dateModified":"2026-02-16T09:48:20+00:00","breadcrumb":{"@id":"https:\/\/www.normisjon.no\/crm-manual\/legge-til-i-tjenestegruppe-i-crm-light\/#breadcrumb"},"inLanguage":"nb-NO","potentialAction":[{"@type":"ReadAction","target":["https:\/\/www.normisjon.no\/crm-manual\/legge-til-i-tjenestegruppe-i-crm-light\/"]}]},{"@type":"ImageObject","inLanguage":"nb-NO","@id":"https:\/\/www.normisjon.no\/crm-manual\/legge-til-i-tjenestegruppe-i-crm-light\/#primaryimage","url":"https:\/\/www.normisjon.no\/content\/uploads\/sites\/46\/2026\/02\/Blazer-dame2.jpg","contentUrl":"https:\/\/www.normisjon.no\/content\/uploads\/sites\/46\/2026\/02\/Blazer-dame2.jpg"},{"@type":"BreadcrumbList","@id":"https:\/\/www.normisjon.no\/crm-manual\/legge-til-i-tjenestegruppe-i-crm-light\/#breadcrumb","itemListElement":[{"@type":"ListItem","position":1,"name":"Hjem","item":"https:\/\/www.normisjon.no\/crm-manual\/"},{"@type":"ListItem","position":2,"name":"Legge til i tjenestegruppe i CRM Light"}]},{"@type":"WebSite","@id":"https:\/\/www.normisjon.no\/crm-manual\/#website","url":"https:\/\/www.normisjon.no\/crm-manual\/","name":"CRM manual","description":"","potentialAction":[{"@type":"SearchAction","target":{"@type":"EntryPoint","urlTemplate":"https:\/\/www.normisjon.no\/crm-manual\/?s={search_term_string}"},"query-input":{"@type":"PropertyValueSpecification","valueRequired":true,"valueName":"search_term_string"}}],"inLanguage":"nb-NO"}]}},"_links":{"self":[{"href":"https:\/\/www.normisjon.no\/crm-manual\/wp-json\/wp\/v2\/pages\/577","targetHints":{"allow":["GET"]}}],"collection":[{"href":"https:\/\/www.normisjon.no\/crm-manual\/wp-json\/wp\/v2\/pages"}],"about":[{"href":"https:\/\/www.normisjon.no\/crm-manual\/wp-json\/wp\/v2\/types\/page"}],"author":[{"embeddable":true,"href":"https:\/\/www.normisjon.no\/crm-manual\/wp-json\/wp\/v2\/users\/143"}],"replies":[{"embeddable":true,"href":"https:\/\/www.normisjon.no\/crm-manual\/wp-json\/wp\/v2\/comments?post=577"}],"version-history":[{"count":9,"href":"https:\/\/www.normisjon.no\/crm-manual\/wp-json\/wp\/v2\/pages\/577\/revisions"}],"predecessor-version":[{"id":1211,"href":"https:\/\/www.normisjon.no\/crm-manual\/wp-json\/wp\/v2\/pages\/577\/revisions\/1211"}],"wp:attachment":[{"href":"https:\/\/www.normisjon.no\/crm-manual\/wp-json\/wp\/v2\/media?parent=577"}],"curies":[{"name":"wp","href":"https:\/\/api.w.org\/{rel}","templated":true}]}}