{"id":701,"date":"2025-07-28T12:53:10","date_gmt":"2025-07-28T10:53:10","guid":{"rendered":"https:\/\/www.normisjon.no\/crm-manual\/?page_id=701"},"modified":"2025-08-18T10:26:16","modified_gmt":"2025-08-18T08:26:16","slug":"grunnleggende-struktur","status":"publish","type":"page","link":"https:\/\/www.normisjon.no\/crm-manual\/grunnleggende-struktur\/","title":{"rendered":"Grunnleggende struktur"},"content":{"rendered":"<div class=\"entry-content alignfull wp-block-post-content has-global-padding is-layout-constrained wp-block-post-content-is-layout-constrained\">\n<figure class=\"wp-block-image aligncenter size-full is-resized\"><img decoding=\"async\" src=\"https:\/\/www.normisjon.no\/content\/uploads\/sites\/46\/2025\/08\/Struktur2-1.jpg\" alt=\"\" class=\"wp-image-892\" width=\"110\" srcset=\"https:\/\/www.normisjon.no\/content\/uploads\/sites\/46\/2025\/08\/Struktur2-1.jpg 406w, https:\/\/www.normisjon.no\/content\/uploads\/sites\/46\/2025\/08\/Struktur2-1-300x155.jpg 300w\" sizes=\"(max-width: 406px) 100vw, 406px\" \/><\/figure>\n\n\n\n<p><strong>En gjennomgang av den grunnleggende strukturen i databasen.<\/strong><\/p>\n\n\n\n<p><em>Les mer om&nbsp;<\/em><a href=\"https:\/\/www.normisjon.no\/crm-manual\/prosjektstruktur\/\"><em><u>prosjektstruktur<\/u><\/em><\/a><em>&nbsp;eller&nbsp;<\/em><a href=\"https:\/\/www.normisjon.no\/crm-manual\/aksjoner-og-aksjonstruktur\/\"><em><u>aksjonstruktur<\/u><\/em><\/a><em>.<\/em><\/p>\n\n\n\n<p>N\u00e5r man kommer litt inn i databasen s\u00e5 vil man kunne oppdage at det ligger en ganske tydelig struktur i bunnen, og det er viktig at alle brukere forholder seg til den.&nbsp;&nbsp;<\/p>\n\n\n\n<figure class=\"wp-block-table\"><table><tbody><tr><td>1:&nbsp;<\/td><td>Dette vil i all hovedsak peke p\u00e5 at det gjelder Normisjon inkl voksendel av det regionale arbeidet&nbsp;<\/td><\/tr><tr><td>2:&nbsp;<\/td><td>Dette vil i all hovedsak gjelde Acta, b\u00e5de sentralt, regionalt og lokalt&nbsp;<\/td><\/tr><tr><td>3:&nbsp;<\/td><td>Dette vil indikere at det gjelder Normisjons internasjonale arbeid, f\u00f8rst og fremst prosjektene&nbsp;<\/td><\/tr><\/tbody><\/table><\/figure>\n\n\n\n<figure class=\"wp-block-table\"><table><tbody><tr><td><strong>Region\/enhet<\/strong>&nbsp;<\/td><td><strong>Beskrivelse<\/strong>&nbsp;<\/td><\/tr><tr><td>101&nbsp;<\/td><td>Region \u00d8st&nbsp;<\/td><\/tr><tr><td>102&nbsp;<\/td><td>Region \u00d8stfold&nbsp;<\/td><\/tr><tr><td>103&nbsp;<\/td><td>Region Oppland (fusjonert med region \u00d8st)&nbsp;<\/td><\/tr><tr><td>104&nbsp;<\/td><td>Region Vestfold Buskerud&nbsp;<\/td><\/tr><tr><td>105&nbsp;<\/td><td>Region Telemark&nbsp;<\/td><\/tr><tr><td>106&nbsp;<\/td><td>Region Agder&nbsp;<\/td><\/tr><tr><td>107&nbsp;<\/td><td>Region Rogaland&nbsp;<\/td><\/tr><tr><td>108&nbsp;<\/td><td>Region Hordaland&nbsp;<\/td><\/tr><tr><td>109&nbsp;<\/td><td>Region Sogn og Fjordane&nbsp;<\/td><\/tr><tr><td>110&nbsp;<\/td><td>Region M\u00f8re&nbsp;<\/td><\/tr><tr><td>111&nbsp;<\/td><td>Region Tr\u00f8ndelag&nbsp;<\/td><\/tr><tr><td>112&nbsp;<\/td><td>Region Nordland&nbsp;<\/td><\/tr><tr><td>113&nbsp;<\/td><td>Region Nord&nbsp;<\/td><\/tr><tr><td>114&nbsp;<\/td><td>Utland og anonyme&nbsp;<\/td><\/tr><tr><td>121&nbsp;<\/td><td>H\u00f8gskolen i Staffeldstgate (avsluttet, er n\u00e5 en del av NLA)&nbsp;<\/td><\/tr><tr><td>122&nbsp;<\/td><td>G\u00e5 Ut Senteret&nbsp;<\/td><\/tr><tr><td>123&nbsp;<\/td><td>IMI-kirken&nbsp;<\/td><\/tr><tr><td>125&nbsp;<\/td><td>Bibelskolen i Grimstad&nbsp;<\/td><\/tr><tr><td>127&nbsp;<\/td><td>Tomb videreg\u00e5ende skole&nbsp;<\/td><\/tr><tr><td>128&nbsp;<\/td><td>Storsalen menighet&nbsp;<\/td><\/tr><tr><td>131&nbsp;<\/td><td>Norkirken Bergen&nbsp;<\/td><\/tr><tr><td>132&nbsp;<\/td><td>Norkirken Trondheim Salem&nbsp;<\/td><\/tr><tr><td>133&nbsp;<\/td><td>Agenda 3:16&nbsp;<\/td><\/tr><\/tbody><\/table><\/figure>\n\n\n\n<p>Disse navnenumrene har ogs\u00e5 andre funksjoner enn det \u00e5 v\u00e6re bare et navnenummer i databasen. For numrene fra 101-114 brukes dette ogs\u00e5 til \u00e5 definere den enkelte regions geografiske omr\u00e5de knyttet opp til postnummer. Alle postnummer i databasen er knyttet til en region inkl 114 \u2013 Utland og anonyme, og det er denne knytningen som brukes i fordelingsmodellen.&nbsp;<\/p>\n\n\n\n<p>Videre s\u00e5 brukes disse numrene til \u00e5 levere transaksjoner til korrekt regnskap, dette gjelder ogs\u00e5 de andre enhetene i denne listen. En annen sak som disse numrene styrer sammen med navnetype = Normisjon region er strukturen i MinSide for foreninger og lokallag samt tilgangsstyringen for regionbrukere i MinSide.&nbsp;<\/p>\n\n\n\n<p>Det er med andre ord helt avgj\u00f8rende at man ikke klusser med disse navnenumrene eller oppretter andre navn med Navnetype = Normisjon region, det vil sl\u00e5 direkte ut i oppsettet i MinSide-l\u00f8sningene v\u00e5re.<\/p>\n\n\n\n<p>Et siste omr\u00e5de man vil gjenkjenne navnenumrene til regionene (101-113) er i&nbsp;<a href=\"https:\/\/www.normisjon.no\/crm-manual\/prosjektstruktur\/\">prosjektstrukturen<\/a>&nbsp;v\u00e5r samt&nbsp;<a href=\"https:\/\/www.normisjon.no\/crm-manual\/aksjoner-og-aksjonstruktur\/\">strukturen for aksjonsnummer<\/a>. Der vil man ogs\u00e5 kjenne igjen de andre enhetene ogs\u00e5. Se egne beskrivelser for dette.&nbsp;<\/p>\n\n\n\n<div class=\"wp-block-buttons is-content-justification-center is-layout-flex wp-container-core-buttons-is-layout-a89b3969 wp-block-buttons-is-layout-flex\">\n<div class=\"wp-block-button has-custom-font-size is-style-fill\" style=\"font-size:15px\"><a class=\"wp-block-button__link wp-element-button\" href=\"https:\/\/www.normisjon.no\/crm-manual\/struktur\/\">Til oversikt STRUKtur<\/a><\/div>\n<\/div>\n<\/div>","protected":false},"excerpt":{"rendered":"<p>En gjennomgang av den grunnleggende strukturen i databasen. Les mer om&nbsp;prosjektstruktur&nbsp;eller&nbsp;aksjonstruktur. N\u00e5r man kommer litt inn i databasen s\u00e5 vil man kunne oppdage at det [&hellip;]<\/p>\n","protected":false},"author":143,"featured_media":0,"parent":0,"menu_order":0,"comment_status":"closed","ping_status":"closed","template":"","meta":{"_acf_changed":false,"footnotes":""},"class_list":["post-701","page","type-page","status-publish","hentry"],"acf":[],"yoast_head":"<!-- This site is optimized with the Yoast SEO plugin v25.9 - https:\/\/yoast.com\/wordpress\/plugins\/seo\/ -->\n<title>Grunnleggende struktur - CRM manual<\/title>\n<meta name=\"robots\" content=\"index, follow, max-snippet:-1, max-image-preview:large, max-video-preview:-1\" \/>\n<link rel=\"canonical\" href=\"https:\/\/www.normisjon.no\/crm-manual\/grunnleggende-struktur\/\" \/>\n<meta property=\"og:locale\" content=\"nb_NO\" \/>\n<meta property=\"og:type\" content=\"article\" \/>\n<meta property=\"og:title\" content=\"Grunnleggende struktur - CRM manual\" \/>\n<meta property=\"og:description\" content=\"En gjennomgang av den grunnleggende strukturen i databasen. Les mer om&nbsp;prosjektstruktur&nbsp;eller&nbsp;aksjonstruktur. N\u00e5r man kommer litt inn i databasen s\u00e5 vil man kunne oppdage at det [&hellip;]\" \/>\n<meta property=\"og:url\" content=\"https:\/\/www.normisjon.no\/crm-manual\/grunnleggende-struktur\/\" \/>\n<meta property=\"og:site_name\" content=\"CRM manual\" \/>\n<meta property=\"article:modified_time\" content=\"2025-08-18T08:26:16+00:00\" \/>\n<meta property=\"og:image\" content=\"https:\/\/www.normisjon.no\/content\/uploads\/sites\/46\/2025\/08\/Struktur2-1.jpg\" \/>\n<meta name=\"twitter:card\" content=\"summary_large_image\" \/>\n<meta name=\"twitter:label1\" content=\"Ansl. lesetid\" \/>\n\t<meta name=\"twitter:data1\" content=\"3 minutter\" \/>\n<script type=\"application\/ld+json\" class=\"yoast-schema-graph\">{\"@context\":\"https:\/\/schema.org\",\"@graph\":[{\"@type\":\"WebPage\",\"@id\":\"https:\/\/www.normisjon.no\/crm-manual\/grunnleggende-struktur\/\",\"url\":\"https:\/\/www.normisjon.no\/crm-manual\/grunnleggende-struktur\/\",\"name\":\"Grunnleggende struktur - CRM manual\",\"isPartOf\":{\"@id\":\"https:\/\/www.normisjon.no\/crm-manual\/#website\"},\"primaryImageOfPage\":{\"@id\":\"https:\/\/www.normisjon.no\/crm-manual\/grunnleggende-struktur\/#primaryimage\"},\"image\":{\"@id\":\"https:\/\/www.normisjon.no\/crm-manual\/grunnleggende-struktur\/#primaryimage\"},\"thumbnailUrl\":\"https:\/\/www.normisjon.no\/content\/uploads\/sites\/46\/2025\/08\/Struktur2-1.jpg\",\"datePublished\":\"2025-07-28T10:53:10+00:00\",\"dateModified\":\"2025-08-18T08:26:16+00:00\",\"breadcrumb\":{\"@id\":\"https:\/\/www.normisjon.no\/crm-manual\/grunnleggende-struktur\/#breadcrumb\"},\"inLanguage\":\"nb-NO\",\"potentialAction\":[{\"@type\":\"ReadAction\",\"target\":[\"https:\/\/www.normisjon.no\/crm-manual\/grunnleggende-struktur\/\"]}]},{\"@type\":\"ImageObject\",\"inLanguage\":\"nb-NO\",\"@id\":\"https:\/\/www.normisjon.no\/crm-manual\/grunnleggende-struktur\/#primaryimage\",\"url\":\"https:\/\/www.normisjon.no\/content\/uploads\/sites\/46\/2025\/08\/Struktur2-1.jpg\",\"contentUrl\":\"https:\/\/www.normisjon.no\/content\/uploads\/sites\/46\/2025\/08\/Struktur2-1.jpg\"},{\"@type\":\"BreadcrumbList\",\"@id\":\"https:\/\/www.normisjon.no\/crm-manual\/grunnleggende-struktur\/#breadcrumb\",\"itemListElement\":[{\"@type\":\"ListItem\",\"position\":1,\"name\":\"Hjem\",\"item\":\"https:\/\/www.normisjon.no\/crm-manual\/\"},{\"@type\":\"ListItem\",\"position\":2,\"name\":\"Grunnleggende struktur\"}]},{\"@type\":\"WebSite\",\"@id\":\"https:\/\/www.normisjon.no\/crm-manual\/#website\",\"url\":\"https:\/\/www.normisjon.no\/crm-manual\/\",\"name\":\"CRM manual\",\"description\":\"\",\"potentialAction\":[{\"@type\":\"SearchAction\",\"target\":{\"@type\":\"EntryPoint\",\"urlTemplate\":\"https:\/\/www.normisjon.no\/crm-manual\/?s={search_term_string}\"},\"query-input\":{\"@type\":\"PropertyValueSpecification\",\"valueRequired\":true,\"valueName\":\"search_term_string\"}}],\"inLanguage\":\"nb-NO\"}]}<\/script>\n<!-- \/ Yoast SEO plugin. -->","yoast_head_json":{"title":"Grunnleggende struktur - CRM manual","robots":{"index":"index","follow":"follow","max-snippet":"max-snippet:-1","max-image-preview":"max-image-preview:large","max-video-preview":"max-video-preview:-1"},"canonical":"https:\/\/www.normisjon.no\/crm-manual\/grunnleggende-struktur\/","og_locale":"nb_NO","og_type":"article","og_title":"Grunnleggende struktur - CRM manual","og_description":"En gjennomgang av den grunnleggende strukturen i databasen. Les mer om&nbsp;prosjektstruktur&nbsp;eller&nbsp;aksjonstruktur. N\u00e5r man kommer litt inn i databasen s\u00e5 vil man kunne oppdage at det [&hellip;]","og_url":"https:\/\/www.normisjon.no\/crm-manual\/grunnleggende-struktur\/","og_site_name":"CRM manual","article_modified_time":"2025-08-18T08:26:16+00:00","og_image":[{"url":"https:\/\/www.normisjon.no\/content\/uploads\/sites\/46\/2025\/08\/Struktur2-1.jpg","type":"","width":"","height":""}],"twitter_card":"summary_large_image","twitter_misc":{"Ansl. lesetid":"3 minutter"},"schema":{"@context":"https:\/\/schema.org","@graph":[{"@type":"WebPage","@id":"https:\/\/www.normisjon.no\/crm-manual\/grunnleggende-struktur\/","url":"https:\/\/www.normisjon.no\/crm-manual\/grunnleggende-struktur\/","name":"Grunnleggende struktur - CRM manual","isPartOf":{"@id":"https:\/\/www.normisjon.no\/crm-manual\/#website"},"primaryImageOfPage":{"@id":"https:\/\/www.normisjon.no\/crm-manual\/grunnleggende-struktur\/#primaryimage"},"image":{"@id":"https:\/\/www.normisjon.no\/crm-manual\/grunnleggende-struktur\/#primaryimage"},"thumbnailUrl":"https:\/\/www.normisjon.no\/content\/uploads\/sites\/46\/2025\/08\/Struktur2-1.jpg","datePublished":"2025-07-28T10:53:10+00:00","dateModified":"2025-08-18T08:26:16+00:00","breadcrumb":{"@id":"https:\/\/www.normisjon.no\/crm-manual\/grunnleggende-struktur\/#breadcrumb"},"inLanguage":"nb-NO","potentialAction":[{"@type":"ReadAction","target":["https:\/\/www.normisjon.no\/crm-manual\/grunnleggende-struktur\/"]}]},{"@type":"ImageObject","inLanguage":"nb-NO","@id":"https:\/\/www.normisjon.no\/crm-manual\/grunnleggende-struktur\/#primaryimage","url":"https:\/\/www.normisjon.no\/content\/uploads\/sites\/46\/2025\/08\/Struktur2-1.jpg","contentUrl":"https:\/\/www.normisjon.no\/content\/uploads\/sites\/46\/2025\/08\/Struktur2-1.jpg"},{"@type":"BreadcrumbList","@id":"https:\/\/www.normisjon.no\/crm-manual\/grunnleggende-struktur\/#breadcrumb","itemListElement":[{"@type":"ListItem","position":1,"name":"Hjem","item":"https:\/\/www.normisjon.no\/crm-manual\/"},{"@type":"ListItem","position":2,"name":"Grunnleggende struktur"}]},{"@type":"WebSite","@id":"https:\/\/www.normisjon.no\/crm-manual\/#website","url":"https:\/\/www.normisjon.no\/crm-manual\/","name":"CRM manual","description":"","potentialAction":[{"@type":"SearchAction","target":{"@type":"EntryPoint","urlTemplate":"https:\/\/www.normisjon.no\/crm-manual\/?s={search_term_string}"},"query-input":{"@type":"PropertyValueSpecification","valueRequired":true,"valueName":"search_term_string"}}],"inLanguage":"nb-NO"}]}},"_links":{"self":[{"href":"https:\/\/www.normisjon.no\/crm-manual\/wp-json\/wp\/v2\/pages\/701","targetHints":{"allow":["GET"]}}],"collection":[{"href":"https:\/\/www.normisjon.no\/crm-manual\/wp-json\/wp\/v2\/pages"}],"about":[{"href":"https:\/\/www.normisjon.no\/crm-manual\/wp-json\/wp\/v2\/types\/page"}],"author":[{"embeddable":true,"href":"https:\/\/www.normisjon.no\/crm-manual\/wp-json\/wp\/v2\/users\/143"}],"replies":[{"embeddable":true,"href":"https:\/\/www.normisjon.no\/crm-manual\/wp-json\/wp\/v2\/comments?post=701"}],"version-history":[{"count":5,"href":"https:\/\/www.normisjon.no\/crm-manual\/wp-json\/wp\/v2\/pages\/701\/revisions"}],"predecessor-version":[{"id":893,"href":"https:\/\/www.normisjon.no\/crm-manual\/wp-json\/wp\/v2\/pages\/701\/revisions\/893"}],"wp:attachment":[{"href":"https:\/\/www.normisjon.no\/crm-manual\/wp-json\/wp\/v2\/media?parent=701"}],"curies":[{"name":"wp","href":"https:\/\/api.w.org\/{rel}","templated":true}]}}