{"id":157,"date":"2018-06-04T13:22:48","date_gmt":"2018-06-04T11:22:48","guid":{"rendered":"https:\/\/www.normisjon.no\/region-more\/?page_id=157"},"modified":"2025-09-24T11:52:19","modified_gmt":"2025-09-24T09:52:19","slug":"soul-children-kor","status":"publish","type":"page","link":"https:\/\/www.normisjon.no\/more\/soul-children-kor\/","title":{"rendered":"Ungdommer"},"content":{"rendered":"<div class=\"entry-content alignfull wp-block-post-content has-global-padding is-layout-constrained wp-block-post-content-is-layout-constrained\">\n<figure class=\"wp-block-image size-large\"><img loading=\"lazy\" decoding=\"async\" width=\"1024\" height=\"768\" src=\"https:\/\/www.normisjon.no\/content\/uploads\/sites\/14\/2025\/09\/IMG_8178-1024x768.jpg\" alt=\"\" class=\"wp-image-697\" srcset=\"https:\/\/www.normisjon.no\/content\/uploads\/sites\/14\/2025\/09\/IMG_8178-1024x768.jpg 1024w, https:\/\/www.normisjon.no\/content\/uploads\/sites\/14\/2025\/09\/IMG_8178-300x225.jpg 300w, https:\/\/www.normisjon.no\/content\/uploads\/sites\/14\/2025\/09\/IMG_8178-768x576.jpg 768w, https:\/\/www.normisjon.no\/content\/uploads\/sites\/14\/2025\/09\/IMG_8178-1536x1152.jpg 1536w, https:\/\/www.normisjon.no\/content\/uploads\/sites\/14\/2025\/09\/IMG_8178-2048x1536.jpg 2048w, https:\/\/www.normisjon.no\/content\/uploads\/sites\/14\/2025\/09\/IMG_8178-1920x1440.jpg 1920w, https:\/\/www.normisjon.no\/content\/uploads\/sites\/14\/2025\/09\/IMG_8178-1360x1020.jpg 1360w, https:\/\/www.normisjon.no\/content\/uploads\/sites\/14\/2025\/09\/IMG_8178-960x720.jpg 960w\" sizes=\"auto, (max-width: 1024px) 100vw, 1024px\" \/><\/figure>\n<\/div><div id=\"module-0\" class=\"hogan-module hogan-module-banner hogan-module-0 normisjon-banner-button-default hogan-banner-content-left hogan-module-width-full hogan-banner-theme-dark-transparent hogan-banner-layout-full hogan-banner-text-center\"><div class=\"hogan-module-inner\"><div class=\"hogan-banner\">\n\t<div class=\"hogan-banner-column hogan-banner-image hogan-banner-dim-image\">\n\t\t\t<\/div>\n\t\t\t<div class=\"hogan-banner-column hogan-banner-content\">\n\t\t\t<div class=\"hogan-banner-content-inner\">\n\t\t\t\t<h2 class=\"hogan-heading\">Ungdomsarbeidet Revive <\/h2><p>F\u00e5 med deg hva som skjer for ungdom p\u00e5 linken under.<br \/>\nRevive er Norkirken Molde sitt ungdomsarbeid<\/p>\n<div class=\"hogan-banner-cta\"><span><a class=\"hogan-button\" href=\"https:\/\/norkirkenmolde.no\/revive\">Revive<\/a><\/span><\/div>\t\t\t<\/div>\n\t\t<\/div>\n\t<\/div>\n<\/div><\/div>","protected":false},"excerpt":{"rendered":"<p>Ungdomsarbeidet Revive F\u00e5 med deg hva som skjer for ungdom p\u00e5 linken under. Revive er Norkirken Molde sitt ungdomsarbeid Revive<\/p>\n","protected":false},"author":34,"featured_media":691,"parent":0,"menu_order":0,"comment_status":"closed","ping_status":"closed","template":"","meta":{"_acf_changed":false,"footnotes":""},"class_list":["post-157","page","type-page","status-publish","has-post-thumbnail","hentry"],"acf":[],"yoast_head":"<!-- This site is optimized with the Yoast SEO plugin v25.9 - https:\/\/yoast.com\/wordpress\/plugins\/seo\/ -->\n<title>Ungdommer - Region M\u00f8re<\/title>\n<meta name=\"description\" content=\"Ungdommer som tar gode valg og vil preget milj\u00f8et sitt. Unge mennesker som har lyst til \u00e5 spille p\u00e5 lag og bli bedre kjent med Jesus.\" \/>\n<meta name=\"robots\" content=\"index, follow, max-snippet:-1, max-image-preview:large, max-video-preview:-1\" \/>\n<link rel=\"canonical\" href=\"https:\/\/www.normisjon.no\/more\/soul-children-kor\/\" \/>\n<meta property=\"og:locale\" content=\"nb_NO\" \/>\n<meta property=\"og:type\" content=\"article\" \/>\n<meta property=\"og:title\" content=\"Ungdommer - Region M\u00f8re\" \/>\n<meta property=\"og:description\" content=\"Ungdommer som tar gode valg og vil preget milj\u00f8et sitt. Unge mennesker som har lyst til \u00e5 spille p\u00e5 lag og bli bedre kjent med Jesus.\" \/>\n<meta property=\"og:url\" content=\"https:\/\/www.normisjon.no\/more\/soul-children-kor\/\" \/>\n<meta property=\"og:site_name\" content=\"Region M\u00f8re\" \/>\n<meta property=\"article:modified_time\" content=\"2025-09-24T09:52:19+00:00\" \/>\n<meta property=\"og:image\" content=\"https:\/\/www.normisjon.no\/content\/uploads\/sites\/14\/2025\/09\/IMG_8215-scaled.jpg\" \/>\n\t<meta property=\"og:image:width\" content=\"1920\" \/>\n\t<meta property=\"og:image:height\" content=\"2560\" \/>\n\t<meta property=\"og:image:type\" content=\"image\/jpeg\" \/>\n<meta name=\"twitter:card\" content=\"summary_large_image\" \/>\n<meta name=\"twitter:label1\" content=\"Ansl. lesetid\" \/>\n\t<meta name=\"twitter:data1\" content=\"1 minutt\" \/>\n<script type=\"application\/ld+json\" class=\"yoast-schema-graph\">{\"@context\":\"https:\/\/schema.org\",\"@graph\":[{\"@type\":\"WebPage\",\"@id\":\"https:\/\/www.normisjon.no\/more\/soul-children-kor\/\",\"url\":\"https:\/\/www.normisjon.no\/more\/soul-children-kor\/\",\"name\":\"Ungdommer - Region M\u00f8re\",\"isPartOf\":{\"@id\":\"https:\/\/www.normisjon.no\/more\/#website\"},\"primaryImageOfPage\":{\"@id\":\"https:\/\/www.normisjon.no\/more\/soul-children-kor\/#primaryimage\"},\"image\":{\"@id\":\"https:\/\/www.normisjon.no\/more\/soul-children-kor\/#primaryimage\"},\"thumbnailUrl\":\"https:\/\/www.normisjon.no\/content\/uploads\/sites\/14\/2025\/09\/IMG_8215-scaled.jpg\",\"datePublished\":\"2018-06-04T11:22:48+00:00\",\"dateModified\":\"2025-09-24T09:52:19+00:00\",\"description\":\"Ungdommer som tar gode valg og vil preget milj\u00f8et sitt. Unge mennesker som har lyst til \u00e5 spille p\u00e5 lag og bli bedre kjent med Jesus.\",\"breadcrumb\":{\"@id\":\"https:\/\/www.normisjon.no\/more\/soul-children-kor\/#breadcrumb\"},\"inLanguage\":\"nb-NO\",\"potentialAction\":[{\"@type\":\"ReadAction\",\"target\":[\"https:\/\/www.normisjon.no\/more\/soul-children-kor\/\"]}]},{\"@type\":\"ImageObject\",\"inLanguage\":\"nb-NO\",\"@id\":\"https:\/\/www.normisjon.no\/more\/soul-children-kor\/#primaryimage\",\"url\":\"https:\/\/www.normisjon.no\/content\/uploads\/sites\/14\/2025\/09\/IMG_8215-scaled.jpg\",\"contentUrl\":\"https:\/\/www.normisjon.no\/content\/uploads\/sites\/14\/2025\/09\/IMG_8215-scaled.jpg\",\"width\":1920,\"height\":2560},{\"@type\":\"BreadcrumbList\",\"@id\":\"https:\/\/www.normisjon.no\/more\/soul-children-kor\/#breadcrumb\",\"itemListElement\":[{\"@type\":\"ListItem\",\"position\":1,\"name\":\"Home\",\"item\":\"https:\/\/www.normisjon.no\/more\/\"},{\"@type\":\"ListItem\",\"position\":2,\"name\":\"Ungdommer\"}]},{\"@type\":\"WebSite\",\"@id\":\"https:\/\/www.normisjon.no\/more\/#website\",\"url\":\"https:\/\/www.normisjon.no\/more\/\",\"name\":\"Region M\u00f8re\",\"description\":\"\",\"potentialAction\":[{\"@type\":\"SearchAction\",\"target\":{\"@type\":\"EntryPoint\",\"urlTemplate\":\"https:\/\/www.normisjon.no\/more\/?s={search_term_string}\"},\"query-input\":{\"@type\":\"PropertyValueSpecification\",\"valueRequired\":true,\"valueName\":\"search_term_string\"}}],\"inLanguage\":\"nb-NO\"}]}<\/script>\n<!-- \/ Yoast SEO plugin. -->","yoast_head_json":{"title":"Ungdommer - Region M\u00f8re","description":"Ungdommer som tar gode valg og vil preget milj\u00f8et sitt. Unge mennesker som har lyst til \u00e5 spille p\u00e5 lag og bli bedre kjent med Jesus.","robots":{"index":"index","follow":"follow","max-snippet":"max-snippet:-1","max-image-preview":"max-image-preview:large","max-video-preview":"max-video-preview:-1"},"canonical":"https:\/\/www.normisjon.no\/more\/soul-children-kor\/","og_locale":"nb_NO","og_type":"article","og_title":"Ungdommer - Region M\u00f8re","og_description":"Ungdommer som tar gode valg og vil preget milj\u00f8et sitt. Unge mennesker som har lyst til \u00e5 spille p\u00e5 lag og bli bedre kjent med Jesus.","og_url":"https:\/\/www.normisjon.no\/more\/soul-children-kor\/","og_site_name":"Region M\u00f8re","article_modified_time":"2025-09-24T09:52:19+00:00","og_image":[{"width":1920,"height":2560,"url":"https:\/\/www.normisjon.no\/content\/uploads\/sites\/14\/2025\/09\/IMG_8215-scaled.jpg","type":"image\/jpeg"}],"twitter_card":"summary_large_image","twitter_misc":{"Ansl. lesetid":"1 minutt"},"schema":{"@context":"https:\/\/schema.org","@graph":[{"@type":"WebPage","@id":"https:\/\/www.normisjon.no\/more\/soul-children-kor\/","url":"https:\/\/www.normisjon.no\/more\/soul-children-kor\/","name":"Ungdommer - Region M\u00f8re","isPartOf":{"@id":"https:\/\/www.normisjon.no\/more\/#website"},"primaryImageOfPage":{"@id":"https:\/\/www.normisjon.no\/more\/soul-children-kor\/#primaryimage"},"image":{"@id":"https:\/\/www.normisjon.no\/more\/soul-children-kor\/#primaryimage"},"thumbnailUrl":"https:\/\/www.normisjon.no\/content\/uploads\/sites\/14\/2025\/09\/IMG_8215-scaled.jpg","datePublished":"2018-06-04T11:22:48+00:00","dateModified":"2025-09-24T09:52:19+00:00","description":"Ungdommer som tar gode valg og vil preget milj\u00f8et sitt. Unge mennesker som har lyst til \u00e5 spille p\u00e5 lag og bli bedre kjent med Jesus.","breadcrumb":{"@id":"https:\/\/www.normisjon.no\/more\/soul-children-kor\/#breadcrumb"},"inLanguage":"nb-NO","potentialAction":[{"@type":"ReadAction","target":["https:\/\/www.normisjon.no\/more\/soul-children-kor\/"]}]},{"@type":"ImageObject","inLanguage":"nb-NO","@id":"https:\/\/www.normisjon.no\/more\/soul-children-kor\/#primaryimage","url":"https:\/\/www.normisjon.no\/content\/uploads\/sites\/14\/2025\/09\/IMG_8215-scaled.jpg","contentUrl":"https:\/\/www.normisjon.no\/content\/uploads\/sites\/14\/2025\/09\/IMG_8215-scaled.jpg","width":1920,"height":2560},{"@type":"BreadcrumbList","@id":"https:\/\/www.normisjon.no\/more\/soul-children-kor\/#breadcrumb","itemListElement":[{"@type":"ListItem","position":1,"name":"Home","item":"https:\/\/www.normisjon.no\/more\/"},{"@type":"ListItem","position":2,"name":"Ungdommer"}]},{"@type":"WebSite","@id":"https:\/\/www.normisjon.no\/more\/#website","url":"https:\/\/www.normisjon.no\/more\/","name":"Region M\u00f8re","description":"","potentialAction":[{"@type":"SearchAction","target":{"@type":"EntryPoint","urlTemplate":"https:\/\/www.normisjon.no\/more\/?s={search_term_string}"},"query-input":{"@type":"PropertyValueSpecification","valueRequired":true,"valueName":"search_term_string"}}],"inLanguage":"nb-NO"}]}},"_links":{"self":[{"href":"https:\/\/www.normisjon.no\/more\/wp-json\/wp\/v2\/pages\/157","targetHints":{"allow":["GET"]}}],"collection":[{"href":"https:\/\/www.normisjon.no\/more\/wp-json\/wp\/v2\/pages"}],"about":[{"href":"https:\/\/www.normisjon.no\/more\/wp-json\/wp\/v2\/types\/page"}],"author":[{"embeddable":true,"href":"https:\/\/www.normisjon.no\/more\/wp-json\/wp\/v2\/users\/34"}],"replies":[{"embeddable":true,"href":"https:\/\/www.normisjon.no\/more\/wp-json\/wp\/v2\/comments?post=157"}],"version-history":[{"count":14,"href":"https:\/\/www.normisjon.no\/more\/wp-json\/wp\/v2\/pages\/157\/revisions"}],"predecessor-version":[{"id":699,"href":"https:\/\/www.normisjon.no\/more\/wp-json\/wp\/v2\/pages\/157\/revisions\/699"}],"wp:featuredmedia":[{"embeddable":true,"href":"https:\/\/www.normisjon.no\/more\/wp-json\/wp\/v2\/media\/691"}],"wp:attachment":[{"href":"https:\/\/www.normisjon.no\/more\/wp-json\/wp\/v2\/media?parent=157"}],"curies":[{"name":"wp","href":"https:\/\/api.w.org\/{rel}","templated":true}]}}