{"id":84,"date":"2018-06-04T12:06:07","date_gmt":"2018-06-04T10:06:07","guid":{"rendered":"https:\/\/www.normisjon.no\/region-more\/?page_id=84"},"modified":"2026-03-13T13:00:11","modified_gmt":"2026-03-13T12:00:11","slug":"gi-en-gave","status":"publish","type":"page","link":"https:\/\/www.normisjon.no\/more\/gi-en-gave\/","title":{"rendered":"Bidra \u00f8konomisk"},"content":{"rendered":"<div class=\"entry-content alignfull wp-block-post-content has-global-padding is-layout-constrained wp-block-post-content-is-layout-constrained\">\n<div class=\"wp-block-buttons is-layout-flex wp-block-buttons-is-layout-flex\">\n<div class=\"wp-block-button\"><a class=\"wp-block-button__link wp-element-button\" href=\"https:\/\/normisjon.profundo.no\/gi_normisjonmore\">Gi en gave her<br><\/a><\/div>\n<\/div>\n\n\n\n<p><\/p>\n<\/div><div id=\"module-0\" class=\"hogan-module hogan-module-image hogan-module-0 hogan-image-size-large\"><div class=\"hogan-module-inner\"><figure class=\"wp-caption size-large\"><img loading=\"lazy\" decoding=\"async\" width=\"1024\" height=\"683\" src=\"https:\/\/www.normisjon.no\/content\/uploads\/sites\/14\/2018\/06\/AdobeStock_193992013-1024x683.jpeg\" class=\"attachment-large size-large\" alt=\"\" srcset=\"https:\/\/www.normisjon.no\/content\/uploads\/sites\/14\/2018\/06\/AdobeStock_193992013-1024x683.jpeg 1024w, https:\/\/www.normisjon.no\/content\/uploads\/sites\/14\/2018\/06\/AdobeStock_193992013-300x200.jpeg 300w, https:\/\/www.normisjon.no\/content\/uploads\/sites\/14\/2018\/06\/AdobeStock_193992013-768x512.jpeg 768w, https:\/\/www.normisjon.no\/content\/uploads\/sites\/14\/2018\/06\/AdobeStock_193992013-1920x1280.jpeg 1920w, https:\/\/www.normisjon.no\/content\/uploads\/sites\/14\/2018\/06\/AdobeStock_193992013-1360x907.jpeg 1360w\" sizes=\"auto, (max-width: 1024px) 100vw, 1024px\" \/><figcaption class=\"hogan-caption wp-caption-text\">Vi arbeider for at nye generasjoner og folkeslag skal f\u00e5 et m\u00f8te med Jesus.\nI dette fantastiske spennende arbeidet i regionen og internasjonal misjon s\u00e5 kan du f\u00e5 v\u00e6re med \u00e5 st\u00f8tte arbeidet \u00f8konomisk.\nDette kan du gj\u00f8re ved \u00e5 trykke p\u00e5 knappen ovenfor&raquo;Gi en gave her&raquo; eller ved <strong>Vipps-nummer: 123740, <\/strong>\u00a0<strong>Konto-nummer: 3000.14.71119<\/strong>\n<\/figcaption><\/figure><\/div><\/div>","protected":false},"excerpt":{"rendered":"<p>Vi arbeider for at nye generasjoner og folkeslag skal f\u00e5 et m\u00f8te med Jesus. I dette fantastiske spennende arbeidet i regionen og internasjonal misjon s\u00e5 [&hellip;]<\/p>\n","protected":false},"author":34,"featured_media":0,"parent":0,"menu_order":0,"comment_status":"closed","ping_status":"closed","template":"","meta":{"_acf_changed":false,"footnotes":""},"class_list":["post-84","page","type-page","status-publish","hentry"],"acf":[],"yoast_head":"<!-- This site is optimized with the Yoast SEO plugin v25.9 - https:\/\/yoast.com\/wordpress\/plugins\/seo\/ -->\n<title>Bidra \u00f8konomisk - Region M\u00f8re<\/title>\n<meta name=\"robots\" content=\"index, follow, max-snippet:-1, max-image-preview:large, max-video-preview:-1\" \/>\n<link rel=\"canonical\" href=\"https:\/\/www.normisjon.no\/more\/gi-en-gave\/\" \/>\n<meta property=\"og:locale\" content=\"nb_NO\" \/>\n<meta property=\"og:type\" content=\"article\" \/>\n<meta property=\"og:title\" content=\"Bidra \u00f8konomisk - Region M\u00f8re\" \/>\n<meta property=\"og:description\" content=\"Vi arbeider for at nye generasjoner og folkeslag skal f\u00e5 et m\u00f8te med Jesus. I dette fantastiske spennende arbeidet i regionen og internasjonal misjon s\u00e5 [&hellip;]\" \/>\n<meta property=\"og:url\" content=\"https:\/\/www.normisjon.no\/more\/gi-en-gave\/\" \/>\n<meta property=\"og:site_name\" content=\"Region M\u00f8re\" \/>\n<meta property=\"article:modified_time\" content=\"2026-03-13T12:00:11+00:00\" \/>\n<meta name=\"twitter:card\" content=\"summary_large_image\" \/>\n<meta name=\"twitter:label1\" content=\"Ansl. lesetid\" \/>\n\t<meta name=\"twitter:data1\" content=\"1 minutt\" \/>\n<script type=\"application\/ld+json\" class=\"yoast-schema-graph\">{\"@context\":\"https:\/\/schema.org\",\"@graph\":[{\"@type\":\"WebPage\",\"@id\":\"https:\/\/www.normisjon.no\/more\/gi-en-gave\/\",\"url\":\"https:\/\/www.normisjon.no\/more\/gi-en-gave\/\",\"name\":\"Bidra \u00f8konomisk - Region M\u00f8re\",\"isPartOf\":{\"@id\":\"https:\/\/www.normisjon.no\/more\/#website\"},\"datePublished\":\"2018-06-04T10:06:07+00:00\",\"dateModified\":\"2026-03-13T12:00:11+00:00\",\"breadcrumb\":{\"@id\":\"https:\/\/www.normisjon.no\/more\/gi-en-gave\/#breadcrumb\"},\"inLanguage\":\"nb-NO\",\"potentialAction\":[{\"@type\":\"ReadAction\",\"target\":[\"https:\/\/www.normisjon.no\/more\/gi-en-gave\/\"]}]},{\"@type\":\"BreadcrumbList\",\"@id\":\"https:\/\/www.normisjon.no\/more\/gi-en-gave\/#breadcrumb\",\"itemListElement\":[{\"@type\":\"ListItem\",\"position\":1,\"name\":\"Home\",\"item\":\"https:\/\/www.normisjon.no\/more\/\"},{\"@type\":\"ListItem\",\"position\":2,\"name\":\"Bidra \u00f8konomisk\"}]},{\"@type\":\"WebSite\",\"@id\":\"https:\/\/www.normisjon.no\/more\/#website\",\"url\":\"https:\/\/www.normisjon.no\/more\/\",\"name\":\"Region M\u00f8re\",\"description\":\"\",\"potentialAction\":[{\"@type\":\"SearchAction\",\"target\":{\"@type\":\"EntryPoint\",\"urlTemplate\":\"https:\/\/www.normisjon.no\/more\/?s={search_term_string}\"},\"query-input\":{\"@type\":\"PropertyValueSpecification\",\"valueRequired\":true,\"valueName\":\"search_term_string\"}}],\"inLanguage\":\"nb-NO\"}]}<\/script>\n<!-- \/ Yoast SEO plugin. -->","yoast_head_json":{"title":"Bidra \u00f8konomisk - Region M\u00f8re","robots":{"index":"index","follow":"follow","max-snippet":"max-snippet:-1","max-image-preview":"max-image-preview:large","max-video-preview":"max-video-preview:-1"},"canonical":"https:\/\/www.normisjon.no\/more\/gi-en-gave\/","og_locale":"nb_NO","og_type":"article","og_title":"Bidra \u00f8konomisk - Region M\u00f8re","og_description":"Vi arbeider for at nye generasjoner og folkeslag skal f\u00e5 et m\u00f8te med Jesus. I dette fantastiske spennende arbeidet i regionen og internasjonal misjon s\u00e5 [&hellip;]","og_url":"https:\/\/www.normisjon.no\/more\/gi-en-gave\/","og_site_name":"Region M\u00f8re","article_modified_time":"2026-03-13T12:00:11+00:00","twitter_card":"summary_large_image","twitter_misc":{"Ansl. lesetid":"1 minutt"},"schema":{"@context":"https:\/\/schema.org","@graph":[{"@type":"WebPage","@id":"https:\/\/www.normisjon.no\/more\/gi-en-gave\/","url":"https:\/\/www.normisjon.no\/more\/gi-en-gave\/","name":"Bidra \u00f8konomisk - Region M\u00f8re","isPartOf":{"@id":"https:\/\/www.normisjon.no\/more\/#website"},"datePublished":"2018-06-04T10:06:07+00:00","dateModified":"2026-03-13T12:00:11+00:00","breadcrumb":{"@id":"https:\/\/www.normisjon.no\/more\/gi-en-gave\/#breadcrumb"},"inLanguage":"nb-NO","potentialAction":[{"@type":"ReadAction","target":["https:\/\/www.normisjon.no\/more\/gi-en-gave\/"]}]},{"@type":"BreadcrumbList","@id":"https:\/\/www.normisjon.no\/more\/gi-en-gave\/#breadcrumb","itemListElement":[{"@type":"ListItem","position":1,"name":"Home","item":"https:\/\/www.normisjon.no\/more\/"},{"@type":"ListItem","position":2,"name":"Bidra \u00f8konomisk"}]},{"@type":"WebSite","@id":"https:\/\/www.normisjon.no\/more\/#website","url":"https:\/\/www.normisjon.no\/more\/","name":"Region M\u00f8re","description":"","potentialAction":[{"@type":"SearchAction","target":{"@type":"EntryPoint","urlTemplate":"https:\/\/www.normisjon.no\/more\/?s={search_term_string}"},"query-input":{"@type":"PropertyValueSpecification","valueRequired":true,"valueName":"search_term_string"}}],"inLanguage":"nb-NO"}]}},"_links":{"self":[{"href":"https:\/\/www.normisjon.no\/more\/wp-json\/wp\/v2\/pages\/84","targetHints":{"allow":["GET"]}}],"collection":[{"href":"https:\/\/www.normisjon.no\/more\/wp-json\/wp\/v2\/pages"}],"about":[{"href":"https:\/\/www.normisjon.no\/more\/wp-json\/wp\/v2\/types\/page"}],"author":[{"embeddable":true,"href":"https:\/\/www.normisjon.no\/more\/wp-json\/wp\/v2\/users\/34"}],"replies":[{"embeddable":true,"href":"https:\/\/www.normisjon.no\/more\/wp-json\/wp\/v2\/comments?post=84"}],"version-history":[{"count":7,"href":"https:\/\/www.normisjon.no\/more\/wp-json\/wp\/v2\/pages\/84\/revisions"}],"predecessor-version":[{"id":933,"href":"https:\/\/www.normisjon.no\/more\/wp-json\/wp\/v2\/pages\/84\/revisions\/933"}],"wp:attachment":[{"href":"https:\/\/www.normisjon.no\/more\/wp-json\/wp\/v2\/media?parent=84"}],"curies":[{"name":"wp","href":"https:\/\/api.w.org\/{rel}","templated":true}]}}