{"id":105,"date":"2018-05-04T14:28:04","date_gmt":"2018-05-04T12:28:04","guid":{"rendered":"https:\/\/www.normisjon.no\/region-ostfold\/?page_id=105"},"modified":"2026-02-19T11:48:51","modified_gmt":"2026-02-19T10:48:51","slug":"sjoglimt","status":"publish","type":"page","link":"https:\/\/www.normisjon.no\/ostfold\/sjoglimt\/","title":{"rendered":"Sj\u00f8glimt"},"content":{"rendered":"<div id=\"module-0\" class=\"hogan-module hogan-module-grid hogan-module-0\"><div class=\"hogan-module-inner\"><div class=\"hogan-grid hogan-grid-text-center hogan-grid-size-dynamic\">\n\t<div class=\"hogan-grid-inner\">\n\t\t\t\t\t<div class=\"hogan-grid-item hogan-grid-item-size-small hogan-grid-item-type-page savage-has-image savage-has-heading savage-has-excerpt\">\n\t\t\t\t<div class=\"hogan-grid-item-inner\">\n\t\t\t\t\t<div class=\"savage-card-image\">\n\t<div class=\"savage-card-image-inner\">\n\t\t<span class=\"savage-card-image-image\" style=\"background-image: url(https:\/\/www.normisjon.no\/content\/uploads\/sites\/24\/2018\/06\/DSC_0059-768x514.jpg);\"><\/span>\t<\/div>\n<\/div>\n\t\t<div class=\"savage-card-body\">\n\t\t\t<div class=\"savage-card-body-inner\">\n\t\t\t\t<h2 class=\"savage-card-heading\">Sj\u00f8glimt  leirsted<\/h2><p class=\"savage-card-excerpt\">Sj\u00f8glimt Leirsted innbyr til et mangfold av aktiviteter b\u00e5de ut og inne, men har en beliggenhet som gj\u00f8r at fred og ro kan nytes.<\/p>\t\t\t<\/div>\n\t\t<\/div>\n\t\t<a href=\"https:\/\/www.normisjon.no\/ostfold\/sjoglimt-leirsted\/\" class=\"savage-card-link\"><span class=\"screen-reader-text\">Read article &quot;Sj\u00f8glimt  leirsted&quot;<\/span><\/a>\t\t\t\t<\/div>\n\t\t\t<\/div>\n\t\t\t\t\t\t<div class=\"hogan-grid-item hogan-grid-item-size-small hogan-grid-item-type-page savage-has-image savage-has-heading savage-has-excerpt\">\n\t\t\t\t<div class=\"hogan-grid-item-inner\">\n\t\t\t\t\t<div class=\"savage-card-image\">\n\t<div class=\"savage-card-image-inner\">\n\t\t<span class=\"savage-card-image-image\" style=\"background-image: url(https:\/\/www.normisjon.no\/content\/uploads\/sites\/24\/2018\/06\/Koldtallerken.jpg);\"><\/span>\t<\/div>\n<\/div>\n\t\t<div class=\"savage-card-body\">\n\t\t\t<div class=\"savage-card-body-inner\">\n\t\t\t\t<h2 class=\"savage-card-heading\">Sj\u00f8glimt catering<\/h2><p class=\"savage-card-excerpt\">God og delikat mat, lett tilgjengelig. Vi har et stort utvalg av retter i v\u00e5r meny, og kommer gjerne ogs\u00e5 med forslag til kreative l\u00f8sninger.<\/p>\t\t\t<\/div>\n\t\t<\/div>\n\t\t<a href=\"https:\/\/www.normisjon.no\/ostfold\/sjoglimt-catering\/\" class=\"savage-card-link\"><span class=\"screen-reader-text\">Read article &quot;Sj\u00f8glimt catering&quot;<\/span><\/a>\t\t\t\t<\/div>\n\t\t\t<\/div>\n\t\t\t\t\t\t<div class=\"hogan-grid-item hogan-grid-item-size-small hogan-grid-item-type-page savage-has-image savage-has-heading savage-has-excerpt\">\n\t\t\t\t<div class=\"hogan-grid-item-inner\">\n\t\t\t\t\t<div class=\"savage-card-image\">\n\t<div class=\"savage-card-image-inner\">\n\t\t<span class=\"savage-card-image-image\" style=\"background-image: url(https:\/\/www.normisjon.no\/content\/uploads\/sites\/24\/2018\/09\/Sj\u00f8glimt-768x510.jpg);\"><\/span>\t<\/div>\n<\/div>\n\t\t<div class=\"savage-card-body\">\n\t\t\t<div class=\"savage-card-body-inner\">\n\t\t\t\t<h2 class=\"savage-card-heading\">Frivillige medarbeidere p\u00e5 Sj\u00f8glimt<\/h2><p class=\"savage-card-excerpt\">Sj\u00f8glimt leirsted baserer mye av sin drift p\u00e5 frivillig innsats. P\u00e5 denne siden f\u00e5r du informasjon om de forskjellige behovene som finnes.<\/p>\t\t\t<\/div>\n\t\t<\/div>\n\t\t<a href=\"https:\/\/www.normisjon.no\/ostfold\/sjoglimt-leirsted\/frivillige-medarbeidere-pa-sjoglimt\/\" class=\"savage-card-link\"><span class=\"screen-reader-text\">Read article &quot;Frivillige medarbeidere p\u00e5 Sj\u00f8glimt&quot;<\/span><\/a>\t\t\t\t<\/div>\n\t\t\t<\/div>\n\t\t\t\t<\/div>\n<\/div>\n<\/div><\/div><div id=\"module-1\" class=\"hogan-module hogan-module-gallery hogan-module-1 hogan-gallery-layout-slider\"><div class=\"hogan-module-inner\"><div class=\"hogan-gallery-carousel hogan-gallery-slider hogan-gallery-count-8\" itemscope itemtype=\"http:\/\/schema.org\/ImageGallery\" data-pswp-uid=\"1\">\n\t\t\t<figure\n\t\t\tclass=\"hogan-gallery-cell\"\n\t\t\titemprop=\"associatedMedia\"\n\t\t\titemscope\n\t\t\titemtype=\"http:\/\/schema.org\/ImageObject\"\n\t\t\tdata-pswp-index=\"0\"\n\t\t\tdata-pswp-size=\"3648x2048\"\n\t\t>\n\t\t\t<a class=\"hogan-gallery-item-link\" href=\"https:\/\/www.normisjon.no\/content\/uploads\/sites\/24\/2020\/06\/IMG_6633.jpg\" itemprop=\"contentUrl\" aria-label=\"\u00c5pne bildegalleri\"><svg viewBox=\"0 0 100 100\" class=\"hogan-gallery-expand-icon\"><path d=\"M90.9 84.5L56.4 50l34.5-34.5v17.8h9.1V0H66.7v9.1h17.8L50 43.6 15.5 9.1h17.8V0H0v33.3h9.1V15.5L43.6 50 9.1 84.5V66.7H0V100h33.3v-9.1H15.5L50 56.4l34.5 34.5H66.7v9.1H100V66.7h-9.1z\"><\/path><\/svg><\/a><img loading=\"lazy\" decoding=\"async\" width=\"1024\" height=\"575\" src=\"https:\/\/www.normisjon.no\/content\/uploads\/sites\/24\/2020\/06\/IMG_6633-1024x575.jpg\" class=\"attachment-large size-large\" alt=\"\" itemprop=\"thumbnail\" srcset=\"https:\/\/www.normisjon.no\/content\/uploads\/sites\/24\/2020\/06\/IMG_6633-1024x575.jpg 1024w, https:\/\/www.normisjon.no\/content\/uploads\/sites\/24\/2020\/06\/IMG_6633-300x168.jpg 300w, https:\/\/www.normisjon.no\/content\/uploads\/sites\/24\/2020\/06\/IMG_6633-768x431.jpg 768w, https:\/\/www.normisjon.no\/content\/uploads\/sites\/24\/2020\/06\/IMG_6633-1920x1078.jpg 1920w, https:\/\/www.normisjon.no\/content\/uploads\/sites\/24\/2020\/06\/IMG_6633-1360x764.jpg 1360w, https:\/\/www.normisjon.no\/content\/uploads\/sites\/24\/2020\/06\/IMG_6633-960x539.jpg 960w\" sizes=\"auto, (max-width: 1024px) 100vw, 1024px\" \/>\t\t<\/figure>\n\t\t\t\t<figure\n\t\t\tclass=\"hogan-gallery-cell\"\n\t\t\titemprop=\"associatedMedia\"\n\t\t\titemscope\n\t\t\titemtype=\"http:\/\/schema.org\/ImageObject\"\n\t\t\tdata-pswp-index=\"1\"\n\t\t\tdata-pswp-size=\"3648x2048\"\n\t\t>\n\t\t\t<a class=\"hogan-gallery-item-link\" href=\"https:\/\/www.normisjon.no\/content\/uploads\/sites\/24\/2020\/06\/IMG_6635.jpg\" itemprop=\"contentUrl\" aria-label=\"\u00c5pne bildegalleri\"><svg viewBox=\"0 0 100 100\" class=\"hogan-gallery-expand-icon\"><path d=\"M90.9 84.5L56.4 50l34.5-34.5v17.8h9.1V0H66.7v9.1h17.8L50 43.6 15.5 9.1h17.8V0H0v33.3h9.1V15.5L43.6 50 9.1 84.5V66.7H0V100h33.3v-9.1H15.5L50 56.4l34.5 34.5H66.7v9.1H100V66.7h-9.1z\"><\/path><\/svg><\/a><img loading=\"lazy\" decoding=\"async\" width=\"1024\" height=\"575\" src=\"https:\/\/www.normisjon.no\/content\/uploads\/sites\/24\/2020\/06\/IMG_6635-1024x575.jpg\" class=\"attachment-large size-large\" alt=\"\" itemprop=\"thumbnail\" srcset=\"https:\/\/www.normisjon.no\/content\/uploads\/sites\/24\/2020\/06\/IMG_6635-1024x575.jpg 1024w, https:\/\/www.normisjon.no\/content\/uploads\/sites\/24\/2020\/06\/IMG_6635-300x168.jpg 300w, https:\/\/www.normisjon.no\/content\/uploads\/sites\/24\/2020\/06\/IMG_6635-768x431.jpg 768w, https:\/\/www.normisjon.no\/content\/uploads\/sites\/24\/2020\/06\/IMG_6635-1920x1078.jpg 1920w, https:\/\/www.normisjon.no\/content\/uploads\/sites\/24\/2020\/06\/IMG_6635-1360x764.jpg 1360w, https:\/\/www.normisjon.no\/content\/uploads\/sites\/24\/2020\/06\/IMG_6635-960x539.jpg 960w\" sizes=\"auto, (max-width: 1024px) 100vw, 1024px\" \/>\t\t<\/figure>\n\t\t\t\t<figure\n\t\t\tclass=\"hogan-gallery-cell\"\n\t\t\titemprop=\"associatedMedia\"\n\t\t\titemscope\n\t\t\titemtype=\"http:\/\/schema.org\/ImageObject\"\n\t\t\tdata-pswp-index=\"2\"\n\t\t\tdata-pswp-size=\"3648x2048\"\n\t\t>\n\t\t\t<a class=\"hogan-gallery-item-link\" href=\"https:\/\/www.normisjon.no\/content\/uploads\/sites\/24\/2020\/06\/IMG_6641.jpg\" itemprop=\"contentUrl\" aria-label=\"\u00c5pne bildegalleri\"><svg viewBox=\"0 0 100 100\" class=\"hogan-gallery-expand-icon\"><path d=\"M90.9 84.5L56.4 50l34.5-34.5v17.8h9.1V0H66.7v9.1h17.8L50 43.6 15.5 9.1h17.8V0H0v33.3h9.1V15.5L43.6 50 9.1 84.5V66.7H0V100h33.3v-9.1H15.5L50 56.4l34.5 34.5H66.7v9.1H100V66.7h-9.1z\"><\/path><\/svg><\/a><img loading=\"lazy\" decoding=\"async\" width=\"1024\" height=\"575\" src=\"https:\/\/www.normisjon.no\/content\/uploads\/sites\/24\/2020\/06\/IMG_6641-1024x575.jpg\" class=\"attachment-large size-large\" alt=\"\" itemprop=\"thumbnail\" srcset=\"https:\/\/www.normisjon.no\/content\/uploads\/sites\/24\/2020\/06\/IMG_6641-1024x575.jpg 1024w, https:\/\/www.normisjon.no\/content\/uploads\/sites\/24\/2020\/06\/IMG_6641-300x168.jpg 300w, https:\/\/www.normisjon.no\/content\/uploads\/sites\/24\/2020\/06\/IMG_6641-768x431.jpg 768w, https:\/\/www.normisjon.no\/content\/uploads\/sites\/24\/2020\/06\/IMG_6641-1920x1078.jpg 1920w, https:\/\/www.normisjon.no\/content\/uploads\/sites\/24\/2020\/06\/IMG_6641-1360x764.jpg 1360w, https:\/\/www.normisjon.no\/content\/uploads\/sites\/24\/2020\/06\/IMG_6641-960x539.jpg 960w\" sizes=\"auto, (max-width: 1024px) 100vw, 1024px\" \/>\t\t<\/figure>\n\t\t\t\t<figure\n\t\t\tclass=\"hogan-gallery-cell\"\n\t\t\titemprop=\"associatedMedia\"\n\t\t\titemscope\n\t\t\titemtype=\"http:\/\/schema.org\/ImageObject\"\n\t\t\tdata-pswp-index=\"3\"\n\t\t\tdata-pswp-size=\"3648x2048\"\n\t\t>\n\t\t\t<a class=\"hogan-gallery-item-link\" href=\"https:\/\/www.normisjon.no\/content\/uploads\/sites\/24\/2020\/06\/IMG_6655.jpg\" itemprop=\"contentUrl\" aria-label=\"\u00c5pne bildegalleri\"><svg viewBox=\"0 0 100 100\" class=\"hogan-gallery-expand-icon\"><path d=\"M90.9 84.5L56.4 50l34.5-34.5v17.8h9.1V0H66.7v9.1h17.8L50 43.6 15.5 9.1h17.8V0H0v33.3h9.1V15.5L43.6 50 9.1 84.5V66.7H0V100h33.3v-9.1H15.5L50 56.4l34.5 34.5H66.7v9.1H100V66.7h-9.1z\"><\/path><\/svg><\/a><img loading=\"lazy\" decoding=\"async\" width=\"1024\" height=\"575\" src=\"https:\/\/www.normisjon.no\/content\/uploads\/sites\/24\/2020\/06\/IMG_6655-1024x575.jpg\" class=\"attachment-large size-large\" alt=\"\" itemprop=\"thumbnail\" srcset=\"https:\/\/www.normisjon.no\/content\/uploads\/sites\/24\/2020\/06\/IMG_6655-1024x575.jpg 1024w, https:\/\/www.normisjon.no\/content\/uploads\/sites\/24\/2020\/06\/IMG_6655-300x168.jpg 300w, https:\/\/www.normisjon.no\/content\/uploads\/sites\/24\/2020\/06\/IMG_6655-768x431.jpg 768w, https:\/\/www.normisjon.no\/content\/uploads\/sites\/24\/2020\/06\/IMG_6655-1920x1078.jpg 1920w, https:\/\/www.normisjon.no\/content\/uploads\/sites\/24\/2020\/06\/IMG_6655-1360x764.jpg 1360w, https:\/\/www.normisjon.no\/content\/uploads\/sites\/24\/2020\/06\/IMG_6655-960x539.jpg 960w\" sizes=\"auto, (max-width: 1024px) 100vw, 1024px\" \/>\t\t<\/figure>\n\t\t\t\t<figure\n\t\t\tclass=\"hogan-gallery-cell\"\n\t\t\titemprop=\"associatedMedia\"\n\t\t\titemscope\n\t\t\titemtype=\"http:\/\/schema.org\/ImageObject\"\n\t\t\tdata-pswp-index=\"4\"\n\t\t\tdata-pswp-size=\"3648x2048\"\n\t\t>\n\t\t\t<a class=\"hogan-gallery-item-link\" href=\"https:\/\/www.normisjon.no\/content\/uploads\/sites\/24\/2020\/06\/IMG_6657.jpg\" itemprop=\"contentUrl\" aria-label=\"\u00c5pne bildegalleri\"><svg viewBox=\"0 0 100 100\" class=\"hogan-gallery-expand-icon\"><path d=\"M90.9 84.5L56.4 50l34.5-34.5v17.8h9.1V0H66.7v9.1h17.8L50 43.6 15.5 9.1h17.8V0H0v33.3h9.1V15.5L43.6 50 9.1 84.5V66.7H0V100h33.3v-9.1H15.5L50 56.4l34.5 34.5H66.7v9.1H100V66.7h-9.1z\"><\/path><\/svg><\/a><img loading=\"lazy\" decoding=\"async\" width=\"1024\" height=\"575\" src=\"https:\/\/www.normisjon.no\/content\/uploads\/sites\/24\/2020\/06\/IMG_6657-1024x575.jpg\" class=\"attachment-large size-large\" alt=\"\" itemprop=\"thumbnail\" srcset=\"https:\/\/www.normisjon.no\/content\/uploads\/sites\/24\/2020\/06\/IMG_6657-1024x575.jpg 1024w, https:\/\/www.normisjon.no\/content\/uploads\/sites\/24\/2020\/06\/IMG_6657-300x168.jpg 300w, https:\/\/www.normisjon.no\/content\/uploads\/sites\/24\/2020\/06\/IMG_6657-768x431.jpg 768w, https:\/\/www.normisjon.no\/content\/uploads\/sites\/24\/2020\/06\/IMG_6657-1920x1078.jpg 1920w, https:\/\/www.normisjon.no\/content\/uploads\/sites\/24\/2020\/06\/IMG_6657-1360x764.jpg 1360w, https:\/\/www.normisjon.no\/content\/uploads\/sites\/24\/2020\/06\/IMG_6657-960x539.jpg 960w\" sizes=\"auto, (max-width: 1024px) 100vw, 1024px\" \/>\t\t<\/figure>\n\t\t\t\t<figure\n\t\t\tclass=\"hogan-gallery-cell\"\n\t\t\titemprop=\"associatedMedia\"\n\t\t\titemscope\n\t\t\titemtype=\"http:\/\/schema.org\/ImageObject\"\n\t\t\tdata-pswp-index=\"5\"\n\t\t\tdata-pswp-size=\"3648x2048\"\n\t\t>\n\t\t\t<a class=\"hogan-gallery-item-link\" href=\"https:\/\/www.normisjon.no\/content\/uploads\/sites\/24\/2020\/06\/IMG_6679.jpg\" itemprop=\"contentUrl\" aria-label=\"\u00c5pne bildegalleri\"><svg viewBox=\"0 0 100 100\" class=\"hogan-gallery-expand-icon\"><path d=\"M90.9 84.5L56.4 50l34.5-34.5v17.8h9.1V0H66.7v9.1h17.8L50 43.6 15.5 9.1h17.8V0H0v33.3h9.1V15.5L43.6 50 9.1 84.5V66.7H0V100h33.3v-9.1H15.5L50 56.4l34.5 34.5H66.7v9.1H100V66.7h-9.1z\"><\/path><\/svg><\/a><img loading=\"lazy\" decoding=\"async\" width=\"1024\" height=\"575\" src=\"https:\/\/www.normisjon.no\/content\/uploads\/sites\/24\/2020\/06\/IMG_6679-1024x575.jpg\" class=\"attachment-large size-large\" alt=\"\" itemprop=\"thumbnail\" srcset=\"https:\/\/www.normisjon.no\/content\/uploads\/sites\/24\/2020\/06\/IMG_6679-1024x575.jpg 1024w, https:\/\/www.normisjon.no\/content\/uploads\/sites\/24\/2020\/06\/IMG_6679-300x168.jpg 300w, https:\/\/www.normisjon.no\/content\/uploads\/sites\/24\/2020\/06\/IMG_6679-768x431.jpg 768w, https:\/\/www.normisjon.no\/content\/uploads\/sites\/24\/2020\/06\/IMG_6679-1920x1078.jpg 1920w, https:\/\/www.normisjon.no\/content\/uploads\/sites\/24\/2020\/06\/IMG_6679-1360x764.jpg 1360w, https:\/\/www.normisjon.no\/content\/uploads\/sites\/24\/2020\/06\/IMG_6679-960x539.jpg 960w\" sizes=\"auto, (max-width: 1024px) 100vw, 1024px\" \/>\t\t<\/figure>\n\t\t\t\t<figure\n\t\t\tclass=\"hogan-gallery-cell\"\n\t\t\titemprop=\"associatedMedia\"\n\t\t\titemscope\n\t\t\titemtype=\"http:\/\/schema.org\/ImageObject\"\n\t\t\tdata-pswp-index=\"6\"\n\t\t\tdata-pswp-size=\"3648x2048\"\n\t\t>\n\t\t\t<a class=\"hogan-gallery-item-link\" href=\"https:\/\/www.normisjon.no\/content\/uploads\/sites\/24\/2020\/06\/IMG_6748.jpg\" itemprop=\"contentUrl\" aria-label=\"\u00c5pne bildegalleri\"><svg viewBox=\"0 0 100 100\" class=\"hogan-gallery-expand-icon\"><path d=\"M90.9 84.5L56.4 50l34.5-34.5v17.8h9.1V0H66.7v9.1h17.8L50 43.6 15.5 9.1h17.8V0H0v33.3h9.1V15.5L43.6 50 9.1 84.5V66.7H0V100h33.3v-9.1H15.5L50 56.4l34.5 34.5H66.7v9.1H100V66.7h-9.1z\"><\/path><\/svg><\/a><img loading=\"lazy\" decoding=\"async\" width=\"1024\" height=\"575\" src=\"https:\/\/www.normisjon.no\/content\/uploads\/sites\/24\/2020\/06\/IMG_6748-1024x575.jpg\" class=\"attachment-large size-large\" alt=\"\" itemprop=\"thumbnail\" srcset=\"https:\/\/www.normisjon.no\/content\/uploads\/sites\/24\/2020\/06\/IMG_6748-1024x575.jpg 1024w, https:\/\/www.normisjon.no\/content\/uploads\/sites\/24\/2020\/06\/IMG_6748-300x168.jpg 300w, https:\/\/www.normisjon.no\/content\/uploads\/sites\/24\/2020\/06\/IMG_6748-768x431.jpg 768w, https:\/\/www.normisjon.no\/content\/uploads\/sites\/24\/2020\/06\/IMG_6748-1920x1078.jpg 1920w, https:\/\/www.normisjon.no\/content\/uploads\/sites\/24\/2020\/06\/IMG_6748-1360x764.jpg 1360w, https:\/\/www.normisjon.no\/content\/uploads\/sites\/24\/2020\/06\/IMG_6748-960x539.jpg 960w\" sizes=\"auto, (max-width: 1024px) 100vw, 1024px\" \/>\t\t<\/figure>\n\t\t\t\t<figure\n\t\t\tclass=\"hogan-gallery-cell\"\n\t\t\titemprop=\"associatedMedia\"\n\t\t\titemscope\n\t\t\titemtype=\"http:\/\/schema.org\/ImageObject\"\n\t\t\tdata-pswp-index=\"7\"\n\t\t\tdata-pswp-size=\"3648x2048\"\n\t\t>\n\t\t\t<a class=\"hogan-gallery-item-link\" href=\"https:\/\/www.normisjon.no\/content\/uploads\/sites\/24\/2020\/06\/IMG_6749.jpg\" itemprop=\"contentUrl\" aria-label=\"\u00c5pne bildegalleri\"><svg viewBox=\"0 0 100 100\" class=\"hogan-gallery-expand-icon\"><path d=\"M90.9 84.5L56.4 50l34.5-34.5v17.8h9.1V0H66.7v9.1h17.8L50 43.6 15.5 9.1h17.8V0H0v33.3h9.1V15.5L43.6 50 9.1 84.5V66.7H0V100h33.3v-9.1H15.5L50 56.4l34.5 34.5H66.7v9.1H100V66.7h-9.1z\"><\/path><\/svg><\/a><img loading=\"lazy\" decoding=\"async\" width=\"1024\" height=\"575\" src=\"https:\/\/www.normisjon.no\/content\/uploads\/sites\/24\/2020\/06\/IMG_6749-1024x575.jpg\" class=\"attachment-large size-large\" alt=\"\" itemprop=\"thumbnail\" srcset=\"https:\/\/www.normisjon.no\/content\/uploads\/sites\/24\/2020\/06\/IMG_6749-1024x575.jpg 1024w, https:\/\/www.normisjon.no\/content\/uploads\/sites\/24\/2020\/06\/IMG_6749-300x168.jpg 300w, https:\/\/www.normisjon.no\/content\/uploads\/sites\/24\/2020\/06\/IMG_6749-768x431.jpg 768w, https:\/\/www.normisjon.no\/content\/uploads\/sites\/24\/2020\/06\/IMG_6749-1920x1078.jpg 1920w, https:\/\/www.normisjon.no\/content\/uploads\/sites\/24\/2020\/06\/IMG_6749-1360x764.jpg 1360w, https:\/\/www.normisjon.no\/content\/uploads\/sites\/24\/2020\/06\/IMG_6749-960x539.jpg 960w\" sizes=\"auto, (max-width: 1024px) 100vw, 1024px\" \/>\t\t<\/figure>\n\t\t<\/div>\n<\/div><\/div>","protected":false},"excerpt":{"rendered":"<p>Sj\u00f8glimt leirstedSj\u00f8glimt Leirsted innbyr til et mangfold av aktiviteter b\u00e5de ut og inne, men har en beliggenhet som gj\u00f8r at fred og ro kan nytes. [&hellip;]<\/p>\n","protected":false},"author":25,"featured_media":106,"parent":0,"menu_order":0,"comment_status":"closed","ping_status":"closed","template":"","meta":{"_acf_changed":false,"footnotes":""},"class_list":["post-105","page","type-page","status-publish","has-post-thumbnail","hentry"],"acf":[],"yoast_head":"<!-- This site is optimized with the Yoast SEO plugin v25.9 - https:\/\/yoast.com\/wordpress\/plugins\/seo\/ -->\n<title>Sj\u00f8glimt - Region \u00d8stfold<\/title>\n<meta name=\"robots\" content=\"index, follow, max-snippet:-1, max-image-preview:large, max-video-preview:-1\" \/>\n<link rel=\"canonical\" href=\"https:\/\/www.normisjon.no\/ostfold\/sjoglimt\/\" \/>\n<meta property=\"og:locale\" content=\"nb_NO\" \/>\n<meta property=\"og:type\" content=\"article\" \/>\n<meta property=\"og:title\" content=\"Sj\u00f8glimt - Region \u00d8stfold\" \/>\n<meta property=\"og:description\" content=\"Sj\u00f8glimt leirstedSj\u00f8glimt Leirsted innbyr til et mangfold av aktiviteter b\u00e5de ut og inne, men har en beliggenhet som gj\u00f8r at fred og ro kan nytes. [&hellip;]\" \/>\n<meta property=\"og:url\" content=\"https:\/\/www.normisjon.no\/ostfold\/sjoglimt\/\" \/>\n<meta property=\"og:site_name\" content=\"Region \u00d8stfold\" \/>\n<meta property=\"article:publisher\" content=\"https:\/\/www.facebook.com\/NormisjonRegionOstfold\" \/>\n<meta property=\"article:modified_time\" content=\"2026-02-19T10:48:51+00:00\" \/>\n<meta property=\"og:image\" content=\"https:\/\/www.normisjon.no\/content\/uploads\/sites\/24\/2018\/05\/IMG_6640-1024x575.jpg\" \/>\n\t<meta property=\"og:image:width\" content=\"1024\" \/>\n\t<meta property=\"og:image:height\" content=\"575\" \/>\n\t<meta property=\"og:image:type\" content=\"image\/jpeg\" \/>\n<meta name=\"twitter:card\" content=\"summary_large_image\" \/>\n<meta name=\"twitter:label1\" content=\"Ansl. lesetid\" \/>\n\t<meta name=\"twitter:data1\" content=\"1 minutt\" \/>\n<script type=\"application\/ld+json\" class=\"yoast-schema-graph\">{\"@context\":\"https:\/\/schema.org\",\"@graph\":[{\"@type\":\"WebPage\",\"@id\":\"https:\/\/www.normisjon.no\/ostfold\/sjoglimt\/\",\"url\":\"https:\/\/www.normisjon.no\/ostfold\/sjoglimt\/\",\"name\":\"Sj\u00f8glimt - Region \u00d8stfold\",\"isPartOf\":{\"@id\":\"https:\/\/www.normisjon.no\/ostfold\/#website\"},\"primaryImageOfPage\":{\"@id\":\"https:\/\/www.normisjon.no\/ostfold\/sjoglimt\/#primaryimage\"},\"image\":{\"@id\":\"https:\/\/www.normisjon.no\/ostfold\/sjoglimt\/#primaryimage\"},\"thumbnailUrl\":\"https:\/\/www.normisjon.no\/content\/uploads\/sites\/24\/2018\/05\/IMG_6640.jpg\",\"datePublished\":\"2018-05-04T12:28:04+00:00\",\"dateModified\":\"2026-02-19T10:48:51+00:00\",\"breadcrumb\":{\"@id\":\"https:\/\/www.normisjon.no\/ostfold\/sjoglimt\/#breadcrumb\"},\"inLanguage\":\"nb-NO\",\"potentialAction\":[{\"@type\":\"ReadAction\",\"target\":[\"https:\/\/www.normisjon.no\/ostfold\/sjoglimt\/\"]}]},{\"@type\":\"ImageObject\",\"inLanguage\":\"nb-NO\",\"@id\":\"https:\/\/www.normisjon.no\/ostfold\/sjoglimt\/#primaryimage\",\"url\":\"https:\/\/www.normisjon.no\/content\/uploads\/sites\/24\/2018\/05\/IMG_6640.jpg\",\"contentUrl\":\"https:\/\/www.normisjon.no\/content\/uploads\/sites\/24\/2018\/05\/IMG_6640.jpg\",\"width\":3648,\"height\":2048},{\"@type\":\"BreadcrumbList\",\"@id\":\"https:\/\/www.normisjon.no\/ostfold\/sjoglimt\/#breadcrumb\",\"itemListElement\":[{\"@type\":\"ListItem\",\"position\":1,\"name\":\"Home\",\"item\":\"https:\/\/www.normisjon.no\/ostfold\/\"},{\"@type\":\"ListItem\",\"position\":2,\"name\":\"Sj\u00f8glimt\"}]},{\"@type\":\"WebSite\",\"@id\":\"https:\/\/www.normisjon.no\/ostfold\/#website\",\"url\":\"https:\/\/www.normisjon.no\/ostfold\/\",\"name\":\"Region \u00d8stfold\",\"description\":\"\",\"publisher\":{\"@id\":\"https:\/\/www.normisjon.no\/ostfold\/#organization\"},\"potentialAction\":[{\"@type\":\"SearchAction\",\"target\":{\"@type\":\"EntryPoint\",\"urlTemplate\":\"https:\/\/www.normisjon.no\/ostfold\/?s={search_term_string}\"},\"query-input\":{\"@type\":\"PropertyValueSpecification\",\"valueRequired\":true,\"valueName\":\"search_term_string\"}}],\"inLanguage\":\"nb-NO\"},{\"@type\":\"Organization\",\"@id\":\"https:\/\/www.normisjon.no\/ostfold\/#organization\",\"name\":\"Region \u00d8stfold\",\"url\":\"https:\/\/www.normisjon.no\/ostfold\/\",\"logo\":{\"@type\":\"ImageObject\",\"inLanguage\":\"nb-NO\",\"@id\":\"https:\/\/www.normisjon.no\/ostfold\/#\/schema\/logo\/image\/\",\"url\":\"https:\/\/www.normisjon.no\/content\/uploads\/sites\/24\/2024\/11\/logo_Normisjon_lang_regionostfold_bla\u2560e.png\",\"contentUrl\":\"https:\/\/www.normisjon.no\/content\/uploads\/sites\/24\/2024\/11\/logo_Normisjon_lang_regionostfold_bla\u2560e.png\",\"width\":1952,\"height\":562,\"caption\":\"Region \u00d8stfold\"},\"image\":{\"@id\":\"https:\/\/www.normisjon.no\/ostfold\/#\/schema\/logo\/image\/\"},\"sameAs\":[\"https:\/\/www.facebook.com\/NormisjonRegionOstfold\"]}]}<\/script>\n<!-- \/ Yoast SEO plugin. -->","yoast_head_json":{"title":"Sj\u00f8glimt - Region \u00d8stfold","robots":{"index":"index","follow":"follow","max-snippet":"max-snippet:-1","max-image-preview":"max-image-preview:large","max-video-preview":"max-video-preview:-1"},"canonical":"https:\/\/www.normisjon.no\/ostfold\/sjoglimt\/","og_locale":"nb_NO","og_type":"article","og_title":"Sj\u00f8glimt - Region \u00d8stfold","og_description":"Sj\u00f8glimt leirstedSj\u00f8glimt Leirsted innbyr til et mangfold av aktiviteter b\u00e5de ut og inne, men har en beliggenhet som gj\u00f8r at fred og ro kan nytes. [&hellip;]","og_url":"https:\/\/www.normisjon.no\/ostfold\/sjoglimt\/","og_site_name":"Region \u00d8stfold","article_publisher":"https:\/\/www.facebook.com\/NormisjonRegionOstfold","article_modified_time":"2026-02-19T10:48:51+00:00","og_image":[{"width":1024,"height":575,"url":"https:\/\/www.normisjon.no\/content\/uploads\/sites\/24\/2018\/05\/IMG_6640-1024x575.jpg","type":"image\/jpeg"}],"twitter_card":"summary_large_image","twitter_misc":{"Ansl. lesetid":"1 minutt"},"schema":{"@context":"https:\/\/schema.org","@graph":[{"@type":"WebPage","@id":"https:\/\/www.normisjon.no\/ostfold\/sjoglimt\/","url":"https:\/\/www.normisjon.no\/ostfold\/sjoglimt\/","name":"Sj\u00f8glimt - Region \u00d8stfold","isPartOf":{"@id":"https:\/\/www.normisjon.no\/ostfold\/#website"},"primaryImageOfPage":{"@id":"https:\/\/www.normisjon.no\/ostfold\/sjoglimt\/#primaryimage"},"image":{"@id":"https:\/\/www.normisjon.no\/ostfold\/sjoglimt\/#primaryimage"},"thumbnailUrl":"https:\/\/www.normisjon.no\/content\/uploads\/sites\/24\/2018\/05\/IMG_6640.jpg","datePublished":"2018-05-04T12:28:04+00:00","dateModified":"2026-02-19T10:48:51+00:00","breadcrumb":{"@id":"https:\/\/www.normisjon.no\/ostfold\/sjoglimt\/#breadcrumb"},"inLanguage":"nb-NO","potentialAction":[{"@type":"ReadAction","target":["https:\/\/www.normisjon.no\/ostfold\/sjoglimt\/"]}]},{"@type":"ImageObject","inLanguage":"nb-NO","@id":"https:\/\/www.normisjon.no\/ostfold\/sjoglimt\/#primaryimage","url":"https:\/\/www.normisjon.no\/content\/uploads\/sites\/24\/2018\/05\/IMG_6640.jpg","contentUrl":"https:\/\/www.normisjon.no\/content\/uploads\/sites\/24\/2018\/05\/IMG_6640.jpg","width":3648,"height":2048},{"@type":"BreadcrumbList","@id":"https:\/\/www.normisjon.no\/ostfold\/sjoglimt\/#breadcrumb","itemListElement":[{"@type":"ListItem","position":1,"name":"Home","item":"https:\/\/www.normisjon.no\/ostfold\/"},{"@type":"ListItem","position":2,"name":"Sj\u00f8glimt"}]},{"@type":"WebSite","@id":"https:\/\/www.normisjon.no\/ostfold\/#website","url":"https:\/\/www.normisjon.no\/ostfold\/","name":"Region \u00d8stfold","description":"","publisher":{"@id":"https:\/\/www.normisjon.no\/ostfold\/#organization"},"potentialAction":[{"@type":"SearchAction","target":{"@type":"EntryPoint","urlTemplate":"https:\/\/www.normisjon.no\/ostfold\/?s={search_term_string}"},"query-input":{"@type":"PropertyValueSpecification","valueRequired":true,"valueName":"search_term_string"}}],"inLanguage":"nb-NO"},{"@type":"Organization","@id":"https:\/\/www.normisjon.no\/ostfold\/#organization","name":"Region \u00d8stfold","url":"https:\/\/www.normisjon.no\/ostfold\/","logo":{"@type":"ImageObject","inLanguage":"nb-NO","@id":"https:\/\/www.normisjon.no\/ostfold\/#\/schema\/logo\/image\/","url":"https:\/\/www.normisjon.no\/content\/uploads\/sites\/24\/2024\/11\/logo_Normisjon_lang_regionostfold_bla\u2560e.png","contentUrl":"https:\/\/www.normisjon.no\/content\/uploads\/sites\/24\/2024\/11\/logo_Normisjon_lang_regionostfold_bla\u2560e.png","width":1952,"height":562,"caption":"Region \u00d8stfold"},"image":{"@id":"https:\/\/www.normisjon.no\/ostfold\/#\/schema\/logo\/image\/"},"sameAs":["https:\/\/www.facebook.com\/NormisjonRegionOstfold"]}]}},"_links":{"self":[{"href":"https:\/\/www.normisjon.no\/ostfold\/wp-json\/wp\/v2\/pages\/105","targetHints":{"allow":["GET"]}}],"collection":[{"href":"https:\/\/www.normisjon.no\/ostfold\/wp-json\/wp\/v2\/pages"}],"about":[{"href":"https:\/\/www.normisjon.no\/ostfold\/wp-json\/wp\/v2\/types\/page"}],"author":[{"embeddable":true,"href":"https:\/\/www.normisjon.no\/ostfold\/wp-json\/wp\/v2\/users\/25"}],"replies":[{"embeddable":true,"href":"https:\/\/www.normisjon.no\/ostfold\/wp-json\/wp\/v2\/comments?post=105"}],"version-history":[{"count":5,"href":"https:\/\/www.normisjon.no\/ostfold\/wp-json\/wp\/v2\/pages\/105\/revisions"}],"predecessor-version":[{"id":5349,"href":"https:\/\/www.normisjon.no\/ostfold\/wp-json\/wp\/v2\/pages\/105\/revisions\/5349"}],"wp:featuredmedia":[{"embeddable":true,"href":"https:\/\/www.normisjon.no\/ostfold\/wp-json\/wp\/v2\/media\/106"}],"wp:attachment":[{"href":"https:\/\/www.normisjon.no\/ostfold\/wp-json\/wp\/v2\/media?parent=105"}],"curies":[{"name":"wp","href":"https:\/\/api.w.org\/{rel}","templated":true}]}}