{"id":4844,"date":"2024-10-14T10:26:52","date_gmt":"2024-10-14T08:26:52","guid":{"rendered":"https:\/\/www.normisjon.no\/ostfold\/?page_id=4844"},"modified":"2024-10-14T10:29:31","modified_gmt":"2024-10-14T08:29:31","slug":"bjornstad-bedehus-feiret-100-ar","status":"publish","type":"page","link":"https:\/\/www.normisjon.no\/ostfold\/bjornstad-bedehus-feiret-100-ar\/","title":{"rendered":"Bj\u00f8rnstad bedehus feiret 100 \u00e5r!"},"content":{"rendered":"<div id=\"module-0\" class=\"hogan-module hogan-module-text hogan-module-0\"><div class=\"hogan-module-inner\"><p>13.-15. september feiret Bj\u00f8rnstad bedehus 100 \u00e5r. Det ble en fantastisk jubileumshelg som samlet flere hundre mennesker. Det var lagd et godt program for hele helgen. Fredag startet med en stor ungdomskveld. Forsamlingen og arrangementskomiteen hadde latt ungdommene bestemme og legge opp hele kvelden selv. De fikk bes\u00f8k av Nahom Zenawi som holdt tale og bedehusets eget Input Band stod for lovsangen. Kvelden ble avsluttet med basar og salg av mat. Det var over 60 bes\u00f8kende og denne kvelden var det flere ungdommer som valgte \u00e5 f\u00f8lge Jesus.<\/p>\n<p>L\u00f8rdagen ble en kjempesuksess! Dette ble en fin familiedag og det yret av barnefamilier i hagen. Mange hadde tatt turen for \u00e5 pr\u00f8ve lykkehjul og hoppeslott, og for mange fristet det ogs\u00e5 med popcorn og sukkerspinn. Kiosken var \u00e5pen hele dagen med b\u00e5de grillmat og vafler. Bedehuset hadde ogs\u00e5 f\u00e5tt bes\u00f8k fra Jonsrud Alpakka. Fire alpakkaer gikk tur i omr\u00e5det og var som en magnet for naboer i boligfeltene rundt.<br \/>\nKl 13.00 braket det l\u00f8s med legokonkurransen \u00abBygg ditt dr\u00f8mmebedehus\u00bb. Kommunikasjons- og markedsleder i Normisjon Kjetil Bergerud Larssen stilte opp som dommer sammen med bygningsingeni\u00f8r Ole Kristian Svartedal. Larssen har selv v\u00e6rt deltager i legokonkurransen Lego Masters p\u00e5 tv. Storesalen ble fylt av ivrige legobyggere som bygde bedehus med b\u00e5de kors, hoppeslott og b\u00e5thavn! Det ble en vanskelig oppgave for Larssen og Svartedal \u00e5 velge vinnere av konkurransen.<\/p>\n<p>L\u00f8rdagen inneholdt ogs\u00e5 seminar med tilbakeblikk p\u00e5 bedehusets historie og veien videre. \u00d8yvind Svensen tok oss gjennom den innholdsrike historien i ord og bilder. Forsamlingsleder Ingunn Pinaas deltok i panelet med veien videre for Bj\u00f8rnstad Forsamling og Kjetil Bergerud Larssen snakket om visjoner og hvordan Normisjon tenker seg at bedehusene skal v\u00e6re i fremtiden. P\u00e5 kvelden holdt Renate og Morten Gjerl\u00f8w Larsen en fantastisk konsert etterfulgt av en lovsangsnatt med lokale musikere. I l\u00f8pet av dagen ble det solgt over 350 p\u00f8lser og hamburgere. Bes\u00f8kstallet var intet mindre og folk som aldri hadde v\u00e6rt p\u00e5 bedehuset f\u00f8r koste seg og gledet seg over arrangementet.<\/p>\n<p>Forsamlingsarbeider i Bj\u00f8rnstad Forsamling Anette Cecilie Bergem Eide ledet s\u00f8ndagens gudstjeneste. Arrangementskomiteen hadde s\u00f8rget for et storfint bes\u00f8k av biskop Kari M. Alvsv\u00e5g som holdt tale. Bj\u00f8rnstad barnegospel, Bj\u00f8rnstad Soul Children, Input Band og Jaffa deltok med sang. Salene p\u00e5 bedehuset var helt fulle med over 200 til stede. Etter gudstjenesten ble det servert middag etterfulgt av kaffe og marsipankake.<\/p>\n<p>Helgen ble avsluttet med en konsert med Bj\u00f8rnstad barnegospel, Input Band, Bj\u00f8rnstad Soul Children og Jaffa med hilsen fra varaordf\u00f8rer Andreas Br\u00e4nnstr\u00f6m og sogneprest Trond Pladsen.<\/p>\n<p>Det var en takknemlig gjeng i Bj\u00f8rnstad Forsamling denne helgen. En helg med stort bes\u00f8k av b\u00e5de kjente og nye ansikter i alle aldre som skapte god stemning b\u00e5de ute og inne!<\/p>\n<p>Tekst Helene Storeheier<br \/>\nFoto Jan Ivar Vik<\/p><\/div><\/div><div id=\"module-1\" class=\"hogan-module hogan-module-gallery hogan-module-1 hogan-gallery-layout-slider\"><div class=\"hogan-module-inner\"><div class=\"hogan-gallery-carousel hogan-gallery-slider hogan-gallery-count-6\" itemscope itemtype=\"http:\/\/schema.org\/ImageGallery\" data-pswp-uid=\"1\">\n\t\t\t<figure\n\t\t\tclass=\"hogan-gallery-cell\"\n\t\t\titemprop=\"associatedMedia\"\n\t\t\titemscope\n\t\t\titemtype=\"http:\/\/schema.org\/ImageObject\"\n\t\t\tdata-pswp-index=\"0\"\n\t\t\tdata-pswp-size=\"2560x1708\"\n\t\t>\n\t\t\t<a class=\"hogan-gallery-item-link\" href=\"https:\/\/www.normisjon.no\/content\/uploads\/sites\/24\/2024\/10\/VIK00038-scaled.jpg\" itemprop=\"contentUrl\" aria-label=\"\u00c5pne bildegalleri\"><svg viewBox=\"0 0 100 100\" class=\"hogan-gallery-expand-icon\"><path d=\"M90.9 84.5L56.4 50l34.5-34.5v17.8h9.1V0H66.7v9.1h17.8L50 43.6 15.5 9.1h17.8V0H0v33.3h9.1V15.5L43.6 50 9.1 84.5V66.7H0V100h33.3v-9.1H15.5L50 56.4l34.5 34.5H66.7v9.1H100V66.7h-9.1z\"><\/path><\/svg><\/a><img loading=\"lazy\" decoding=\"async\" width=\"1024\" height=\"683\" src=\"https:\/\/www.normisjon.no\/content\/uploads\/sites\/24\/2024\/10\/VIK00038-1024x683.jpg\" class=\"attachment-large size-large\" alt=\"\" itemprop=\"thumbnail\" srcset=\"https:\/\/www.normisjon.no\/content\/uploads\/sites\/24\/2024\/10\/VIK00038-1024x683.jpg 1024w, https:\/\/www.normisjon.no\/content\/uploads\/sites\/24\/2024\/10\/VIK00038-300x200.jpg 300w, https:\/\/www.normisjon.no\/content\/uploads\/sites\/24\/2024\/10\/VIK00038-768x512.jpg 768w, https:\/\/www.normisjon.no\/content\/uploads\/sites\/24\/2024\/10\/VIK00038-1536x1025.jpg 1536w, https:\/\/www.normisjon.no\/content\/uploads\/sites\/24\/2024\/10\/VIK00038-2048x1366.jpg 2048w, https:\/\/www.normisjon.no\/content\/uploads\/sites\/24\/2024\/10\/VIK00038-1920x1281.jpg 1920w, https:\/\/www.normisjon.no\/content\/uploads\/sites\/24\/2024\/10\/VIK00038-1360x907.jpg 1360w, https:\/\/www.normisjon.no\/content\/uploads\/sites\/24\/2024\/10\/VIK00038-960x640.jpg 960w\" sizes=\"auto, (max-width: 1024px) 100vw, 1024px\" \/><figcaption class=\"hogan-gallery-caption\" itemprop=\"caption description\">Foto: Jan Ivar Vik - www.vikfoto.no<\/figcaption>\t\t<\/figure>\n\t\t\t\t<figure\n\t\t\tclass=\"hogan-gallery-cell\"\n\t\t\titemprop=\"associatedMedia\"\n\t\t\titemscope\n\t\t\titemtype=\"http:\/\/schema.org\/ImageObject\"\n\t\t\tdata-pswp-index=\"1\"\n\t\t\tdata-pswp-size=\"2560x1708\"\n\t\t>\n\t\t\t<a class=\"hogan-gallery-item-link\" href=\"https:\/\/www.normisjon.no\/content\/uploads\/sites\/24\/2024\/10\/VIK00650-scaled.jpg\" itemprop=\"contentUrl\" aria-label=\"\u00c5pne bildegalleri\"><svg viewBox=\"0 0 100 100\" class=\"hogan-gallery-expand-icon\"><path d=\"M90.9 84.5L56.4 50l34.5-34.5v17.8h9.1V0H66.7v9.1h17.8L50 43.6 15.5 9.1h17.8V0H0v33.3h9.1V15.5L43.6 50 9.1 84.5V66.7H0V100h33.3v-9.1H15.5L50 56.4l34.5 34.5H66.7v9.1H100V66.7h-9.1z\"><\/path><\/svg><\/a><img loading=\"lazy\" decoding=\"async\" width=\"1024\" height=\"683\" src=\"https:\/\/www.normisjon.no\/content\/uploads\/sites\/24\/2024\/10\/VIK00650-1024x683.jpg\" class=\"attachment-large size-large\" alt=\"\" itemprop=\"thumbnail\" srcset=\"https:\/\/www.normisjon.no\/content\/uploads\/sites\/24\/2024\/10\/VIK00650-1024x683.jpg 1024w, https:\/\/www.normisjon.no\/content\/uploads\/sites\/24\/2024\/10\/VIK00650-300x200.jpg 300w, https:\/\/www.normisjon.no\/content\/uploads\/sites\/24\/2024\/10\/VIK00650-768x512.jpg 768w, https:\/\/www.normisjon.no\/content\/uploads\/sites\/24\/2024\/10\/VIK00650-1536x1025.jpg 1536w, https:\/\/www.normisjon.no\/content\/uploads\/sites\/24\/2024\/10\/VIK00650-2048x1366.jpg 2048w, https:\/\/www.normisjon.no\/content\/uploads\/sites\/24\/2024\/10\/VIK00650-1920x1281.jpg 1920w, https:\/\/www.normisjon.no\/content\/uploads\/sites\/24\/2024\/10\/VIK00650-1360x907.jpg 1360w, https:\/\/www.normisjon.no\/content\/uploads\/sites\/24\/2024\/10\/VIK00650-960x640.jpg 960w\" sizes=\"auto, (max-width: 1024px) 100vw, 1024px\" \/><figcaption class=\"hogan-gallery-caption\" itemprop=\"caption description\">Foto: Jan Ivar Vik - www.vikfoto.no<\/figcaption>\t\t<\/figure>\n\t\t\t\t<figure\n\t\t\tclass=\"hogan-gallery-cell\"\n\t\t\titemprop=\"associatedMedia\"\n\t\t\titemscope\n\t\t\titemtype=\"http:\/\/schema.org\/ImageObject\"\n\t\t\tdata-pswp-index=\"2\"\n\t\t\tdata-pswp-size=\"2560x1708\"\n\t\t>\n\t\t\t<a class=\"hogan-gallery-item-link\" href=\"https:\/\/www.normisjon.no\/content\/uploads\/sites\/24\/2024\/10\/VIK08543-scaled.jpg\" itemprop=\"contentUrl\" aria-label=\"\u00c5pne bildegalleri\"><svg viewBox=\"0 0 100 100\" class=\"hogan-gallery-expand-icon\"><path d=\"M90.9 84.5L56.4 50l34.5-34.5v17.8h9.1V0H66.7v9.1h17.8L50 43.6 15.5 9.1h17.8V0H0v33.3h9.1V15.5L43.6 50 9.1 84.5V66.7H0V100h33.3v-9.1H15.5L50 56.4l34.5 34.5H66.7v9.1H100V66.7h-9.1z\"><\/path><\/svg><\/a><img loading=\"lazy\" decoding=\"async\" width=\"1024\" height=\"683\" src=\"https:\/\/www.normisjon.no\/content\/uploads\/sites\/24\/2024\/10\/VIK08543-1024x683.jpg\" class=\"attachment-large size-large\" alt=\"\" itemprop=\"thumbnail\" srcset=\"https:\/\/www.normisjon.no\/content\/uploads\/sites\/24\/2024\/10\/VIK08543-1024x683.jpg 1024w, https:\/\/www.normisjon.no\/content\/uploads\/sites\/24\/2024\/10\/VIK08543-300x200.jpg 300w, https:\/\/www.normisjon.no\/content\/uploads\/sites\/24\/2024\/10\/VIK08543-768x512.jpg 768w, https:\/\/www.normisjon.no\/content\/uploads\/sites\/24\/2024\/10\/VIK08543-1536x1025.jpg 1536w, https:\/\/www.normisjon.no\/content\/uploads\/sites\/24\/2024\/10\/VIK08543-2048x1366.jpg 2048w, https:\/\/www.normisjon.no\/content\/uploads\/sites\/24\/2024\/10\/VIK08543-1920x1281.jpg 1920w, https:\/\/www.normisjon.no\/content\/uploads\/sites\/24\/2024\/10\/VIK08543-1360x907.jpg 1360w, https:\/\/www.normisjon.no\/content\/uploads\/sites\/24\/2024\/10\/VIK08543-960x640.jpg 960w\" sizes=\"auto, (max-width: 1024px) 100vw, 1024px\" \/>\t\t<\/figure>\n\t\t\t\t<figure\n\t\t\tclass=\"hogan-gallery-cell\"\n\t\t\titemprop=\"associatedMedia\"\n\t\t\titemscope\n\t\t\titemtype=\"http:\/\/schema.org\/ImageObject\"\n\t\t\tdata-pswp-index=\"3\"\n\t\t\tdata-pswp-size=\"2560x1708\"\n\t\t>\n\t\t\t<a class=\"hogan-gallery-item-link\" href=\"https:\/\/www.normisjon.no\/content\/uploads\/sites\/24\/2024\/10\/VIK09567-scaled.jpg\" itemprop=\"contentUrl\" aria-label=\"\u00c5pne bildegalleri\"><svg viewBox=\"0 0 100 100\" class=\"hogan-gallery-expand-icon\"><path d=\"M90.9 84.5L56.4 50l34.5-34.5v17.8h9.1V0H66.7v9.1h17.8L50 43.6 15.5 9.1h17.8V0H0v33.3h9.1V15.5L43.6 50 9.1 84.5V66.7H0V100h33.3v-9.1H15.5L50 56.4l34.5 34.5H66.7v9.1H100V66.7h-9.1z\"><\/path><\/svg><\/a><img loading=\"lazy\" decoding=\"async\" width=\"1024\" height=\"683\" src=\"https:\/\/www.normisjon.no\/content\/uploads\/sites\/24\/2024\/10\/VIK09567-1024x683.jpg\" class=\"attachment-large size-large\" alt=\"\" itemprop=\"thumbnail\" srcset=\"https:\/\/www.normisjon.no\/content\/uploads\/sites\/24\/2024\/10\/VIK09567-1024x683.jpg 1024w, https:\/\/www.normisjon.no\/content\/uploads\/sites\/24\/2024\/10\/VIK09567-300x200.jpg 300w, https:\/\/www.normisjon.no\/content\/uploads\/sites\/24\/2024\/10\/VIK09567-768x512.jpg 768w, https:\/\/www.normisjon.no\/content\/uploads\/sites\/24\/2024\/10\/VIK09567-1536x1025.jpg 1536w, https:\/\/www.normisjon.no\/content\/uploads\/sites\/24\/2024\/10\/VIK09567-2048x1366.jpg 2048w, https:\/\/www.normisjon.no\/content\/uploads\/sites\/24\/2024\/10\/VIK09567-1920x1281.jpg 1920w, https:\/\/www.normisjon.no\/content\/uploads\/sites\/24\/2024\/10\/VIK09567-1360x907.jpg 1360w, https:\/\/www.normisjon.no\/content\/uploads\/sites\/24\/2024\/10\/VIK09567-960x640.jpg 960w\" sizes=\"auto, (max-width: 1024px) 100vw, 1024px\" \/><figcaption class=\"hogan-gallery-caption\" itemprop=\"caption description\">Foto: Jan Ivar Vik - www.vikfoto.no<\/figcaption>\t\t<\/figure>\n\t\t\t\t<figure\n\t\t\tclass=\"hogan-gallery-cell\"\n\t\t\titemprop=\"associatedMedia\"\n\t\t\titemscope\n\t\t\titemtype=\"http:\/\/schema.org\/ImageObject\"\n\t\t\tdata-pswp-index=\"4\"\n\t\t\tdata-pswp-size=\"2560x1920\"\n\t\t>\n\t\t\t<a class=\"hogan-gallery-item-link\" href=\"https:\/\/www.normisjon.no\/content\/uploads\/sites\/24\/2024\/10\/20240914_195746-scaled.jpg\" itemprop=\"contentUrl\" aria-label=\"\u00c5pne bildegalleri\"><svg viewBox=\"0 0 100 100\" class=\"hogan-gallery-expand-icon\"><path d=\"M90.9 84.5L56.4 50l34.5-34.5v17.8h9.1V0H66.7v9.1h17.8L50 43.6 15.5 9.1h17.8V0H0v33.3h9.1V15.5L43.6 50 9.1 84.5V66.7H0V100h33.3v-9.1H15.5L50 56.4l34.5 34.5H66.7v9.1H100V66.7h-9.1z\"><\/path><\/svg><\/a><img loading=\"lazy\" decoding=\"async\" width=\"1024\" height=\"768\" src=\"https:\/\/www.normisjon.no\/content\/uploads\/sites\/24\/2024\/10\/20240914_195746-1024x768.jpg\" class=\"attachment-large size-large\" alt=\"\" itemprop=\"thumbnail\" srcset=\"https:\/\/www.normisjon.no\/content\/uploads\/sites\/24\/2024\/10\/20240914_195746-1024x768.jpg 1024w, https:\/\/www.normisjon.no\/content\/uploads\/sites\/24\/2024\/10\/20240914_195746-300x225.jpg 300w, https:\/\/www.normisjon.no\/content\/uploads\/sites\/24\/2024\/10\/20240914_195746-768x576.jpg 768w, https:\/\/www.normisjon.no\/content\/uploads\/sites\/24\/2024\/10\/20240914_195746-1536x1152.jpg 1536w, https:\/\/www.normisjon.no\/content\/uploads\/sites\/24\/2024\/10\/20240914_195746-2048x1536.jpg 2048w, https:\/\/www.normisjon.no\/content\/uploads\/sites\/24\/2024\/10\/20240914_195746-1920x1440.jpg 1920w, https:\/\/www.normisjon.no\/content\/uploads\/sites\/24\/2024\/10\/20240914_195746-1360x1020.jpg 1360w, https:\/\/www.normisjon.no\/content\/uploads\/sites\/24\/2024\/10\/20240914_195746-960x720.jpg 960w\" sizes=\"auto, (max-width: 1024px) 100vw, 1024px\" \/>\t\t<\/figure>\n\t\t\t\t<figure\n\t\t\tclass=\"hogan-gallery-cell\"\n\t\t\titemprop=\"associatedMedia\"\n\t\t\titemscope\n\t\t\titemtype=\"http:\/\/schema.org\/ImageObject\"\n\t\t\tdata-pswp-index=\"5\"\n\t\t\tdata-pswp-size=\"2560x1708\"\n\t\t>\n\t\t\t<a class=\"hogan-gallery-item-link\" href=\"https:\/\/www.normisjon.no\/content\/uploads\/sites\/24\/2024\/10\/VIK00243-scaled.jpg\" itemprop=\"contentUrl\" aria-label=\"\u00c5pne bildegalleri\"><svg viewBox=\"0 0 100 100\" class=\"hogan-gallery-expand-icon\"><path d=\"M90.9 84.5L56.4 50l34.5-34.5v17.8h9.1V0H66.7v9.1h17.8L50 43.6 15.5 9.1h17.8V0H0v33.3h9.1V15.5L43.6 50 9.1 84.5V66.7H0V100h33.3v-9.1H15.5L50 56.4l34.5 34.5H66.7v9.1H100V66.7h-9.1z\"><\/path><\/svg><\/a><img loading=\"lazy\" decoding=\"async\" width=\"1024\" height=\"683\" src=\"https:\/\/www.normisjon.no\/content\/uploads\/sites\/24\/2024\/10\/VIK00243-1024x683.jpg\" class=\"attachment-large size-large\" alt=\"\" itemprop=\"thumbnail\" srcset=\"https:\/\/www.normisjon.no\/content\/uploads\/sites\/24\/2024\/10\/VIK00243-1024x683.jpg 1024w, https:\/\/www.normisjon.no\/content\/uploads\/sites\/24\/2024\/10\/VIK00243-300x200.jpg 300w, https:\/\/www.normisjon.no\/content\/uploads\/sites\/24\/2024\/10\/VIK00243-768x512.jpg 768w, https:\/\/www.normisjon.no\/content\/uploads\/sites\/24\/2024\/10\/VIK00243-1536x1025.jpg 1536w, https:\/\/www.normisjon.no\/content\/uploads\/sites\/24\/2024\/10\/VIK00243-2048x1366.jpg 2048w, https:\/\/www.normisjon.no\/content\/uploads\/sites\/24\/2024\/10\/VIK00243-1920x1281.jpg 1920w, https:\/\/www.normisjon.no\/content\/uploads\/sites\/24\/2024\/10\/VIK00243-1360x907.jpg 1360w, https:\/\/www.normisjon.no\/content\/uploads\/sites\/24\/2024\/10\/VIK00243-960x640.jpg 960w\" sizes=\"auto, (max-width: 1024px) 100vw, 1024px\" \/><figcaption class=\"hogan-gallery-caption\" itemprop=\"caption description\">Foto: Jan Ivar Vik - www.vikfoto.no<\/figcaption>\t\t<\/figure>\n\t\t<\/div>\n<\/div><\/div>","protected":false},"excerpt":{"rendered":"<p>13.-15. september feiret Bj\u00f8rnstad bedehus 100 \u00e5r. Det ble en fantastisk jubileumshelg som samlet flere hundre mennesker. Det var lagd et godt program for hele [&hellip;]<\/p>\n","protected":false},"author":25,"featured_media":0,"parent":0,"menu_order":0,"comment_status":"closed","ping_status":"closed","template":"","meta":{"_acf_changed":false,"footnotes":""},"class_list":["post-4844","page","type-page","status-publish","hentry"],"acf":[],"yoast_head":"<!-- This site is optimized with the Yoast SEO plugin v25.9 - https:\/\/yoast.com\/wordpress\/plugins\/seo\/ -->\n<title>Bj\u00f8rnstad bedehus feiret 100 \u00e5r! - Region \u00d8stfold<\/title>\n<meta name=\"robots\" content=\"index, follow, max-snippet:-1, max-image-preview:large, max-video-preview:-1\" \/>\n<link rel=\"canonical\" href=\"https:\/\/www.normisjon.no\/ostfold\/bjornstad-bedehus-feiret-100-ar\/\" \/>\n<meta property=\"og:locale\" content=\"nb_NO\" \/>\n<meta property=\"og:type\" content=\"article\" \/>\n<meta property=\"og:title\" content=\"Bj\u00f8rnstad bedehus feiret 100 \u00e5r! - Region \u00d8stfold\" \/>\n<meta property=\"og:description\" content=\"13.-15. september feiret Bj\u00f8rnstad bedehus 100 \u00e5r. Det ble en fantastisk jubileumshelg som samlet flere hundre mennesker. Det var lagd et godt program for hele [&hellip;]\" \/>\n<meta property=\"og:url\" content=\"https:\/\/www.normisjon.no\/ostfold\/bjornstad-bedehus-feiret-100-ar\/\" \/>\n<meta property=\"og:site_name\" content=\"Region \u00d8stfold\" \/>\n<meta property=\"article:publisher\" content=\"https:\/\/www.facebook.com\/NormisjonRegionOstfold\" \/>\n<meta property=\"article:modified_time\" content=\"2024-10-14T08:29:31+00:00\" \/>\n<meta name=\"twitter:card\" content=\"summary_large_image\" \/>\n<script type=\"application\/ld+json\" class=\"yoast-schema-graph\">{\"@context\":\"https:\/\/schema.org\",\"@graph\":[{\"@type\":\"WebPage\",\"@id\":\"https:\/\/www.normisjon.no\/ostfold\/bjornstad-bedehus-feiret-100-ar\/\",\"url\":\"https:\/\/www.normisjon.no\/ostfold\/bjornstad-bedehus-feiret-100-ar\/\",\"name\":\"Bj\u00f8rnstad bedehus feiret 100 \u00e5r! - Region \u00d8stfold\",\"isPartOf\":{\"@id\":\"https:\/\/www.normisjon.no\/ostfold\/#website\"},\"datePublished\":\"2024-10-14T08:26:52+00:00\",\"dateModified\":\"2024-10-14T08:29:31+00:00\",\"breadcrumb\":{\"@id\":\"https:\/\/www.normisjon.no\/ostfold\/bjornstad-bedehus-feiret-100-ar\/#breadcrumb\"},\"inLanguage\":\"nb-NO\",\"potentialAction\":[{\"@type\":\"ReadAction\",\"target\":[\"https:\/\/www.normisjon.no\/ostfold\/bjornstad-bedehus-feiret-100-ar\/\"]}]},{\"@type\":\"BreadcrumbList\",\"@id\":\"https:\/\/www.normisjon.no\/ostfold\/bjornstad-bedehus-feiret-100-ar\/#breadcrumb\",\"itemListElement\":[{\"@type\":\"ListItem\",\"position\":1,\"name\":\"Home\",\"item\":\"https:\/\/www.normisjon.no\/ostfold\/\"},{\"@type\":\"ListItem\",\"position\":2,\"name\":\"Bj\u00f8rnstad bedehus feiret 100 \u00e5r!\"}]},{\"@type\":\"WebSite\",\"@id\":\"https:\/\/www.normisjon.no\/ostfold\/#website\",\"url\":\"https:\/\/www.normisjon.no\/ostfold\/\",\"name\":\"Region \u00d8stfold\",\"description\":\"\",\"publisher\":{\"@id\":\"https:\/\/www.normisjon.no\/ostfold\/#organization\"},\"potentialAction\":[{\"@type\":\"SearchAction\",\"target\":{\"@type\":\"EntryPoint\",\"urlTemplate\":\"https:\/\/www.normisjon.no\/ostfold\/?s={search_term_string}\"},\"query-input\":{\"@type\":\"PropertyValueSpecification\",\"valueRequired\":true,\"valueName\":\"search_term_string\"}}],\"inLanguage\":\"nb-NO\"},{\"@type\":\"Organization\",\"@id\":\"https:\/\/www.normisjon.no\/ostfold\/#organization\",\"name\":\"Region \u00d8stfold\",\"url\":\"https:\/\/www.normisjon.no\/ostfold\/\",\"logo\":{\"@type\":\"ImageObject\",\"inLanguage\":\"nb-NO\",\"@id\":\"https:\/\/www.normisjon.no\/ostfold\/#\/schema\/logo\/image\/\",\"url\":\"https:\/\/www.normisjon.no\/content\/uploads\/sites\/24\/2024\/11\/logo_Normisjon_lang_regionostfold_bla\u2560e.png\",\"contentUrl\":\"https:\/\/www.normisjon.no\/content\/uploads\/sites\/24\/2024\/11\/logo_Normisjon_lang_regionostfold_bla\u2560e.png\",\"width\":1952,\"height\":562,\"caption\":\"Region \u00d8stfold\"},\"image\":{\"@id\":\"https:\/\/www.normisjon.no\/ostfold\/#\/schema\/logo\/image\/\"},\"sameAs\":[\"https:\/\/www.facebook.com\/NormisjonRegionOstfold\"]}]}<\/script>\n<!-- \/ Yoast SEO plugin. -->","yoast_head_json":{"title":"Bj\u00f8rnstad bedehus feiret 100 \u00e5r! - Region \u00d8stfold","robots":{"index":"index","follow":"follow","max-snippet":"max-snippet:-1","max-image-preview":"max-image-preview:large","max-video-preview":"max-video-preview:-1"},"canonical":"https:\/\/www.normisjon.no\/ostfold\/bjornstad-bedehus-feiret-100-ar\/","og_locale":"nb_NO","og_type":"article","og_title":"Bj\u00f8rnstad bedehus feiret 100 \u00e5r! - Region \u00d8stfold","og_description":"13.-15. september feiret Bj\u00f8rnstad bedehus 100 \u00e5r. Det ble en fantastisk jubileumshelg som samlet flere hundre mennesker. Det var lagd et godt program for hele [&hellip;]","og_url":"https:\/\/www.normisjon.no\/ostfold\/bjornstad-bedehus-feiret-100-ar\/","og_site_name":"Region \u00d8stfold","article_publisher":"https:\/\/www.facebook.com\/NormisjonRegionOstfold","article_modified_time":"2024-10-14T08:29:31+00:00","twitter_card":"summary_large_image","schema":{"@context":"https:\/\/schema.org","@graph":[{"@type":"WebPage","@id":"https:\/\/www.normisjon.no\/ostfold\/bjornstad-bedehus-feiret-100-ar\/","url":"https:\/\/www.normisjon.no\/ostfold\/bjornstad-bedehus-feiret-100-ar\/","name":"Bj\u00f8rnstad bedehus feiret 100 \u00e5r! - Region \u00d8stfold","isPartOf":{"@id":"https:\/\/www.normisjon.no\/ostfold\/#website"},"datePublished":"2024-10-14T08:26:52+00:00","dateModified":"2024-10-14T08:29:31+00:00","breadcrumb":{"@id":"https:\/\/www.normisjon.no\/ostfold\/bjornstad-bedehus-feiret-100-ar\/#breadcrumb"},"inLanguage":"nb-NO","potentialAction":[{"@type":"ReadAction","target":["https:\/\/www.normisjon.no\/ostfold\/bjornstad-bedehus-feiret-100-ar\/"]}]},{"@type":"BreadcrumbList","@id":"https:\/\/www.normisjon.no\/ostfold\/bjornstad-bedehus-feiret-100-ar\/#breadcrumb","itemListElement":[{"@type":"ListItem","position":1,"name":"Home","item":"https:\/\/www.normisjon.no\/ostfold\/"},{"@type":"ListItem","position":2,"name":"Bj\u00f8rnstad bedehus feiret 100 \u00e5r!"}]},{"@type":"WebSite","@id":"https:\/\/www.normisjon.no\/ostfold\/#website","url":"https:\/\/www.normisjon.no\/ostfold\/","name":"Region \u00d8stfold","description":"","publisher":{"@id":"https:\/\/www.normisjon.no\/ostfold\/#organization"},"potentialAction":[{"@type":"SearchAction","target":{"@type":"EntryPoint","urlTemplate":"https:\/\/www.normisjon.no\/ostfold\/?s={search_term_string}"},"query-input":{"@type":"PropertyValueSpecification","valueRequired":true,"valueName":"search_term_string"}}],"inLanguage":"nb-NO"},{"@type":"Organization","@id":"https:\/\/www.normisjon.no\/ostfold\/#organization","name":"Region \u00d8stfold","url":"https:\/\/www.normisjon.no\/ostfold\/","logo":{"@type":"ImageObject","inLanguage":"nb-NO","@id":"https:\/\/www.normisjon.no\/ostfold\/#\/schema\/logo\/image\/","url":"https:\/\/www.normisjon.no\/content\/uploads\/sites\/24\/2024\/11\/logo_Normisjon_lang_regionostfold_bla\u2560e.png","contentUrl":"https:\/\/www.normisjon.no\/content\/uploads\/sites\/24\/2024\/11\/logo_Normisjon_lang_regionostfold_bla\u2560e.png","width":1952,"height":562,"caption":"Region \u00d8stfold"},"image":{"@id":"https:\/\/www.normisjon.no\/ostfold\/#\/schema\/logo\/image\/"},"sameAs":["https:\/\/www.facebook.com\/NormisjonRegionOstfold"]}]}},"_links":{"self":[{"href":"https:\/\/www.normisjon.no\/ostfold\/wp-json\/wp\/v2\/pages\/4844","targetHints":{"allow":["GET"]}}],"collection":[{"href":"https:\/\/www.normisjon.no\/ostfold\/wp-json\/wp\/v2\/pages"}],"about":[{"href":"https:\/\/www.normisjon.no\/ostfold\/wp-json\/wp\/v2\/types\/page"}],"author":[{"embeddable":true,"href":"https:\/\/www.normisjon.no\/ostfold\/wp-json\/wp\/v2\/users\/25"}],"replies":[{"embeddable":true,"href":"https:\/\/www.normisjon.no\/ostfold\/wp-json\/wp\/v2\/comments?post=4844"}],"version-history":[{"count":3,"href":"https:\/\/www.normisjon.no\/ostfold\/wp-json\/wp\/v2\/pages\/4844\/revisions"}],"predecessor-version":[{"id":4848,"href":"https:\/\/www.normisjon.no\/ostfold\/wp-json\/wp\/v2\/pages\/4844\/revisions\/4848"}],"wp:attachment":[{"href":"https:\/\/www.normisjon.no\/ostfold\/wp-json\/wp\/v2\/media?parent=4844"}],"curies":[{"name":"wp","href":"https:\/\/api.w.org\/{rel}","templated":true}]}}