{"id":370,"date":"2018-05-16T16:01:16","date_gmt":"2018-05-16T14:01:16","guid":{"rendered":"https:\/\/www.normisjon.no\/region-rogaland\/?page_id=370"},"modified":"2020-11-05T14:23:22","modified_gmt":"2020-11-05T13:23:22","slug":"gi-en-gave","status":"publish","type":"page","link":"https:\/\/www.normisjon.no\/rogaland\/gi-en-gave\/","title":{"rendered":"Gi en gave"},"content":{"rendered":"<div id=\"module-0\" class=\"hogan-module hogan-module-banner hogan-module-0 normisjon-banner-button-default hogan-banner-content-center hogan-module-width-full hogan-banner-theme-dark-transparent hogan-banner-layout-full hogan-banner-text-center\"><div class=\"hogan-module-inner\"><div class=\"hogan-banner\">\n\t<div class=\"hogan-banner-column hogan-banner-image hogan-banner-dim-image\">\n\t\t<img loading=\"lazy\" decoding=\"async\" width=\"1920\" height=\"1555\" src=\"https:\/\/www.normisjon.no\/content\/uploads\/sites\/18\/2018\/06\/collaboration-community-cooperation-461049-1920x1555.jpg\" class=\"attachment-full-width size-full-width\" alt=\"\" srcset=\"https:\/\/www.normisjon.no\/content\/uploads\/sites\/18\/2018\/06\/collaboration-community-cooperation-461049-1920x1555.jpg 1920w, https:\/\/www.normisjon.no\/content\/uploads\/sites\/18\/2018\/06\/collaboration-community-cooperation-461049-300x243.jpg 300w, https:\/\/www.normisjon.no\/content\/uploads\/sites\/18\/2018\/06\/collaboration-community-cooperation-461049-768x622.jpg 768w, https:\/\/www.normisjon.no\/content\/uploads\/sites\/18\/2018\/06\/collaboration-community-cooperation-461049-1024x829.jpg 1024w, https:\/\/www.normisjon.no\/content\/uploads\/sites\/18\/2018\/06\/collaboration-community-cooperation-461049-1360x1102.jpg 1360w, https:\/\/www.normisjon.no\/content\/uploads\/sites\/18\/2018\/06\/collaboration-community-cooperation-461049-960x778.jpg 960w\" sizes=\"auto, (max-width: 1920px) 100vw, 1920px\" \/>\t<\/div>\n\t\t\t<div class=\"hogan-banner-column hogan-banner-content\">\n\t\t\t<div class=\"hogan-banner-content-inner\">\n\t\t\t\t<h2 class=\"hogan-heading\">Gi en gave til Normisjon region Rogaland<\/h2><p>Takk for at du \u00f8nsker \u00e5 gi en gave til arbeidet v\u00e5rt.<\/p>\n<p>Kontonummer: 3000.14.71267<br \/>\nVipps: #15277 <\/p>\n<p>Du er en del av noe st\u00f8rre, og f\u00e5r v\u00e6re med p\u00e5 \u00e5 gi Jesus Kristus til nye generasjoner og folkeslag.<\/p>\n\t\t\t<\/div>\n\t\t<\/div>\n\t<\/div>\n<\/div><\/div><div id=\"module-1\" class=\"hogan-module hogan-module-grid hogan-module-1\"><div class=\"hogan-module-inner\"><h2 class=\"hogan-heading\">Bli giver og medlem<\/h2><div class=\"hogan-grid hogan-grid-text-center hogan-grid-size-dynamic\">\n\t<div class=\"hogan-grid-inner\">\n\t\t\t\t\t<div class=\"hogan-grid-item hogan-grid-item-size-small hogan-grid-item-type-savage_custom_card savage-has-image savage-has-background savage-bg-default savage-has-heading\">\n\t\t\t\t<div class=\"hogan-grid-item-inner\">\n\t\t\t\t\t<div class=\"savage-card-image\">\n\t<div class=\"savage-card-image-inner\">\n\t\t<span class=\"savage-card-image-image\" style=\"background-image: url(https:\/\/www.normisjon.no\/content\/uploads\/sites\/18\/2026\/01\/Vector-1.png);\"><\/span>\t<\/div>\n<\/div>\n\t\t<div class=\"savage-card-body\">\n\t\t\t<div class=\"savage-card-body-inner\">\n\t\t\t\t<h2 class=\"savage-card-heading\">Bli fast giver<\/h2>\t\t\t<\/div>\n\t\t<\/div>\n\t\t<a href=\"https:\/\/normisjon.profundo.no\/gi_normisjonrogaland\" class=\"savage-card-link\" target=\"_blank\"><span class=\"screen-reader-text\">Read article &quot;Bli fast giver&quot;<\/span><\/a>\t\t\t\t<\/div>\n\t\t\t<\/div>\n\t\t\t\t\t\t<div class=\"hogan-grid-item hogan-grid-item-size-small hogan-grid-item-type-savage_custom_card savage-has-image savage-has-background savage-bg-default savage-has-heading savage-has-excerpt\">\n\t\t\t\t<div class=\"hogan-grid-item-inner\">\n\t\t\t\t\t<div class=\"savage-card-image\">\n\t<div class=\"savage-card-image-inner\">\n\t\t<span class=\"savage-card-image-image\" style=\"background-image: url(https:\/\/www.normisjon.no\/content\/uploads\/sites\/18\/2020\/11\/direktemedlem_bibelskole-1-880x587-768x512.jpg);\"><\/span>\t<\/div>\n<\/div>\n\t\t<div class=\"savage-card-body\">\n\t\t\t<div class=\"savage-card-body-inner\">\n\t\t\t\t<h2 class=\"savage-card-heading\">Bli direktemedlem<\/h2><p class=\"savage-card-excerpt\">i Normisjon<\/p>\t\t\t<\/div>\n\t\t<\/div>\n\t\t<a href=\"https:\/\/www.normisjon.no\/engasjer-deg\/bli-medlem\/\" class=\"savage-card-link\" target=\"_blank\"><span class=\"screen-reader-text\">Bli direktemedlem<\/span><\/a>\t\t\t\t<\/div>\n\t\t\t<\/div>\n\t\t\t\t<\/div>\n<\/div>\n<\/div><\/div>","protected":false},"excerpt":{"rendered":"<p>Gi en gave til Normisjon region RogalandTakk for at du \u00f8nsker \u00e5 gi en gave til arbeidet v\u00e5rt. Kontonummer: 3000.14.71267 Vipps: #15277 Du er en [&hellip;]<\/p>\n","protected":false},"author":21,"featured_media":0,"parent":0,"menu_order":0,"comment_status":"closed","ping_status":"closed","template":"","meta":{"_acf_changed":false,"footnotes":""},"class_list":["post-370","page","type-page","status-publish","hentry"],"acf":[],"yoast_head":"<!-- This site is optimized with the Yoast SEO plugin v25.9 - https:\/\/yoast.com\/wordpress\/plugins\/seo\/ -->\n<title>Gi en gave - Region Rogaland<\/title>\n<meta name=\"robots\" content=\"index, follow, max-snippet:-1, max-image-preview:large, max-video-preview:-1\" \/>\n<link rel=\"canonical\" href=\"https:\/\/www.normisjon.no\/rogaland\/gi-en-gave\/\" \/>\n<meta property=\"og:locale\" content=\"nb_NO\" \/>\n<meta property=\"og:type\" content=\"article\" \/>\n<meta property=\"og:title\" content=\"Gi en gave - Region Rogaland\" \/>\n<meta property=\"og:description\" content=\"Gi en gave til Normisjon region RogalandTakk for at du \u00f8nsker \u00e5 gi en gave til arbeidet v\u00e5rt. Kontonummer: 3000.14.71267 Vipps: #15277 Du er en [&hellip;]\" \/>\n<meta property=\"og:url\" content=\"https:\/\/www.normisjon.no\/rogaland\/gi-en-gave\/\" \/>\n<meta property=\"og:site_name\" content=\"Region Rogaland\" \/>\n<meta property=\"article:modified_time\" content=\"2020-11-05T13:23:22+00:00\" \/>\n<meta name=\"twitter:card\" content=\"summary_large_image\" \/>\n<script type=\"application\/ld+json\" class=\"yoast-schema-graph\">{\"@context\":\"https:\/\/schema.org\",\"@graph\":[{\"@type\":\"WebPage\",\"@id\":\"https:\/\/www.normisjon.no\/rogaland\/gi-en-gave\/\",\"url\":\"https:\/\/www.normisjon.no\/rogaland\/gi-en-gave\/\",\"name\":\"Gi en gave - Region Rogaland\",\"isPartOf\":{\"@id\":\"https:\/\/www.normisjon.no\/rogaland\/#website\"},\"datePublished\":\"2018-05-16T14:01:16+00:00\",\"dateModified\":\"2020-11-05T13:23:22+00:00\",\"breadcrumb\":{\"@id\":\"https:\/\/www.normisjon.no\/rogaland\/gi-en-gave\/#breadcrumb\"},\"inLanguage\":\"nb-NO\",\"potentialAction\":[{\"@type\":\"ReadAction\",\"target\":[\"https:\/\/www.normisjon.no\/rogaland\/gi-en-gave\/\"]}]},{\"@type\":\"BreadcrumbList\",\"@id\":\"https:\/\/www.normisjon.no\/rogaland\/gi-en-gave\/#breadcrumb\",\"itemListElement\":[{\"@type\":\"ListItem\",\"position\":1,\"name\":\"Home\",\"item\":\"https:\/\/www.normisjon.no\/rogaland\/\"},{\"@type\":\"ListItem\",\"position\":2,\"name\":\"Gi en gave\"}]},{\"@type\":\"WebSite\",\"@id\":\"https:\/\/www.normisjon.no\/rogaland\/#website\",\"url\":\"https:\/\/www.normisjon.no\/rogaland\/\",\"name\":\"Region Rogaland\",\"description\":\"\",\"potentialAction\":[{\"@type\":\"SearchAction\",\"target\":{\"@type\":\"EntryPoint\",\"urlTemplate\":\"https:\/\/www.normisjon.no\/rogaland\/?s={search_term_string}\"},\"query-input\":{\"@type\":\"PropertyValueSpecification\",\"valueRequired\":true,\"valueName\":\"search_term_string\"}}],\"inLanguage\":\"nb-NO\"}]}<\/script>\n<!-- \/ Yoast SEO plugin. -->","yoast_head_json":{"title":"Gi en gave - Region Rogaland","robots":{"index":"index","follow":"follow","max-snippet":"max-snippet:-1","max-image-preview":"max-image-preview:large","max-video-preview":"max-video-preview:-1"},"canonical":"https:\/\/www.normisjon.no\/rogaland\/gi-en-gave\/","og_locale":"nb_NO","og_type":"article","og_title":"Gi en gave - Region Rogaland","og_description":"Gi en gave til Normisjon region RogalandTakk for at du \u00f8nsker \u00e5 gi en gave til arbeidet v\u00e5rt. Kontonummer: 3000.14.71267 Vipps: #15277 Du er en [&hellip;]","og_url":"https:\/\/www.normisjon.no\/rogaland\/gi-en-gave\/","og_site_name":"Region Rogaland","article_modified_time":"2020-11-05T13:23:22+00:00","twitter_card":"summary_large_image","schema":{"@context":"https:\/\/schema.org","@graph":[{"@type":"WebPage","@id":"https:\/\/www.normisjon.no\/rogaland\/gi-en-gave\/","url":"https:\/\/www.normisjon.no\/rogaland\/gi-en-gave\/","name":"Gi en gave - Region Rogaland","isPartOf":{"@id":"https:\/\/www.normisjon.no\/rogaland\/#website"},"datePublished":"2018-05-16T14:01:16+00:00","dateModified":"2020-11-05T13:23:22+00:00","breadcrumb":{"@id":"https:\/\/www.normisjon.no\/rogaland\/gi-en-gave\/#breadcrumb"},"inLanguage":"nb-NO","potentialAction":[{"@type":"ReadAction","target":["https:\/\/www.normisjon.no\/rogaland\/gi-en-gave\/"]}]},{"@type":"BreadcrumbList","@id":"https:\/\/www.normisjon.no\/rogaland\/gi-en-gave\/#breadcrumb","itemListElement":[{"@type":"ListItem","position":1,"name":"Home","item":"https:\/\/www.normisjon.no\/rogaland\/"},{"@type":"ListItem","position":2,"name":"Gi en gave"}]},{"@type":"WebSite","@id":"https:\/\/www.normisjon.no\/rogaland\/#website","url":"https:\/\/www.normisjon.no\/rogaland\/","name":"Region Rogaland","description":"","potentialAction":[{"@type":"SearchAction","target":{"@type":"EntryPoint","urlTemplate":"https:\/\/www.normisjon.no\/rogaland\/?s={search_term_string}"},"query-input":{"@type":"PropertyValueSpecification","valueRequired":true,"valueName":"search_term_string"}}],"inLanguage":"nb-NO"}]}},"_links":{"self":[{"href":"https:\/\/www.normisjon.no\/rogaland\/wp-json\/wp\/v2\/pages\/370","targetHints":{"allow":["GET"]}}],"collection":[{"href":"https:\/\/www.normisjon.no\/rogaland\/wp-json\/wp\/v2\/pages"}],"about":[{"href":"https:\/\/www.normisjon.no\/rogaland\/wp-json\/wp\/v2\/types\/page"}],"author":[{"embeddable":true,"href":"https:\/\/www.normisjon.no\/rogaland\/wp-json\/wp\/v2\/users\/21"}],"replies":[{"embeddable":true,"href":"https:\/\/www.normisjon.no\/rogaland\/wp-json\/wp\/v2\/comments?post=370"}],"version-history":[{"count":3,"href":"https:\/\/www.normisjon.no\/rogaland\/wp-json\/wp\/v2\/pages\/370\/revisions"}],"predecessor-version":[{"id":3932,"href":"https:\/\/www.normisjon.no\/rogaland\/wp-json\/wp\/v2\/pages\/370\/revisions\/3932"}],"wp:attachment":[{"href":"https:\/\/www.normisjon.no\/rogaland\/wp-json\/wp\/v2\/media?parent=370"}],"curies":[{"name":"wp","href":"https:\/\/api.w.org\/{rel}","templated":true}]}}