{"id":52,"date":"2018-05-02T14:18:52","date_gmt":"2018-05-02T12:18:52","guid":{"rendered":"https:\/\/www.normisjon.no\/region-rogaland\/?page_id=52"},"modified":"2026-04-26T00:57:21","modified_gmt":"2026-04-25T22:57:21","slug":"forside","status":"publish","type":"page","link":"https:\/\/www.normisjon.no\/rogaland\/","title":{"rendered":"Forside"},"content":{"rendered":"<div id=\"module-0\" class=\"hogan-module hogan-module-banner hogan-module-0 normisjon-banner-button-default hogan-banner-content-left hogan-module-width-full hogan-banner-theme-dark-transparent hogan-banner-layout-full hogan-banner-text-center\"><div class=\"hogan-module-inner\"><div class=\"hogan-banner\">\n\t<div class=\"hogan-banner-column hogan-banner-image hogan-banner-dim-image\">\n\t\t<img loading=\"lazy\" decoding=\"async\" width=\"1920\" height=\"1280\" src=\"https:\/\/www.normisjon.no\/content\/uploads\/sites\/18\/2018\/06\/IMG_5878-1920x1280.jpg\" class=\"attachment-full-width size-full-width\" alt=\"\" srcset=\"https:\/\/www.normisjon.no\/content\/uploads\/sites\/18\/2018\/06\/IMG_5878-1920x1280.jpg 1920w, https:\/\/www.normisjon.no\/content\/uploads\/sites\/18\/2018\/06\/IMG_5878-300x200.jpg 300w, https:\/\/www.normisjon.no\/content\/uploads\/sites\/18\/2018\/06\/IMG_5878-768x512.jpg 768w, https:\/\/www.normisjon.no\/content\/uploads\/sites\/18\/2018\/06\/IMG_5878-1024x683.jpg 1024w, https:\/\/www.normisjon.no\/content\/uploads\/sites\/18\/2018\/06\/IMG_5878-1360x907.jpg 1360w, https:\/\/www.normisjon.no\/content\/uploads\/sites\/18\/2018\/06\/IMG_5878-960x640.jpg 960w\" sizes=\"auto, (max-width: 1920px) 100vw, 1920px\" \/>\t<\/div>\n\t\t\t<div class=\"hogan-banner-column hogan-banner-content\">\n\t\t\t<div class=\"hogan-banner-content-inner\">\n\t\t\t\t<h2 class=\"hogan-heading\">Normisjon region Rogaland<\/h2>\t\t\t<\/div>\n\t\t<\/div>\n\t<\/div>\n<\/div><\/div><div id=\"module-1\" class=\"hogan-module hogan-module-grid hogan-module-1 hogan-grid-has-theme hogan-grid-theme-gainsboro\"><div class=\"hogan-module-inner\"><h2 class=\"hogan-heading\">Nyheter Rogaland<\/h2><div class=\"hogan-grid hogan-grid-text-center hogan-grid-size-dynamic\">\n\t<div class=\"hogan-grid-inner\">\n\t\t\t\t\t<div class=\"hogan-grid-item hogan-grid-item-size-small hogan-grid-item-type-post savage-has-image savage-has-heading\">\n\t\t\t\t<div class=\"hogan-grid-item-inner\">\n\t\t\t\t\t<div class=\"savage-card-image\">\n\t<div class=\"savage-card-image-inner\">\n\t\t<span class=\"savage-card-image-image\" style=\"background-image: url(https:\/\/www.normisjon.no\/content\/uploads\/sites\/18\/2026\/04\/Nye-Horve_Bilde1-768x421.png);\"><\/span>\t<\/div>\n<\/div>\n\t\t<div class=\"savage-card-body\">\n\t\t\t<div class=\"savage-card-body-inner\">\n\t\t\t\t<div class=\"savage-card__date\">Publisert: 21. april 2026<\/div><h2 class=\"savage-card-heading\">Historisk vedtak p\u00e5 \u00e5rsm\u00f8tet 18. april 2026!<\/h2>\t\t\t<\/div>\n\t\t<\/div>\n\t\t<a href=\"https:\/\/www.normisjon.no\/rogaland\/2026\/04\/21\/historisk-vedtak-pa-arsmotet-18-april-2026\/\" class=\"savage-card-link\"><span class=\"screen-reader-text\">Read article &quot;Historisk vedtak p\u00e5 \u00e5rsm\u00f8tet 18. april 2026!&quot;<\/span><\/a>\t\t\t\t<\/div>\n\t\t\t<\/div>\n\t\t\t\t\t\t<div class=\"hogan-grid-item hogan-grid-item-size-small hogan-grid-item-type-post savage-has-image savage-has-heading\">\n\t\t\t\t<div class=\"hogan-grid-item-inner\">\n\t\t\t\t\t<div class=\"savage-card-image\">\n\t<div class=\"savage-card-image-inner\">\n\t\t<span class=\"savage-card-image-image\" style=\"background-image: url(https:\/\/www.normisjon.no\/content\/uploads\/sites\/18\/2026\/04\/wyldlife-768x324.jpg);\"><\/span>\t<\/div>\n<\/div>\n\t\t<div class=\"savage-card-body\">\n\t\t\t<div class=\"savage-card-body-inner\">\n\t\t\t\t<div class=\"savage-card__date\">Publisert: 15. april 2026<\/div><h2 class=\"savage-card-heading\">Wyldlife; Mye Jesus, fellesskap, latter og opplevelser\u2026 og litt galskap.<\/h2>\t\t\t<\/div>\n\t\t<\/div>\n\t\t<a href=\"https:\/\/www.normisjon.no\/rogaland\/2026\/04\/15\/wyldlife-mye-jesus-fellesskap-latter-og-opplevelser-og-litt-galskap\/\" class=\"savage-card-link\"><span class=\"screen-reader-text\">Read article &quot;Wyldlife; Mye Jesus, fellesskap, latter og opplevelser\u2026 og litt galskap.&quot;<\/span><\/a>\t\t\t\t<\/div>\n\t\t\t<\/div>\n\t\t\t\t\t\t<div class=\"hogan-grid-item hogan-grid-item-size-small hogan-grid-item-type-post savage-has-image savage-has-heading\">\n\t\t\t\t<div class=\"hogan-grid-item-inner\">\n\t\t\t\t\t<div class=\"savage-card-image\">\n\t<div class=\"savage-card-image-inner\">\n\t\t<span class=\"savage-card-image-image\" style=\"background-image: url(https:\/\/www.normisjon.no\/content\/uploads\/sites\/18\/2026\/04\/sak-3-bilde-1.png);\"><\/span>\t<\/div>\n<\/div>\n\t\t<div class=\"savage-card-body\">\n\t\t\t<div class=\"savage-card-body-inner\">\n\t\t\t\t<div class=\"savage-card__date\">Publisert: 15. april 2026<\/div><h2 class=\"savage-card-heading\">Fra dr\u00f8m til menighet p\u00e5 Haugalandet<\/h2>\t\t\t<\/div>\n\t\t<\/div>\n\t\t<a href=\"https:\/\/www.normisjon.no\/rogaland\/2026\/04\/15\/fra-drom-til-menighet-pa-haugalandet\/\" class=\"savage-card-link\"><span class=\"screen-reader-text\">Read article &quot;Fra dr\u00f8m til menighet p\u00e5 Haugalandet&quot;<\/span><\/a>\t\t\t\t<\/div>\n\t\t\t<\/div>\n\t\t\t\t\t\t<div class=\"hogan-grid-item hogan-grid-item-size-small hogan-grid-item-type-post savage-has-image savage-has-heading savage-has-excerpt\">\n\t\t\t\t<div class=\"hogan-grid-item-inner\">\n\t\t\t\t\t<div class=\"savage-card-image\">\n\t<div class=\"savage-card-image-inner\">\n\t\t<span class=\"savage-card-image-image\" style=\"background-image: url(https:\/\/www.normisjon.no\/content\/uploads\/sites\/18\/2026\/04\/Horve-reunion-768x480.jpg);\"><\/span>\t<\/div>\n<\/div>\n\t\t<div class=\"savage-card-body\">\n\t\t\t<div class=\"savage-card-body-inner\">\n\t\t\t\t<div class=\"savage-card__date\">Publisert: 14. april 2026<\/div><h2 class=\"savage-card-heading\">Reunion p\u00e5 Horve<\/h2><p class=\"savage-card-excerpt\">13. mai kl.18.00<\/p>\t\t\t<\/div>\n\t\t<\/div>\n\t\t<a href=\"https:\/\/www.normisjon.no\/rogaland\/2026\/04\/14\/reunion-pa-horve\/\" class=\"savage-card-link\"><span class=\"screen-reader-text\">Read article &quot;Reunion p\u00e5 Horve&quot;<\/span><\/a>\t\t\t\t<\/div>\n\t\t\t<\/div>\n\t\t\t\t\t\t<div class=\"hogan-grid-item hogan-grid-item-size-small hogan-grid-item-type-post savage-has-image savage-has-heading\">\n\t\t\t\t<div class=\"hogan-grid-item-inner\">\n\t\t\t\t\t<div class=\"savage-card-image\">\n\t<div class=\"savage-card-image-inner\">\n\t\t<span class=\"savage-card-image-image\" style=\"background-image: url(https:\/\/www.normisjon.no\/content\/uploads\/sites\/18\/2026\/01\/Region_Midtstilt_Rogaland_oransje-768x762.jpg);\"><\/span>\t<\/div>\n<\/div>\n\t\t<div class=\"savage-card-body\">\n\t\t\t<div class=\"savage-card-body-inner\">\n\t\t\t\t<div class=\"savage-card__date\">Publisert: 11. mars 2026<\/div><h2 class=\"savage-card-heading\">Velkommen til \u00abLitt MER\u00bb<\/h2>\t\t\t<\/div>\n\t\t<\/div>\n\t\t<a href=\"https:\/\/www.normisjon.no\/rogaland\/2026\/03\/11\/velkommen-til-litt-mer-2\/\" class=\"savage-card-link\"><span class=\"screen-reader-text\">Read article &quot;Velkommen til \u00abLitt MER\u00bb&quot;<\/span><\/a>\t\t\t\t<\/div>\n\t\t\t<\/div>\n\t\t\t\t\t\t<div class=\"hogan-grid-item hogan-grid-item-size-small hogan-grid-item-type-post savage-has-image savage-has-heading savage-has-excerpt\">\n\t\t\t\t<div class=\"hogan-grid-item-inner\">\n\t\t\t\t\t<div class=\"savage-card-image\">\n\t<div class=\"savage-card-image-inner\">\n\t\t<span class=\"savage-card-image-image\" style=\"background-image: url(https:\/\/www.normisjon.no\/content\/uploads\/sites\/18\/2026\/03\/Kambodsja_1-768x576.jpg);\"><\/span>\t<\/div>\n<\/div>\n\t\t<div class=\"savage-card-body\">\n\t\t\t<div class=\"savage-card-body-inner\">\n\t\t\t\t<div class=\"savage-card__date\">Publisert: 11. mars 2026<\/div><h2 class=\"savage-card-heading\">Guds rike ER kommet n\u00e6r<\/h2><p class=\"savage-card-excerpt\">Les om hva Gud gj\u00f8r i Kambodsja<\/p>\t\t\t<\/div>\n\t\t<\/div>\n\t\t<a href=\"https:\/\/www.normisjon.no\/rogaland\/2026\/03\/11\/guds-rike-er-kommet-naer\/\" class=\"savage-card-link\"><span class=\"screen-reader-text\">Read article &quot;Guds rike ER kommet n\u00e6r&quot;<\/span><\/a>\t\t\t\t<\/div>\n\t\t\t<\/div>\n\t\t\t\t<\/div>\n<\/div>\n<\/div><\/div><div id=\"module-2\" class=\"hogan-module hogan-module-grid hogan-module-2 hogan-grid-has-theme hogan-grid-theme-blue\"><div class=\"hogan-module-inner\"><h2 class=\"hogan-heading\">Arrangementer<\/h2><div class=\"hogan-grid hogan-grid-text-center hogan-grid-size-dynamic\">\n\t<div class=\"hogan-grid-inner\">\n\t\t\t\t\t<div class=\"hogan-grid-item hogan-grid-item-size-small hogan-grid-item-type-post savage-has-image savage-has-heading savage-has-excerpt\">\n\t\t\t\t<div class=\"hogan-grid-item-inner\">\n\t\t\t\t\t<div class=\"savage-card-image\">\n\t<div class=\"savage-card-image-inner\">\n\t\t<span class=\"savage-card-image-image\" style=\"background-image: url(https:\/\/www.normisjon.no\/content\/uploads\/sites\/18\/2026\/04\/Normisjonsfesten-Vaulali-bilde_bred_Skjermbilde-2026-04-08-123630-768x480.png);\"><\/span>\t<\/div>\n<\/div>\n\t\t<div class=\"savage-card-body\">\n\t\t\t<div class=\"savage-card-body-inner\">\n\t\t\t\t<div class=\"savage-card__date\">Publisert: 8. april 2026<\/div><h2 class=\"savage-card-heading\">Normisjonsfesten &laquo;Litt MER&raquo; p\u00e5 Vaulali 2026<\/h2><p class=\"savage-card-excerpt\">11. mai kl.18<\/p>\t\t\t<\/div>\n\t\t<\/div>\n\t\t<a href=\"https:\/\/www.normisjon.no\/rogaland\/2026\/04\/08\/normisjonsfesten-litt-mer-pa-vaulali-2026\/\" class=\"savage-card-link\"><span class=\"screen-reader-text\">Read article &quot;Normisjonsfesten &laquo;Litt MER&raquo; p\u00e5 Vaulali 2026&quot;<\/span><\/a>\t\t\t\t<\/div>\n\t\t\t<\/div>\n\t\t\t\t\t\t<div class=\"hogan-grid-item hogan-grid-item-size-small hogan-grid-item-type-post savage-has-image savage-has-heading savage-has-excerpt\">\n\t\t\t\t<div class=\"hogan-grid-item-inner\">\n\t\t\t\t\t<div class=\"savage-card-image\">\n\t<div class=\"savage-card-image-inner\">\n\t\t<span class=\"savage-card-image-image\" style=\"background-image: url(https:\/\/www.normisjon.no\/content\/uploads\/sites\/18\/2026\/04\/Normisjonsfesten-Litt-MER-Horve-2026_bred_Skjermbilde-2026-04-08-123912-768x430.png);\"><\/span>\t<\/div>\n<\/div>\n\t\t<div class=\"savage-card-body\">\n\t\t\t<div class=\"savage-card-body-inner\">\n\t\t\t\t<div class=\"savage-card__date\">Publisert: 8. april 2026<\/div><h2 class=\"savage-card-heading\">Normisjonsfesten &laquo;Litt MER&raquo; p\u00e5 Horve 2026<\/h2><p class=\"savage-card-excerpt\">12. mai kl. 18<\/p>\t\t\t<\/div>\n\t\t<\/div>\n\t\t<a href=\"https:\/\/www.normisjon.no\/rogaland\/2026\/04\/08\/normisjonsfesten-litt-mer-pa-horve-2026\/\" class=\"savage-card-link\"><span class=\"screen-reader-text\">Read article &quot;Normisjonsfesten &laquo;Litt MER&raquo; p\u00e5 Horve 2026&quot;<\/span><\/a>\t\t\t\t<\/div>\n\t\t\t<\/div>\n\t\t\t\t\t\t<div class=\"hogan-grid-item hogan-grid-item-size-small hogan-grid-item-type-post savage-has-image savage-has-heading savage-has-excerpt\">\n\t\t\t\t<div class=\"hogan-grid-item-inner\">\n\t\t\t\t\t<div class=\"savage-card-image\">\n\t<div class=\"savage-card-image-inner\">\n\t\t<span class=\"savage-card-image-image\" style=\"background-image: url(https:\/\/www.normisjon.no\/content\/uploads\/sites\/18\/2026\/04\/Horve-reunion-768x480.jpg);\"><\/span>\t<\/div>\n<\/div>\n\t\t<div class=\"savage-card-body\">\n\t\t\t<div class=\"savage-card-body-inner\">\n\t\t\t\t<div class=\"savage-card__date\">Publisert: 14. april 2026<\/div><h2 class=\"savage-card-heading\">Reunion p\u00e5 Horve<\/h2><p class=\"savage-card-excerpt\">13. mai kl.18.00<\/p>\t\t\t<\/div>\n\t\t<\/div>\n\t\t<a href=\"https:\/\/www.normisjon.no\/rogaland\/2026\/04\/14\/reunion-pa-horve\/\" class=\"savage-card-link\"><span class=\"screen-reader-text\">Read article &quot;Reunion p\u00e5 Horve&quot;<\/span><\/a>\t\t\t\t<\/div>\n\t\t\t<\/div>\n\t\t\t\t\t\t<div class=\"hogan-grid-item hogan-grid-item-size-small hogan-grid-item-type-post savage-has-image savage-has-heading savage-has-excerpt\">\n\t\t\t\t<div class=\"hogan-grid-item-inner\">\n\t\t\t\t\t<div class=\"savage-card-image\">\n\t<div class=\"savage-card-image-inner\">\n\t\t<span class=\"savage-card-image-image\" style=\"background-image: url(https:\/\/www.normisjon.no\/content\/uploads\/sites\/18\/2025\/06\/Horve_senior_Skjermbilde-2025-06-10-175448-768x430.png);\"><\/span>\t<\/div>\n<\/div>\n\t\t<div class=\"savage-card-body\">\n\t\t\t<div class=\"savage-card-body-inner\">\n\t\t\t\t<div class=\"savage-card__date\">Publisert: 14. april 2026<\/div><h2 class=\"savage-card-heading\">Grillkveld p\u00e5 Horve &#8211; en kveld for Nye Horve<\/h2><p class=\"savage-card-excerpt\">28. mai kl.18.00 <\/br>\r\nGrillkveld med amerikansk auksjon til inntekt for Nye Horve<\/p>\t\t\t<\/div>\n\t\t<\/div>\n\t\t<a href=\"https:\/\/www.normisjon.no\/rogaland\/2026\/04\/14\/grillkveld-pa-horve-en-kveld-for-nye-horve\/\" class=\"savage-card-link\"><span class=\"screen-reader-text\">Read article &quot;Grillkveld p\u00e5 Horve &#8211; en kveld for Nye Horve&quot;<\/span><\/a>\t\t\t\t<\/div>\n\t\t\t<\/div>\n\t\t\t\t<\/div>\n<\/div>\n<\/div><\/div><div id=\"module-3\" class=\"hogan-module hogan-module-grid hogan-module-3 hogan-grid-has-theme hogan-grid-theme-greyblue-reverse\"><div class=\"hogan-module-inner\"><h2 class=\"hogan-heading\">Nytt fra Normisjon Rogaland<\/h2><div class=\"hogan-grid hogan-grid-text-center hogan-grid-size-dynamic\">\n\t<div class=\"hogan-grid-inner\">\n\t\t\t\t\t<div class=\"hogan-grid-item hogan-grid-item-size-small hogan-grid-item-type-savage_custom_card savage-has-image savage-has-background savage-bg-default savage-has-heading savage-has-excerpt\">\n\t\t\t\t<div class=\"hogan-grid-item-inner\">\n\t\t\t\t\t<div class=\"savage-card-image\">\n\t<div class=\"savage-card-image-inner\">\n\t\t<span class=\"savage-card-image-image\" style=\"background-image: url(https:\/\/www.normisjon.no\/content\/uploads\/sites\/18\/2021\/09\/Subscribe2-768x429.jpg);\"><\/span>\t<\/div>\n<\/div>\n\t\t<div class=\"savage-card-body\">\n\t\t\t<div class=\"savage-card-body-inner\">\n\t\t\t\t<h2 class=\"savage-card-heading\">Abonner p\u00e5 nyhetsbrev med Nytt fra Normisjon Rogaland<\/h2><p class=\"savage-card-excerpt\">Bli abonnent her<\/p>\t\t\t<\/div>\n\t\t<\/div>\n\t\t<a href=\"https:\/\/normisjon.profundo.no\/roga_nbrev\" class=\"savage-card-link\" target=\"_blank\"><span class=\"screen-reader-text\">Read article &quot;Abonner p\u00e5 nyhetsbrev med Nytt fra Normisjon Rogaland&quot;<\/span><\/a>\t\t\t\t<\/div>\n\t\t\t<\/div>\n\t\t\t\t\t\t<div class=\"hogan-grid-item hogan-grid-item-size-small hogan-grid-item-type-page savage-has-image savage-has-heading savage-has-excerpt\">\n\t\t\t\t<div class=\"hogan-grid-item-inner\">\n\t\t\t\t\t<div class=\"savage-card-image\">\n\t<div class=\"savage-card-image-inner\">\n\t\t<span class=\"savage-card-image-image\" style=\"background-image: url(https:\/\/www.normisjon.no\/content\/uploads\/sites\/18\/2025\/03\/NfN-1-25_forside_bred-768x433.png);\"><\/span>\t<\/div>\n<\/div>\n\t\t<div class=\"savage-card-body\">\n\t\t\t<div class=\"savage-card-body-inner\">\n\t\t\t\t<h2 class=\"savage-card-heading\">Nytt fra Normisjon<\/h2><p class=\"savage-card-excerpt\">Her finner du Nytt fra Normisjon Rogaland digitalt - tidligere utgaver<\/p>\t\t\t<\/div>\n\t\t<\/div>\n\t\t<a href=\"https:\/\/www.normisjon.no\/rogaland\/nytt-fra-normisjon\/\" class=\"savage-card-link\"><span class=\"screen-reader-text\">Read article &quot;Nytt fra Normisjon&quot;<\/span><\/a>\t\t\t\t<\/div>\n\t\t\t<\/div>\n\t\t\t\t<\/div>\n<\/div>\n<\/div><\/div><div id=\"module-4\" class=\"hogan-module hogan-module-grid hogan-module-4\"><div class=\"hogan-module-inner\"><h2 class=\"hogan-heading\">Seniorarbeid<\/h2><div class=\"hogan-grid hogan-grid-text-center hogan-grid-size-dynamic\">\n\t<div class=\"hogan-grid-inner\">\n\t\t\t\t\t<div class=\"hogan-grid-item hogan-grid-item-size-small hogan-grid-item-type-savage_custom_card savage-has-image savage-has-background savage-bg-default savage-has-heading savage-has-excerpt\">\n\t\t\t\t<div class=\"hogan-grid-item-inner\">\n\t\t\t\t\t<div class=\"savage-card-image\">\n\t<div class=\"savage-card-image-inner\">\n\t\t<span class=\"savage-card-image-image\" style=\"background-image: url(https:\/\/www.normisjon.no\/content\/uploads\/sites\/18\/2022\/03\/Forsidebilde-aktive-seniorer-768x514.jpg);\"><\/span>\t<\/div>\n<\/div>\n\t\t<div class=\"savage-card-body\">\n\t\t\t<div class=\"savage-card-body-inner\">\n\t\t\t\t<h2 class=\"savage-card-heading\">Nyhetsbrev<\/h2><p class=\"savage-card-excerpt\">Meld deg p\u00e5 nyhetsbrevet og f\u00e5 informasjon om seniorarbeidet i regionen. <\/p>\t\t\t<\/div>\n\t\t<\/div>\n\t\t<a href=\"https:\/\/normisjon.profundo.no\/roga_senior\" class=\"savage-card-link\" target=\"_blank\"><span class=\"screen-reader-text\">Read article &quot;Nyhetsbrev&quot;<\/span><\/a>\t\t\t\t<\/div>\n\t\t\t<\/div>\n\t\t\t\t\t\t<div class=\"hogan-grid-item hogan-grid-item-size-small hogan-grid-item-type-savage_custom_card savage-has-image savage-has-background savage-bg-default savage-has-heading savage-has-excerpt\">\n\t\t\t\t<div class=\"hogan-grid-item-inner\">\n\t\t\t\t\t<div class=\"savage-card-image\">\n\t<div class=\"savage-card-image-inner\">\n\t\t<span class=\"savage-card-image-image\" style=\"background-image: url(https:\/\/www.normisjon.no\/content\/uploads\/sites\/18\/2022\/03\/Idehefte-seniorarbeid2-768x429.jpg);\"><\/span>\t<\/div>\n<\/div>\n\t\t<div class=\"savage-card-body\">\n\t\t\t<div class=\"savage-card-body-inner\">\n\t\t\t\t<h2 class=\"savage-card-heading\">Id\u00e9hefte<\/h2><p class=\"savage-card-excerpt\">Id\u00e9bank for seniorarbeid i Normisjon<\/p>\t\t\t<\/div>\n\t\t<\/div>\n\t\t<a href=\"https:\/\/www.normisjon.no\/content\/uploads\/sites\/18\/2022\/03\/Seniorprogram-20212022.pdf\" class=\"savage-card-link\" target=\"_blank\"><span class=\"screen-reader-text\">Read article &quot;Id\u00e9hefte&quot;<\/span><\/a>\t\t\t\t<\/div>\n\t\t\t<\/div>\n\t\t\t\t\t\t<div class=\"hogan-grid-item hogan-grid-item-size-small hogan-grid-item-type-page savage-has-image savage-has-heading savage-has-excerpt\">\n\t\t\t\t<div class=\"hogan-grid-item-inner\">\n\t\t\t\t\t<div class=\"savage-card-image\">\n\t<div class=\"savage-card-image-inner\">\n\t\t<span class=\"savage-card-image-image\" style=\"background-image: url(https:\/\/www.normisjon.no\/content\/uploads\/sites\/18\/2025\/12\/Normisjon_Seniorarrangementer-2026_Illustrasjonsbilder_Inga-Lill_26-1080x964-1-768x686.jpg);\"><\/span>\t<\/div>\n<\/div>\n\t\t<div class=\"savage-card-body\">\n\t\t\t<div class=\"savage-card-body-inner\">\n\t\t\t\t<h2 class=\"savage-card-heading\">Seniorarrangementer<\/h2><p class=\"savage-card-excerpt\">Her finner du egne arrangementer for seniorer<\/p>\t\t\t<\/div>\n\t\t<\/div>\n\t\t<a href=\"https:\/\/www.normisjon.no\/rogaland\/senior\/\" class=\"savage-card-link\"><span class=\"screen-reader-text\">Read article &quot;Seniorarrangementer&quot;<\/span><\/a>\t\t\t\t<\/div>\n\t\t\t<\/div>\n\t\t\t\t<\/div>\n<\/div>\n<\/div><\/div><div id=\"module-5\" class=\"hogan-module hogan-module-banner hogan-module-5 normisjon-banner-button-dark hogan-banner-content-left hogan-module-width-full hogan-banner-theme-light hogan-banner-layout-columns hogan-banner-text-center\"><div class=\"hogan-module-inner\"><div class=\"hogan-banner\">\n\t<div class=\"hogan-banner-column hogan-banner-image\">\n\t\t<img loading=\"lazy\" decoding=\"async\" width=\"510\" height=\"512\" src=\"https:\/\/www.normisjon.no\/content\/uploads\/sites\/18\/2026\/01\/Vector-1.png\" class=\"attachment-half-width size-half-width\" alt=\"\" srcset=\"https:\/\/www.normisjon.no\/content\/uploads\/sites\/18\/2026\/01\/Vector-1.png 510w, https:\/\/www.normisjon.no\/content\/uploads\/sites\/18\/2026\/01\/Vector-1-300x300.png 300w, https:\/\/www.normisjon.no\/content\/uploads\/sites\/18\/2026\/01\/Vector-1-150x150.png 150w\" sizes=\"auto, (max-width: 510px) 100vw, 510px\" \/>\t<\/div>\n\t\t\t<div class=\"hogan-banner-column hogan-banner-content\">\n\t\t\t<div class=\"hogan-banner-content-inner\">\n\t\t\t\t<h2 class=\"hogan-heading\">Nyheter fra Normisjon.no<\/h2><div class=\"hogan-banner-cta\"><span><a class=\"hogan-button\" href=\"https:\/\/www.normisjon.no\/nyheter\/\" target=\"_blank\" rel=\"noopener noreferrer\">Les mer<\/a><\/span><\/div>\t\t\t<\/div>\n\t\t<\/div>\n\t<\/div>\n<\/div><\/div>","protected":false},"excerpt":{"rendered":"<p>Normisjon region Rogaland Nyheter Rogaland Publisert: 21. april 2026Historisk vedtak p\u00e5 \u00e5rsm\u00f8tet 18. april 2026! Read article &quot;Historisk vedtak p\u00e5 \u00e5rsm\u00f8tet 18. april 2026!&quot; Publisert: [&hellip;]<\/p>\n","protected":false},"author":21,"featured_media":0,"parent":0,"menu_order":0,"comment_status":"closed","ping_status":"closed","template":"","meta":{"_acf_changed":false,"footnotes":""},"class_list":["post-52","page","type-page","status-publish","hentry"],"acf":[],"yoast_head":"<!-- This site is optimized with the Yoast SEO plugin v25.9 - https:\/\/yoast.com\/wordpress\/plugins\/seo\/ -->\n<title>Forside - Region Rogaland<\/title>\n<meta name=\"robots\" content=\"index, follow, max-snippet:-1, max-image-preview:large, max-video-preview:-1\" \/>\n<link rel=\"canonical\" href=\"https:\/\/www.normisjon.no\/rogaland\/\" \/>\n<meta property=\"og:locale\" content=\"nb_NO\" \/>\n<meta property=\"og:type\" content=\"article\" \/>\n<meta property=\"og:title\" content=\"Forside - Region Rogaland\" \/>\n<meta property=\"og:description\" content=\"Normisjon region Rogaland Nyheter Rogaland Publisert: 21. april 2026Historisk vedtak p\u00e5 \u00e5rsm\u00f8tet 18. april 2026! Read article &quot;Historisk vedtak p\u00e5 \u00e5rsm\u00f8tet 18. april 2026!&quot; Publisert: [&hellip;]\" \/>\n<meta property=\"og:url\" content=\"https:\/\/www.normisjon.no\/rogaland\/\" \/>\n<meta property=\"og:site_name\" content=\"Region Rogaland\" \/>\n<meta property=\"article:modified_time\" content=\"2026-04-25T22:57:21+00:00\" \/>\n<meta name=\"twitter:card\" content=\"summary_large_image\" \/>\n<script type=\"application\/ld+json\" class=\"yoast-schema-graph\">{\"@context\":\"https:\/\/schema.org\",\"@graph\":[{\"@type\":\"WebPage\",\"@id\":\"https:\/\/www.normisjon.no\/rogaland\/\",\"url\":\"https:\/\/www.normisjon.no\/rogaland\/\",\"name\":\"Forside - Region Rogaland\",\"isPartOf\":{\"@id\":\"https:\/\/www.normisjon.no\/rogaland\/#website\"},\"datePublished\":\"2018-05-02T12:18:52+00:00\",\"dateModified\":\"2026-04-25T22:57:21+00:00\",\"breadcrumb\":{\"@id\":\"https:\/\/www.normisjon.no\/rogaland\/#breadcrumb\"},\"inLanguage\":\"nb-NO\",\"potentialAction\":[{\"@type\":\"ReadAction\",\"target\":[\"https:\/\/www.normisjon.no\/rogaland\/\"]}]},{\"@type\":\"BreadcrumbList\",\"@id\":\"https:\/\/www.normisjon.no\/rogaland\/#breadcrumb\",\"itemListElement\":[{\"@type\":\"ListItem\",\"position\":1,\"name\":\"Home\",\"item\":\"https:\/\/www.normisjon.no\/rogaland\/\"},{\"@type\":\"ListItem\",\"position\":2,\"name\":\"Forside\"}]},{\"@type\":\"WebSite\",\"@id\":\"https:\/\/www.normisjon.no\/rogaland\/#website\",\"url\":\"https:\/\/www.normisjon.no\/rogaland\/\",\"name\":\"Region Rogaland\",\"description\":\"\",\"potentialAction\":[{\"@type\":\"SearchAction\",\"target\":{\"@type\":\"EntryPoint\",\"urlTemplate\":\"https:\/\/www.normisjon.no\/rogaland\/?s={search_term_string}\"},\"query-input\":{\"@type\":\"PropertyValueSpecification\",\"valueRequired\":true,\"valueName\":\"search_term_string\"}}],\"inLanguage\":\"nb-NO\"}]}<\/script>\n<!-- \/ Yoast SEO plugin. -->","yoast_head_json":{"title":"Forside - Region Rogaland","robots":{"index":"index","follow":"follow","max-snippet":"max-snippet:-1","max-image-preview":"max-image-preview:large","max-video-preview":"max-video-preview:-1"},"canonical":"https:\/\/www.normisjon.no\/rogaland\/","og_locale":"nb_NO","og_type":"article","og_title":"Forside - Region Rogaland","og_description":"Normisjon region Rogaland Nyheter Rogaland Publisert: 21. april 2026Historisk vedtak p\u00e5 \u00e5rsm\u00f8tet 18. april 2026! Read article &quot;Historisk vedtak p\u00e5 \u00e5rsm\u00f8tet 18. april 2026!&quot; Publisert: [&hellip;]","og_url":"https:\/\/www.normisjon.no\/rogaland\/","og_site_name":"Region Rogaland","article_modified_time":"2026-04-25T22:57:21+00:00","twitter_card":"summary_large_image","schema":{"@context":"https:\/\/schema.org","@graph":[{"@type":"WebPage","@id":"https:\/\/www.normisjon.no\/rogaland\/","url":"https:\/\/www.normisjon.no\/rogaland\/","name":"Forside - Region Rogaland","isPartOf":{"@id":"https:\/\/www.normisjon.no\/rogaland\/#website"},"datePublished":"2018-05-02T12:18:52+00:00","dateModified":"2026-04-25T22:57:21+00:00","breadcrumb":{"@id":"https:\/\/www.normisjon.no\/rogaland\/#breadcrumb"},"inLanguage":"nb-NO","potentialAction":[{"@type":"ReadAction","target":["https:\/\/www.normisjon.no\/rogaland\/"]}]},{"@type":"BreadcrumbList","@id":"https:\/\/www.normisjon.no\/rogaland\/#breadcrumb","itemListElement":[{"@type":"ListItem","position":1,"name":"Home","item":"https:\/\/www.normisjon.no\/rogaland\/"},{"@type":"ListItem","position":2,"name":"Forside"}]},{"@type":"WebSite","@id":"https:\/\/www.normisjon.no\/rogaland\/#website","url":"https:\/\/www.normisjon.no\/rogaland\/","name":"Region Rogaland","description":"","potentialAction":[{"@type":"SearchAction","target":{"@type":"EntryPoint","urlTemplate":"https:\/\/www.normisjon.no\/rogaland\/?s={search_term_string}"},"query-input":{"@type":"PropertyValueSpecification","valueRequired":true,"valueName":"search_term_string"}}],"inLanguage":"nb-NO"}]}},"_links":{"self":[{"href":"https:\/\/www.normisjon.no\/rogaland\/wp-json\/wp\/v2\/pages\/52","targetHints":{"allow":["GET"]}}],"collection":[{"href":"https:\/\/www.normisjon.no\/rogaland\/wp-json\/wp\/v2\/pages"}],"about":[{"href":"https:\/\/www.normisjon.no\/rogaland\/wp-json\/wp\/v2\/types\/page"}],"author":[{"embeddable":true,"href":"https:\/\/www.normisjon.no\/rogaland\/wp-json\/wp\/v2\/users\/21"}],"replies":[{"embeddable":true,"href":"https:\/\/www.normisjon.no\/rogaland\/wp-json\/wp\/v2\/comments?post=52"}],"version-history":[{"count":254,"href":"https:\/\/www.normisjon.no\/rogaland\/wp-json\/wp\/v2\/pages\/52\/revisions"}],"predecessor-version":[{"id":7861,"href":"https:\/\/www.normisjon.no\/rogaland\/wp-json\/wp\/v2\/pages\/52\/revisions\/7861"}],"wp:attachment":[{"href":"https:\/\/www.normisjon.no\/rogaland\/wp-json\/wp\/v2\/media?parent=52"}],"curies":[{"name":"wp","href":"https:\/\/api.w.org\/{rel}","templated":true}]}}