{"id":1215,"date":"2018-06-29T11:11:23","date_gmt":"2018-06-29T09:11:23","guid":{"rendered":"https:\/\/www.normisjon.no\/sof\/?page_id=1215"},"modified":"2019-03-15T13:21:50","modified_gmt":"2019-03-15T12:21:50","slug":"start-fellesskap","status":"publish","type":"page","link":"https:\/\/www.normisjon.no\/sof\/forside\/engasjer-deg\/start-fellesskap\/","title":{"rendered":"Start fellesskap"},"content":{"rendered":"<div id=\"module-0\" class=\"hogan-module hogan-module-image hogan-module-0 hogan-image-size-large\"><div class=\"hogan-module-inner\"><figure class=\"wp-caption size-large\"><img loading=\"lazy\" decoding=\"async\" width=\"1024\" height=\"678\" src=\"https:\/\/www.normisjon.no\/content\/uploads\/sites\/19\/2018\/06\/Familie-fokus.-Foto-Ryan-Burch.1900-1024x678.jpg\" class=\"attachment-large size-large\" alt=\"\" srcset=\"https:\/\/www.normisjon.no\/content\/uploads\/sites\/19\/2018\/06\/Familie-fokus.-Foto-Ryan-Burch.1900-1024x678.jpg 1024w, https:\/\/www.normisjon.no\/content\/uploads\/sites\/19\/2018\/06\/Familie-fokus.-Foto-Ryan-Burch.1900-300x199.jpg 300w, https:\/\/www.normisjon.no\/content\/uploads\/sites\/19\/2018\/06\/Familie-fokus.-Foto-Ryan-Burch.1900-768x508.jpg 768w, https:\/\/www.normisjon.no\/content\/uploads\/sites\/19\/2018\/06\/Familie-fokus.-Foto-Ryan-Burch.1900-1360x900.jpg 1360w, https:\/\/www.normisjon.no\/content\/uploads\/sites\/19\/2018\/06\/Familie-fokus.-Foto-Ryan-Burch.1900-960x636.jpg 960w, https:\/\/www.normisjon.no\/content\/uploads\/sites\/19\/2018\/06\/Familie-fokus.-Foto-Ryan-Burch.1900.jpg 1900w\" sizes=\"auto, (max-width: 1024px) 100vw, 1024px\" \/><figcaption class=\"hogan-caption wp-caption-text\">Foto: Ryan Burch\n<\/figcaption><\/figure><\/div><\/div><div id=\"module-1\" class=\"hogan-module hogan-module-text hogan-module-1\"><div class=\"hogan-module-inner\"><p>Dr\u00f8ymer du om \u00e5 starte eit fellesskap ein plass i Sogn og Fjordane? Kanskje for heile familien? Eller ei anna m\u00e5lgruppe?<br \/>\nVegard Tenneb\u00f8 er tilsett som fellesskapsutviklar i region Sogn og Fjordane.<br \/>\nTa gjerne kontakt med Vegard:\u00a0vegard.tennebo@normisjon.no \/\u00a090 64 20 84<\/p><\/div><\/div>","protected":false},"excerpt":{"rendered":"<p>Foto: Ryan Burch Dr\u00f8ymer du om \u00e5 starte eit fellesskap ein plass i Sogn og Fjordane? Kanskje for heile familien? Eller ei anna m\u00e5lgruppe? Vegard [&hellip;]<\/p>\n","protected":false},"author":16,"featured_media":1216,"parent":319,"menu_order":0,"comment_status":"closed","ping_status":"closed","template":"","meta":{"_acf_changed":false,"footnotes":""},"class_list":["post-1215","page","type-page","status-publish","has-post-thumbnail","hentry"],"acf":[],"yoast_head":"<!-- This site is optimized with the Yoast SEO plugin v25.9 - https:\/\/yoast.com\/wordpress\/plugins\/seo\/ -->\n<title>Start fellesskap - Region Sogn og Fjordane<\/title>\n<meta name=\"robots\" content=\"index, follow, max-snippet:-1, max-image-preview:large, max-video-preview:-1\" \/>\n<link rel=\"canonical\" href=\"https:\/\/www.normisjon.no\/sof\/forside\/engasjer-deg\/start-fellesskap\/\" \/>\n<meta property=\"og:locale\" content=\"nb_NO\" \/>\n<meta property=\"og:type\" content=\"article\" \/>\n<meta property=\"og:title\" content=\"Start fellesskap - Region Sogn og Fjordane\" \/>\n<meta property=\"og:description\" content=\"Foto: Ryan Burch Dr\u00f8ymer du om \u00e5 starte eit fellesskap ein plass i Sogn og Fjordane? Kanskje for heile familien? Eller ei anna m\u00e5lgruppe? Vegard [&hellip;]\" \/>\n<meta property=\"og:url\" content=\"https:\/\/www.normisjon.no\/sof\/forside\/engasjer-deg\/start-fellesskap\/\" \/>\n<meta property=\"og:site_name\" content=\"Region Sogn og Fjordane\" \/>\n<meta property=\"article:modified_time\" content=\"2019-03-15T12:21:50+00:00\" \/>\n<meta property=\"og:image\" content=\"https:\/\/www.normisjon.no\/content\/uploads\/sites\/19\/2018\/06\/Familie-fokus.-Foto-Ryan-Burch.1900.jpg\" \/>\n\t<meta property=\"og:image:width\" content=\"1900\" \/>\n\t<meta property=\"og:image:height\" content=\"1258\" \/>\n\t<meta property=\"og:image:type\" content=\"image\/jpeg\" \/>\n<meta name=\"twitter:card\" content=\"summary_large_image\" \/>\n<script type=\"application\/ld+json\" class=\"yoast-schema-graph\">{\"@context\":\"https:\/\/schema.org\",\"@graph\":[{\"@type\":\"WebPage\",\"@id\":\"https:\/\/www.normisjon.no\/sof\/forside\/engasjer-deg\/start-fellesskap\/\",\"url\":\"https:\/\/www.normisjon.no\/sof\/forside\/engasjer-deg\/start-fellesskap\/\",\"name\":\"Start fellesskap - Region Sogn og Fjordane\",\"isPartOf\":{\"@id\":\"https:\/\/www.normisjon.no\/sof\/#website\"},\"primaryImageOfPage\":{\"@id\":\"https:\/\/www.normisjon.no\/sof\/forside\/engasjer-deg\/start-fellesskap\/#primaryimage\"},\"image\":{\"@id\":\"https:\/\/www.normisjon.no\/sof\/forside\/engasjer-deg\/start-fellesskap\/#primaryimage\"},\"thumbnailUrl\":\"https:\/\/www.normisjon.no\/content\/uploads\/sites\/19\/2018\/06\/Familie-fokus.-Foto-Ryan-Burch.1900.jpg\",\"datePublished\":\"2018-06-29T09:11:23+00:00\",\"dateModified\":\"2019-03-15T12:21:50+00:00\",\"breadcrumb\":{\"@id\":\"https:\/\/www.normisjon.no\/sof\/forside\/engasjer-deg\/start-fellesskap\/#breadcrumb\"},\"inLanguage\":\"nb-NO\",\"potentialAction\":[{\"@type\":\"ReadAction\",\"target\":[\"https:\/\/www.normisjon.no\/sof\/forside\/engasjer-deg\/start-fellesskap\/\"]}]},{\"@type\":\"ImageObject\",\"inLanguage\":\"nb-NO\",\"@id\":\"https:\/\/www.normisjon.no\/sof\/forside\/engasjer-deg\/start-fellesskap\/#primaryimage\",\"url\":\"https:\/\/www.normisjon.no\/content\/uploads\/sites\/19\/2018\/06\/Familie-fokus.-Foto-Ryan-Burch.1900.jpg\",\"contentUrl\":\"https:\/\/www.normisjon.no\/content\/uploads\/sites\/19\/2018\/06\/Familie-fokus.-Foto-Ryan-Burch.1900.jpg\",\"width\":1900,\"height\":1258,\"caption\":\"Foto: Ryan Burch\"},{\"@type\":\"BreadcrumbList\",\"@id\":\"https:\/\/www.normisjon.no\/sof\/forside\/engasjer-deg\/start-fellesskap\/#breadcrumb\",\"itemListElement\":[{\"@type\":\"ListItem\",\"position\":1,\"name\":\"Home\",\"item\":\"https:\/\/www.normisjon.no\/sof\/\"},{\"@type\":\"ListItem\",\"position\":2,\"name\":\"Forside\",\"item\":\"https:\/\/www.normisjon.no\/sof\/\"},{\"@type\":\"ListItem\",\"position\":3,\"name\":\"Engasjer deg\",\"item\":\"https:\/\/www.normisjon.no\/sof\/forside\/engasjer-deg\/\"},{\"@type\":\"ListItem\",\"position\":4,\"name\":\"Start fellesskap\"}]},{\"@type\":\"WebSite\",\"@id\":\"https:\/\/www.normisjon.no\/sof\/#website\",\"url\":\"https:\/\/www.normisjon.no\/sof\/\",\"name\":\"Region Sogn og Fjordane\",\"description\":\"\",\"potentialAction\":[{\"@type\":\"SearchAction\",\"target\":{\"@type\":\"EntryPoint\",\"urlTemplate\":\"https:\/\/www.normisjon.no\/sof\/?s={search_term_string}\"},\"query-input\":{\"@type\":\"PropertyValueSpecification\",\"valueRequired\":true,\"valueName\":\"search_term_string\"}}],\"inLanguage\":\"nb-NO\"}]}<\/script>\n<!-- \/ Yoast SEO plugin. -->","yoast_head_json":{"title":"Start fellesskap - Region Sogn og Fjordane","robots":{"index":"index","follow":"follow","max-snippet":"max-snippet:-1","max-image-preview":"max-image-preview:large","max-video-preview":"max-video-preview:-1"},"canonical":"https:\/\/www.normisjon.no\/sof\/forside\/engasjer-deg\/start-fellesskap\/","og_locale":"nb_NO","og_type":"article","og_title":"Start fellesskap - Region Sogn og Fjordane","og_description":"Foto: Ryan Burch Dr\u00f8ymer du om \u00e5 starte eit fellesskap ein plass i Sogn og Fjordane? Kanskje for heile familien? Eller ei anna m\u00e5lgruppe? Vegard [&hellip;]","og_url":"https:\/\/www.normisjon.no\/sof\/forside\/engasjer-deg\/start-fellesskap\/","og_site_name":"Region Sogn og Fjordane","article_modified_time":"2019-03-15T12:21:50+00:00","og_image":[{"width":1900,"height":1258,"url":"https:\/\/www.normisjon.no\/content\/uploads\/sites\/19\/2018\/06\/Familie-fokus.-Foto-Ryan-Burch.1900.jpg","type":"image\/jpeg"}],"twitter_card":"summary_large_image","schema":{"@context":"https:\/\/schema.org","@graph":[{"@type":"WebPage","@id":"https:\/\/www.normisjon.no\/sof\/forside\/engasjer-deg\/start-fellesskap\/","url":"https:\/\/www.normisjon.no\/sof\/forside\/engasjer-deg\/start-fellesskap\/","name":"Start fellesskap - Region Sogn og Fjordane","isPartOf":{"@id":"https:\/\/www.normisjon.no\/sof\/#website"},"primaryImageOfPage":{"@id":"https:\/\/www.normisjon.no\/sof\/forside\/engasjer-deg\/start-fellesskap\/#primaryimage"},"image":{"@id":"https:\/\/www.normisjon.no\/sof\/forside\/engasjer-deg\/start-fellesskap\/#primaryimage"},"thumbnailUrl":"https:\/\/www.normisjon.no\/content\/uploads\/sites\/19\/2018\/06\/Familie-fokus.-Foto-Ryan-Burch.1900.jpg","datePublished":"2018-06-29T09:11:23+00:00","dateModified":"2019-03-15T12:21:50+00:00","breadcrumb":{"@id":"https:\/\/www.normisjon.no\/sof\/forside\/engasjer-deg\/start-fellesskap\/#breadcrumb"},"inLanguage":"nb-NO","potentialAction":[{"@type":"ReadAction","target":["https:\/\/www.normisjon.no\/sof\/forside\/engasjer-deg\/start-fellesskap\/"]}]},{"@type":"ImageObject","inLanguage":"nb-NO","@id":"https:\/\/www.normisjon.no\/sof\/forside\/engasjer-deg\/start-fellesskap\/#primaryimage","url":"https:\/\/www.normisjon.no\/content\/uploads\/sites\/19\/2018\/06\/Familie-fokus.-Foto-Ryan-Burch.1900.jpg","contentUrl":"https:\/\/www.normisjon.no\/content\/uploads\/sites\/19\/2018\/06\/Familie-fokus.-Foto-Ryan-Burch.1900.jpg","width":1900,"height":1258,"caption":"Foto: Ryan Burch"},{"@type":"BreadcrumbList","@id":"https:\/\/www.normisjon.no\/sof\/forside\/engasjer-deg\/start-fellesskap\/#breadcrumb","itemListElement":[{"@type":"ListItem","position":1,"name":"Home","item":"https:\/\/www.normisjon.no\/sof\/"},{"@type":"ListItem","position":2,"name":"Forside","item":"https:\/\/www.normisjon.no\/sof\/"},{"@type":"ListItem","position":3,"name":"Engasjer deg","item":"https:\/\/www.normisjon.no\/sof\/forside\/engasjer-deg\/"},{"@type":"ListItem","position":4,"name":"Start fellesskap"}]},{"@type":"WebSite","@id":"https:\/\/www.normisjon.no\/sof\/#website","url":"https:\/\/www.normisjon.no\/sof\/","name":"Region Sogn og Fjordane","description":"","potentialAction":[{"@type":"SearchAction","target":{"@type":"EntryPoint","urlTemplate":"https:\/\/www.normisjon.no\/sof\/?s={search_term_string}"},"query-input":{"@type":"PropertyValueSpecification","valueRequired":true,"valueName":"search_term_string"}}],"inLanguage":"nb-NO"}]}},"_links":{"self":[{"href":"https:\/\/www.normisjon.no\/sof\/wp-json\/wp\/v2\/pages\/1215","targetHints":{"allow":["GET"]}}],"collection":[{"href":"https:\/\/www.normisjon.no\/sof\/wp-json\/wp\/v2\/pages"}],"about":[{"href":"https:\/\/www.normisjon.no\/sof\/wp-json\/wp\/v2\/types\/page"}],"author":[{"embeddable":true,"href":"https:\/\/www.normisjon.no\/sof\/wp-json\/wp\/v2\/users\/16"}],"replies":[{"embeddable":true,"href":"https:\/\/www.normisjon.no\/sof\/wp-json\/wp\/v2\/comments?post=1215"}],"version-history":[{"count":2,"href":"https:\/\/www.normisjon.no\/sof\/wp-json\/wp\/v2\/pages\/1215\/revisions"}],"predecessor-version":[{"id":2005,"href":"https:\/\/www.normisjon.no\/sof\/wp-json\/wp\/v2\/pages\/1215\/revisions\/2005"}],"up":[{"embeddable":true,"href":"https:\/\/www.normisjon.no\/sof\/wp-json\/wp\/v2\/pages\/319"}],"wp:featuredmedia":[{"embeddable":true,"href":"https:\/\/www.normisjon.no\/sof\/wp-json\/wp\/v2\/media\/1216"}],"wp:attachment":[{"href":"https:\/\/www.normisjon.no\/sof\/wp-json\/wp\/v2\/media?parent=1215"}],"curies":[{"name":"wp","href":"https:\/\/api.w.org\/{rel}","templated":true}]}}

<div id="module-0" class="hogan-module hogan-module-image hogan-module-0 hogan-image-size-large"><div class="hogan-module-inner"><figure class="wp-caption size-large"><img loading="lazy" decoding="async" width="1024" height="678" src="https://www.normisjon.no/content/uploads/sites/19/2018/06/Familie-fokus.-Foto-Ryan-Burch.1900-1024x678.jpg" class="attachment-large size-large" alt="" srcset="https://www.normisjon.no/content/uploads/sites/19/2018/06/Familie-fokus.-Foto-Ryan-Burch.1900-1024x678.jpg 1024w, https://www.normisjon.no/content/uploads/sites/19/2018/06/Familie-fokus.-Foto-Ryan-Burch.1900-300x199.jpg 300w, https://www.normisjon.no/content/uploads/sites/19/2018/06/Familie-fokus.-Foto-Ryan-Burch.1900-768x508.jpg 768w, https://www.normisjon.no/content/uploads/sites/19/2018/06/Familie-fokus.-Foto-Ryan-Burch.1900-1360x900.jpg 1360w, https://www.normisjon.no/content/uploads/sites/19/2018/06/Familie-fokus.-Foto-Ryan-Burch.1900-960x636.jpg 960w, https://www.normisjon.no/content/uploads/sites/19/2018/06/Familie-fokus.-Foto-Ryan-Burch.1900.jpg 1900w" sizes="auto, (max-width: 1024px) 100vw, 1024px" /><figcaption class="hogan-caption wp-caption-text">Foto: Ryan Burch
</figcaption></figure></div></div><div id="module-1" class="hogan-module hogan-module-text hogan-module-1"><div class="hogan-module-inner"><p>Drøymer du om å starte eit fellesskap ein plass i Sogn og Fjordane? Kanskje for heile familien? Eller ei anna målgruppe?<br />
Vegard Tennebø er tilsett som fellesskapsutviklar i region Sogn og Fjordane.<br />
Ta gjerne kontakt med Vegard: vegard.tennebo@normisjon.no / 90 64 20 84</p></div></div>

<p>Foto: Ryan Burch Drøymer du om å starte eit fellesskap ein plass i Sogn og Fjordane? Kanskje for heile familien? Eller ei anna målgruppe? Vegard [&hellip;]</p>

<!-- This site is optimized with the Yoast SEO plugin v25.9 - https://yoast.com/wordpress/plugins/seo/ -->
<title>Start fellesskap - Region Sogn og Fjordane</title>
<meta name="robots" content="index, follow, max-snippet:-1, max-image-preview:large, max-video-preview:-1" />
<link rel="canonical" href="https://www.normisjon.no/sof/forside/engasjer-deg/start-fellesskap/" />
<meta property="og:locale" content="nb_NO" />
<meta property="og:type" content="article" />
<meta property="og:title" content="Start fellesskap - Region Sogn og Fjordane" />
<meta property="og:description" content="Foto: Ryan Burch Drøymer du om å starte eit fellesskap ein plass i Sogn og Fjordane? Kanskje for heile familien? Eller ei anna målgruppe? Vegard [&hellip;]" />
<meta property="og:url" content="https://www.normisjon.no/sof/forside/engasjer-deg/start-fellesskap/" />
<meta property="og:site_name" content="Region Sogn og Fjordane" />
<meta property="article:modified_time" content="2019-03-15T12:21:50+00:00" />
<meta property="og:image" content="https://www.normisjon.no/content/uploads/sites/19/2018/06/Familie-fokus.-Foto-Ryan-Burch.1900.jpg" />
	<meta property="og:image:width" content="1900" />
	<meta property="og:image:height" content="1258" />
	<meta property="og:image:type" content="image/jpeg" />
<meta name="twitter:card" content="summary_large_image" />
<script type="application/ld+json" class="yoast-schema-graph">{"@context":"https://schema.org","@graph":[{"@type":"WebPage","@id":"https://www.normisjon.no/sof/forside/engasjer-deg/start-fellesskap/","url":"https://www.normisjon.no/sof/forside/engasjer-deg/start-fellesskap/","name":"Start fellesskap - Region Sogn og Fjordane","isPartOf":{"@id":"https://www.normisjon.no/sof/#website"},"primaryImageOfPage":{"@id":"https://www.normisjon.no/sof/forside/engasjer-deg/start-fellesskap/#primaryimage"},"image":{"@id":"https://www.normisjon.no/sof/forside/engasjer-deg/start-fellesskap/#primaryimage"},"thumbnailUrl":"https://www.normisjon.no/content/uploads/sites/19/2018/06/Familie-fokus.-Foto-Ryan-Burch.1900.jpg","datePublished":"2018-06-29T09:11:23+00:00","dateModified":"2019-03-15T12:21:50+00:00","breadcrumb":{"@id":"https://www.normisjon.no/sof/forside/engasjer-deg/start-fellesskap/#breadcrumb"},"inLanguage":"nb-NO","potentialAction":[{"@type":"ReadAction","target":["https://www.normisjon.no/sof/forside/engasjer-deg/start-fellesskap/"]}]},{"@type":"ImageObject","inLanguage":"nb-NO","@id":"https://www.normisjon.no/sof/forside/engasjer-deg/start-fellesskap/#primaryimage","url":"https://www.normisjon.no/content/uploads/sites/19/2018/06/Familie-fokus.-Foto-Ryan-Burch.1900.jpg","contentUrl":"https://www.normisjon.no/content/uploads/sites/19/2018/06/Familie-fokus.-Foto-Ryan-Burch.1900.jpg","width":1900,"height":1258,"caption":"Foto: Ryan Burch"},{"@type":"BreadcrumbList","@id":"https://www.normisjon.no/sof/forside/engasjer-deg/start-fellesskap/#breadcrumb","itemListElement":[{"@type":"ListItem","position":1,"name":"Home","item":"https://www.normisjon.no/sof/"},{"@type":"ListItem","position":2,"name":"Forside","item":"https://www.normisjon.no/sof/"},{"@type":"ListItem","position":3,"name":"Engasjer deg","item":"https://www.normisjon.no/sof/forside/engasjer-deg/"},{"@type":"ListItem","position":4,"name":"Start fellesskap"}]},{"@type":"WebSite","@id":"https://www.normisjon.no/sof/#website","url":"https://www.normisjon.no/sof/","name":"Region Sogn og Fjordane","description":"","potentialAction":[{"@type":"SearchAction","target":{"@type":"EntryPoint","urlTemplate":"https://www.normisjon.no/sof/?s={search_term_string}"},"query-input":{"@type":"PropertyValueSpecification","valueRequired":true,"valueName":"search_term_string"}}],"inLanguage":"nb-NO"}]}</script>
<!-- / Yoast SEO plugin. -->

Foto: Ryan Burch Drøymer du om å starte eit fellesskap ein plass i Sogn og Fjordane? Kanskje for heile familien? Eller ei anna målgruppe? Vegard [&hellip;]
