{"id":2032,"date":"2021-12-09T21:42:52","date_gmt":"2021-12-09T20:42:52","guid":{"rendered":"https:\/\/www.normisjon.no\/telemark\/?page_id=2032"},"modified":"2021-12-12T03:49:03","modified_gmt":"2021-12-12T02:49:03","slug":"bli-med","status":"publish","type":"page","link":"https:\/\/www.normisjon.no\/telemark\/bli-med\/","title":{"rendered":"Bli med ACTA!"},"content":{"rendered":"<div id=\"module-0\" class=\"hogan-module hogan-module-text hogan-module-0\"><div class=\"hogan-module-inner\"><p><strong>Bli direktemedlem i Acta ved \u00e5 trykke\u00a0<\/strong><a href=\"https:\/\/acta.profundo.no\/medlem\"><strong>HER<\/strong><\/a><\/p>\n<p>Som direktemedlem i Acta er du med \u00e5 st\u00f8tte arbeidet v\u00e5rt for barn og unge i hele Norge. I tillegg f\u00e5r du v\u00e6re med \u00e5 bestemme retningen til organisasjonen.<\/p>\n<div class=\"page-title\">\n<h4>Leirklubben<\/h4>\n<\/div>\n<div id=\"module-0\" class=\"hogan-module hogan-module-text hogan-module-0\">\n<div class=\"hogan-module-inner\">\n<p>Acta Telemark anbefaler alle \u00e5 melde seg inn i leirklubben, det koster 100,- per \u00e5r, og da f\u00e5r du kr. 150,- til 200,- i avslag pr leir innenfor samme kalender\u00e5r.<\/p>\n<p>Du kan melde deg inn i leirklubben n\u00e5r du melder deg p\u00e5 leir. Det vil si at du da betaler leirkontingent + medlemskontingent for leirklubben. Siden du f\u00e5r rabatt fra f\u00f8rste leir vil denne leiren totalt sett bli 100 kroner billigere enn ordin\u00e6r pris. Er du p\u00e5 flere leirer det samme \u00e5ret vil du f\u00e5 150-200 kr i rabatt for hver leir.<\/p>\n<p>St\u00f8tten bruker vi p\u00e5 \u00e5 styrke leirarbeidet v\u00e5rt. Dette gj\u00f8r vi blant annet ved \u00e5 ruste opp leirstedene, kj\u00f8pe inn utstyr og aktiviteter til leirene og lage materiell som faller medlemmene til gode.<\/p>\n<\/div>\n<h4>Bli medlem i ditt lokale Acta-lag!<\/h4>\n<p>Da vil lokallaget f\u00e5 midler til \u00e5 drive enda bedre arbeid, og du er med p\u00e5 \u00e5 st\u00f8tte opp under hele Acta Telemark!<\/p>\n<p>Finn ditt lokallag under &laquo;Felleskap Acta&raquo; p\u00e5 nettsiden.<\/p>\n<\/div><\/div><\/div><div id=\"module-1\" class=\"hogan-module hogan-module-image hogan-module-1 hogan-image-size-large\"><div class=\"hogan-module-inner\"><figure class=\"wp-caption size-large\"><img loading=\"lazy\" decoding=\"async\" width=\"1024\" height=\"768\" src=\"https:\/\/www.normisjon.no\/content\/uploads\/sites\/20\/2018\/09\/pappaleir2-1024x768.jpg\" class=\"attachment-large size-large\" alt=\"\" srcset=\"https:\/\/www.normisjon.no\/content\/uploads\/sites\/20\/2018\/09\/pappaleir2-1024x768.jpg 1024w, https:\/\/www.normisjon.no\/content\/uploads\/sites\/20\/2018\/09\/pappaleir2-300x225.jpg 300w, https:\/\/www.normisjon.no\/content\/uploads\/sites\/20\/2018\/09\/pappaleir2-768x576.jpg 768w, https:\/\/www.normisjon.no\/content\/uploads\/sites\/20\/2018\/09\/pappaleir2-1920x1440.jpg 1920w, https:\/\/www.normisjon.no\/content\/uploads\/sites\/20\/2018\/09\/pappaleir2-1360x1020.jpg 1360w, https:\/\/www.normisjon.no\/content\/uploads\/sites\/20\/2018\/09\/pappaleir2-960x720.jpg 960w, https:\/\/www.normisjon.no\/content\/uploads\/sites\/20\/2018\/09\/pappaleir2.jpg 2048w\" sizes=\"auto, (max-width: 1024px) 100vw, 1024px\" \/><\/figure><\/div><\/div>","protected":false},"excerpt":{"rendered":"<p>Bli direktemedlem i Acta ved \u00e5 trykke\u00a0HER Som direktemedlem i Acta er du med \u00e5 st\u00f8tte arbeidet v\u00e5rt for barn og unge i hele Norge. [&hellip;]<\/p>\n","protected":false},"author":100,"featured_media":0,"parent":0,"menu_order":0,"comment_status":"closed","ping_status":"closed","template":"","meta":{"_acf_changed":false,"footnotes":""},"class_list":["post-2032","page","type-page","status-publish","hentry"],"acf":[],"yoast_head":"<!-- This site is optimized with the Yoast SEO plugin v25.9 - https:\/\/yoast.com\/wordpress\/plugins\/seo\/ -->\n<title>Bli med ACTA! - Region Telemark<\/title>\n<meta name=\"description\" content=\"Bli med! Bli medlem i Acta Sentralt, bli medlem i ditt lokallag eller bli medlem i leirklubben.\" \/>\n<meta name=\"robots\" content=\"index, follow, max-snippet:-1, max-image-preview:large, max-video-preview:-1\" \/>\n<link rel=\"canonical\" href=\"https:\/\/www.normisjon.no\/telemark\/bli-med\/\" \/>\n<meta property=\"og:locale\" content=\"nb_NO\" \/>\n<meta property=\"og:type\" content=\"article\" \/>\n<meta property=\"og:title\" content=\"Bli med ACTA! - Region Telemark\" \/>\n<meta property=\"og:description\" content=\"Bli med! Bli medlem i Acta Sentralt, bli medlem i ditt lokallag eller bli medlem i leirklubben.\" \/>\n<meta property=\"og:url\" content=\"https:\/\/www.normisjon.no\/telemark\/bli-med\/\" \/>\n<meta property=\"og:site_name\" content=\"Region Telemark\" \/>\n<meta property=\"article:modified_time\" content=\"2021-12-12T02:49:03+00:00\" \/>\n<meta name=\"twitter:card\" content=\"summary_large_image\" \/>\n<script type=\"application\/ld+json\" class=\"yoast-schema-graph\">{\"@context\":\"https:\/\/schema.org\",\"@graph\":[{\"@type\":\"WebPage\",\"@id\":\"https:\/\/www.normisjon.no\/telemark\/bli-med\/\",\"url\":\"https:\/\/www.normisjon.no\/telemark\/bli-med\/\",\"name\":\"Bli med ACTA! - Region Telemark\",\"isPartOf\":{\"@id\":\"https:\/\/www.normisjon.no\/telemark\/#website\"},\"datePublished\":\"2021-12-09T20:42:52+00:00\",\"dateModified\":\"2021-12-12T02:49:03+00:00\",\"description\":\"Bli med! Bli medlem i Acta Sentralt, bli medlem i ditt lokallag eller bli medlem i leirklubben.\",\"breadcrumb\":{\"@id\":\"https:\/\/www.normisjon.no\/telemark\/bli-med\/#breadcrumb\"},\"inLanguage\":\"nb-NO\",\"potentialAction\":[{\"@type\":\"ReadAction\",\"target\":[\"https:\/\/www.normisjon.no\/telemark\/bli-med\/\"]}]},{\"@type\":\"BreadcrumbList\",\"@id\":\"https:\/\/www.normisjon.no\/telemark\/bli-med\/#breadcrumb\",\"itemListElement\":[{\"@type\":\"ListItem\",\"position\":1,\"name\":\"Home\",\"item\":\"https:\/\/www.normisjon.no\/telemark\/\"},{\"@type\":\"ListItem\",\"position\":2,\"name\":\"Bli med ACTA!\"}]},{\"@type\":\"WebSite\",\"@id\":\"https:\/\/www.normisjon.no\/telemark\/#website\",\"url\":\"https:\/\/www.normisjon.no\/telemark\/\",\"name\":\"Region Telemark\",\"description\":\"Sammen er vi Normisjon\",\"potentialAction\":[{\"@type\":\"SearchAction\",\"target\":{\"@type\":\"EntryPoint\",\"urlTemplate\":\"https:\/\/www.normisjon.no\/telemark\/?s={search_term_string}\"},\"query-input\":{\"@type\":\"PropertyValueSpecification\",\"valueRequired\":true,\"valueName\":\"search_term_string\"}}],\"inLanguage\":\"nb-NO\"}]}<\/script>\n<!-- \/ Yoast SEO plugin. -->","yoast_head_json":{"title":"Bli med ACTA! - Region Telemark","description":"Bli med! Bli medlem i Acta Sentralt, bli medlem i ditt lokallag eller bli medlem i leirklubben.","robots":{"index":"index","follow":"follow","max-snippet":"max-snippet:-1","max-image-preview":"max-image-preview:large","max-video-preview":"max-video-preview:-1"},"canonical":"https:\/\/www.normisjon.no\/telemark\/bli-med\/","og_locale":"nb_NO","og_type":"article","og_title":"Bli med ACTA! - Region Telemark","og_description":"Bli med! Bli medlem i Acta Sentralt, bli medlem i ditt lokallag eller bli medlem i leirklubben.","og_url":"https:\/\/www.normisjon.no\/telemark\/bli-med\/","og_site_name":"Region Telemark","article_modified_time":"2021-12-12T02:49:03+00:00","twitter_card":"summary_large_image","schema":{"@context":"https:\/\/schema.org","@graph":[{"@type":"WebPage","@id":"https:\/\/www.normisjon.no\/telemark\/bli-med\/","url":"https:\/\/www.normisjon.no\/telemark\/bli-med\/","name":"Bli med ACTA! - Region Telemark","isPartOf":{"@id":"https:\/\/www.normisjon.no\/telemark\/#website"},"datePublished":"2021-12-09T20:42:52+00:00","dateModified":"2021-12-12T02:49:03+00:00","description":"Bli med! Bli medlem i Acta Sentralt, bli medlem i ditt lokallag eller bli medlem i leirklubben.","breadcrumb":{"@id":"https:\/\/www.normisjon.no\/telemark\/bli-med\/#breadcrumb"},"inLanguage":"nb-NO","potentialAction":[{"@type":"ReadAction","target":["https:\/\/www.normisjon.no\/telemark\/bli-med\/"]}]},{"@type":"BreadcrumbList","@id":"https:\/\/www.normisjon.no\/telemark\/bli-med\/#breadcrumb","itemListElement":[{"@type":"ListItem","position":1,"name":"Home","item":"https:\/\/www.normisjon.no\/telemark\/"},{"@type":"ListItem","position":2,"name":"Bli med ACTA!"}]},{"@type":"WebSite","@id":"https:\/\/www.normisjon.no\/telemark\/#website","url":"https:\/\/www.normisjon.no\/telemark\/","name":"Region Telemark","description":"Sammen er vi Normisjon","potentialAction":[{"@type":"SearchAction","target":{"@type":"EntryPoint","urlTemplate":"https:\/\/www.normisjon.no\/telemark\/?s={search_term_string}"},"query-input":{"@type":"PropertyValueSpecification","valueRequired":true,"valueName":"search_term_string"}}],"inLanguage":"nb-NO"}]}},"_links":{"self":[{"href":"https:\/\/www.normisjon.no\/telemark\/wp-json\/wp\/v2\/pages\/2032","targetHints":{"allow":["GET"]}}],"collection":[{"href":"https:\/\/www.normisjon.no\/telemark\/wp-json\/wp\/v2\/pages"}],"about":[{"href":"https:\/\/www.normisjon.no\/telemark\/wp-json\/wp\/v2\/types\/page"}],"author":[{"embeddable":true,"href":"https:\/\/www.normisjon.no\/telemark\/wp-json\/wp\/v2\/users\/100"}],"replies":[{"embeddable":true,"href":"https:\/\/www.normisjon.no\/telemark\/wp-json\/wp\/v2\/comments?post=2032"}],"version-history":[{"count":3,"href":"https:\/\/www.normisjon.no\/telemark\/wp-json\/wp\/v2\/pages\/2032\/revisions"}],"predecessor-version":[{"id":2038,"href":"https:\/\/www.normisjon.no\/telemark\/wp-json\/wp\/v2\/pages\/2032\/revisions\/2038"}],"wp:attachment":[{"href":"https:\/\/www.normisjon.no\/telemark\/wp-json\/wp\/v2\/media?parent=2032"}],"curies":[{"name":"wp","href":"https:\/\/api.w.org\/{rel}","templated":true}]}}