{"id":2623,"date":"2023-09-14T13:54:32","date_gmt":"2023-09-14T11:54:32","guid":{"rendered":"https:\/\/www.normisjon.no\/telemark\/?page_id=2623"},"modified":"2023-09-14T14:00:26","modified_gmt":"2023-09-14T12:00:26","slug":"tenleir-pa-sjoglimt","status":"publish","type":"page","link":"https:\/\/www.normisjon.no\/telemark\/tenleir-pa-sjoglimt\/","title":{"rendered":"Tenleir p\u00e5 Sj\u00f8glimt"},"content":{"rendered":"<div class=\"entry-content alignfull wp-block-post-content has-global-padding is-layout-constrained wp-block-post-content-is-layout-constrained\">\n<p>27. &#8211; 29. oktober 2023<\/p>\n\n\n\n<p>Kom p\u00e5 leir! Vi inviterer til en pause fra hverdagen. Leiren arrangeres i samarbeid med Acta \u00d8stfold. Vi drar til Sj\u00f8glimt for en helg med venner, god mat, m\u00f8ter med Jesus og pause fra stress og mas. Ta med deg en venn, eller kom alene og bli kjent med andre ungdommer fra Telemark og \u00d8stfold. Hjertelig velkommen!<\/p>\n\n\n\n<figure class=\"wp-block-image size-large\"><img loading=\"lazy\" decoding=\"async\" width=\"1024\" height=\"1024\" src=\"https:\/\/www.normisjon.no\/content\/uploads\/sites\/20\/2023\/09\/Orje-Tenleir.-1024x1024.jpg\" alt=\"\" class=\"wp-image-2624\" srcset=\"https:\/\/www.normisjon.no\/content\/uploads\/sites\/20\/2023\/09\/Orje-Tenleir.-1024x1024.jpg 1024w, https:\/\/www.normisjon.no\/content\/uploads\/sites\/20\/2023\/09\/Orje-Tenleir.-300x300.jpg 300w, https:\/\/www.normisjon.no\/content\/uploads\/sites\/20\/2023\/09\/Orje-Tenleir.-150x150.jpg 150w, https:\/\/www.normisjon.no\/content\/uploads\/sites\/20\/2023\/09\/Orje-Tenleir.-768x768.jpg 768w, https:\/\/www.normisjon.no\/content\/uploads\/sites\/20\/2023\/09\/Orje-Tenleir.-960x960.jpg 960w, https:\/\/www.normisjon.no\/content\/uploads\/sites\/20\/2023\/09\/Orje-Tenleir..jpg 1080w\" sizes=\"auto, (max-width: 1024px) 100vw, 1024px\" \/><\/figure>\n\n\n\n<p><\/p>\n<\/div><div id=\"module-0\" class=\"hogan-module hogan-module-text hogan-module-0\"><div class=\"hogan-module-inner\"><div id=\"checkin_registration\"><\/div>\n<p><script>\n (function(w, d) {\n\td.event_id = 61311;\n\tvar headTag = d.getElementsByTagName('head')[0];\n\tvar script = d.createElement('script');\n\tscript.src = 'https:\/\/registration.checkin.no\/registration.loader.js';\n\tscript.async = 1;\n\tscript.crossOrigin = 1;\n\theadTag.appendChild(script);\n })(window, document);\n<\/script><\/p><\/div><\/div>","protected":false},"excerpt":{"rendered":"<p>27. &#8211; 29. oktober 2023 Kom p\u00e5 leir! Vi inviterer til en pause fra hverdagen. Leiren arrangeres i samarbeid med Acta \u00d8stfold. Vi drar til [&hellip;]<\/p>\n","protected":false},"author":122,"featured_media":2624,"parent":0,"menu_order":0,"comment_status":"closed","ping_status":"closed","template":"","meta":{"_acf_changed":false,"footnotes":""},"class_list":["post-2623","page","type-page","status-publish","has-post-thumbnail","hentry"],"acf":[],"yoast_head":"<!-- This site is optimized with the Yoast SEO plugin v25.9 - https:\/\/yoast.com\/wordpress\/plugins\/seo\/ -->\n<title>Tenleir p\u00e5 Sj\u00f8glimt - Region Telemark<\/title>\n<meta name=\"robots\" content=\"index, follow, max-snippet:-1, max-image-preview:large, max-video-preview:-1\" \/>\n<link rel=\"canonical\" href=\"https:\/\/www.normisjon.no\/telemark\/tenleir-pa-sjoglimt\/\" \/>\n<meta property=\"og:locale\" content=\"nb_NO\" \/>\n<meta property=\"og:type\" content=\"article\" \/>\n<meta property=\"og:title\" content=\"Tenleir p\u00e5 Sj\u00f8glimt - Region Telemark\" \/>\n<meta property=\"og:description\" content=\"27. &#8211; 29. oktober 2023 Kom p\u00e5 leir! Vi inviterer til en pause fra hverdagen. Leiren arrangeres i samarbeid med Acta \u00d8stfold. Vi drar til [&hellip;]\" \/>\n<meta property=\"og:url\" content=\"https:\/\/www.normisjon.no\/telemark\/tenleir-pa-sjoglimt\/\" \/>\n<meta property=\"og:site_name\" content=\"Region Telemark\" \/>\n<meta property=\"article:modified_time\" content=\"2023-09-14T12:00:26+00:00\" \/>\n<meta property=\"og:image\" content=\"https:\/\/www.normisjon.no\/content\/uploads\/sites\/20\/2023\/09\/Orje-Tenleir..jpg\" \/>\n\t<meta property=\"og:image:width\" content=\"1080\" \/>\n\t<meta property=\"og:image:height\" content=\"1080\" \/>\n\t<meta property=\"og:image:type\" content=\"image\/jpeg\" \/>\n<meta name=\"twitter:card\" content=\"summary_large_image\" \/>\n<meta name=\"twitter:label1\" content=\"Ansl. lesetid\" \/>\n\t<meta name=\"twitter:data1\" content=\"1 minutt\" \/>\n<script type=\"application\/ld+json\" class=\"yoast-schema-graph\">{\"@context\":\"https:\/\/schema.org\",\"@graph\":[{\"@type\":\"WebPage\",\"@id\":\"https:\/\/www.normisjon.no\/telemark\/tenleir-pa-sjoglimt\/\",\"url\":\"https:\/\/www.normisjon.no\/telemark\/tenleir-pa-sjoglimt\/\",\"name\":\"Tenleir p\u00e5 Sj\u00f8glimt - Region Telemark\",\"isPartOf\":{\"@id\":\"https:\/\/www.normisjon.no\/telemark\/#website\"},\"primaryImageOfPage\":{\"@id\":\"https:\/\/www.normisjon.no\/telemark\/tenleir-pa-sjoglimt\/#primaryimage\"},\"image\":{\"@id\":\"https:\/\/www.normisjon.no\/telemark\/tenleir-pa-sjoglimt\/#primaryimage\"},\"thumbnailUrl\":\"https:\/\/www.normisjon.no\/content\/uploads\/sites\/20\/2023\/09\/Orje-Tenleir..jpg\",\"datePublished\":\"2023-09-14T11:54:32+00:00\",\"dateModified\":\"2023-09-14T12:00:26+00:00\",\"breadcrumb\":{\"@id\":\"https:\/\/www.normisjon.no\/telemark\/tenleir-pa-sjoglimt\/#breadcrumb\"},\"inLanguage\":\"nb-NO\",\"potentialAction\":[{\"@type\":\"ReadAction\",\"target\":[\"https:\/\/www.normisjon.no\/telemark\/tenleir-pa-sjoglimt\/\"]}]},{\"@type\":\"ImageObject\",\"inLanguage\":\"nb-NO\",\"@id\":\"https:\/\/www.normisjon.no\/telemark\/tenleir-pa-sjoglimt\/#primaryimage\",\"url\":\"https:\/\/www.normisjon.no\/content\/uploads\/sites\/20\/2023\/09\/Orje-Tenleir..jpg\",\"contentUrl\":\"https:\/\/www.normisjon.no\/content\/uploads\/sites\/20\/2023\/09\/Orje-Tenleir..jpg\",\"width\":1080,\"height\":1080},{\"@type\":\"BreadcrumbList\",\"@id\":\"https:\/\/www.normisjon.no\/telemark\/tenleir-pa-sjoglimt\/#breadcrumb\",\"itemListElement\":[{\"@type\":\"ListItem\",\"position\":1,\"name\":\"Home\",\"item\":\"https:\/\/www.normisjon.no\/telemark\/\"},{\"@type\":\"ListItem\",\"position\":2,\"name\":\"Tenleir p\u00e5 Sj\u00f8glimt\"}]},{\"@type\":\"WebSite\",\"@id\":\"https:\/\/www.normisjon.no\/telemark\/#website\",\"url\":\"https:\/\/www.normisjon.no\/telemark\/\",\"name\":\"Region Telemark\",\"description\":\"Sammen er vi Normisjon\",\"potentialAction\":[{\"@type\":\"SearchAction\",\"target\":{\"@type\":\"EntryPoint\",\"urlTemplate\":\"https:\/\/www.normisjon.no\/telemark\/?s={search_term_string}\"},\"query-input\":{\"@type\":\"PropertyValueSpecification\",\"valueRequired\":true,\"valueName\":\"search_term_string\"}}],\"inLanguage\":\"nb-NO\"}]}<\/script>\n<!-- \/ Yoast SEO plugin. -->","yoast_head_json":{"title":"Tenleir p\u00e5 Sj\u00f8glimt - Region Telemark","robots":{"index":"index","follow":"follow","max-snippet":"max-snippet:-1","max-image-preview":"max-image-preview:large","max-video-preview":"max-video-preview:-1"},"canonical":"https:\/\/www.normisjon.no\/telemark\/tenleir-pa-sjoglimt\/","og_locale":"nb_NO","og_type":"article","og_title":"Tenleir p\u00e5 Sj\u00f8glimt - Region Telemark","og_description":"27. &#8211; 29. oktober 2023 Kom p\u00e5 leir! Vi inviterer til en pause fra hverdagen. Leiren arrangeres i samarbeid med Acta \u00d8stfold. Vi drar til [&hellip;]","og_url":"https:\/\/www.normisjon.no\/telemark\/tenleir-pa-sjoglimt\/","og_site_name":"Region Telemark","article_modified_time":"2023-09-14T12:00:26+00:00","og_image":[{"width":1080,"height":1080,"url":"https:\/\/www.normisjon.no\/content\/uploads\/sites\/20\/2023\/09\/Orje-Tenleir..jpg","type":"image\/jpeg"}],"twitter_card":"summary_large_image","twitter_misc":{"Ansl. lesetid":"1 minutt"},"schema":{"@context":"https:\/\/schema.org","@graph":[{"@type":"WebPage","@id":"https:\/\/www.normisjon.no\/telemark\/tenleir-pa-sjoglimt\/","url":"https:\/\/www.normisjon.no\/telemark\/tenleir-pa-sjoglimt\/","name":"Tenleir p\u00e5 Sj\u00f8glimt - Region Telemark","isPartOf":{"@id":"https:\/\/www.normisjon.no\/telemark\/#website"},"primaryImageOfPage":{"@id":"https:\/\/www.normisjon.no\/telemark\/tenleir-pa-sjoglimt\/#primaryimage"},"image":{"@id":"https:\/\/www.normisjon.no\/telemark\/tenleir-pa-sjoglimt\/#primaryimage"},"thumbnailUrl":"https:\/\/www.normisjon.no\/content\/uploads\/sites\/20\/2023\/09\/Orje-Tenleir..jpg","datePublished":"2023-09-14T11:54:32+00:00","dateModified":"2023-09-14T12:00:26+00:00","breadcrumb":{"@id":"https:\/\/www.normisjon.no\/telemark\/tenleir-pa-sjoglimt\/#breadcrumb"},"inLanguage":"nb-NO","potentialAction":[{"@type":"ReadAction","target":["https:\/\/www.normisjon.no\/telemark\/tenleir-pa-sjoglimt\/"]}]},{"@type":"ImageObject","inLanguage":"nb-NO","@id":"https:\/\/www.normisjon.no\/telemark\/tenleir-pa-sjoglimt\/#primaryimage","url":"https:\/\/www.normisjon.no\/content\/uploads\/sites\/20\/2023\/09\/Orje-Tenleir..jpg","contentUrl":"https:\/\/www.normisjon.no\/content\/uploads\/sites\/20\/2023\/09\/Orje-Tenleir..jpg","width":1080,"height":1080},{"@type":"BreadcrumbList","@id":"https:\/\/www.normisjon.no\/telemark\/tenleir-pa-sjoglimt\/#breadcrumb","itemListElement":[{"@type":"ListItem","position":1,"name":"Home","item":"https:\/\/www.normisjon.no\/telemark\/"},{"@type":"ListItem","position":2,"name":"Tenleir p\u00e5 Sj\u00f8glimt"}]},{"@type":"WebSite","@id":"https:\/\/www.normisjon.no\/telemark\/#website","url":"https:\/\/www.normisjon.no\/telemark\/","name":"Region Telemark","description":"Sammen er vi Normisjon","potentialAction":[{"@type":"SearchAction","target":{"@type":"EntryPoint","urlTemplate":"https:\/\/www.normisjon.no\/telemark\/?s={search_term_string}"},"query-input":{"@type":"PropertyValueSpecification","valueRequired":true,"valueName":"search_term_string"}}],"inLanguage":"nb-NO"}]}},"_links":{"self":[{"href":"https:\/\/www.normisjon.no\/telemark\/wp-json\/wp\/v2\/pages\/2623","targetHints":{"allow":["GET"]}}],"collection":[{"href":"https:\/\/www.normisjon.no\/telemark\/wp-json\/wp\/v2\/pages"}],"about":[{"href":"https:\/\/www.normisjon.no\/telemark\/wp-json\/wp\/v2\/types\/page"}],"author":[{"embeddable":true,"href":"https:\/\/www.normisjon.no\/telemark\/wp-json\/wp\/v2\/users\/122"}],"replies":[{"embeddable":true,"href":"https:\/\/www.normisjon.no\/telemark\/wp-json\/wp\/v2\/comments?post=2623"}],"version-history":[{"count":4,"href":"https:\/\/www.normisjon.no\/telemark\/wp-json\/wp\/v2\/pages\/2623\/revisions"}],"predecessor-version":[{"id":2630,"href":"https:\/\/www.normisjon.no\/telemark\/wp-json\/wp\/v2\/pages\/2623\/revisions\/2630"}],"wp:featuredmedia":[{"embeddable":true,"href":"https:\/\/www.normisjon.no\/telemark\/wp-json\/wp\/v2\/media\/2624"}],"wp:attachment":[{"href":"https:\/\/www.normisjon.no\/telemark\/wp-json\/wp\/v2\/media?parent=2623"}],"curies":[{"name":"wp","href":"https:\/\/api.w.org\/{rel}","templated":true}]}}