{"id":1127,"date":"2023-03-15T15:05:27","date_gmt":"2023-03-15T14:05:27","guid":{"rendered":"https:\/\/www.normisjon.no\/trondelag\/?page_id=1127"},"modified":"2025-10-30T10:09:34","modified_gmt":"2025-10-30T09:09:34","slug":"seniorarbeidet-i-normisjon-trondelag","status":"publish","type":"page","link":"https:\/\/www.normisjon.no\/trondelag\/seniorarbeidet-i-normisjon-trondelag\/","title":{"rendered":"Seniorarbeidet"},"content":{"rendered":"<div class=\"entry-content alignfull wp-block-post-content has-global-padding is-layout-constrained wp-block-post-content-is-layout-constrained\">\n<figure class=\"wp-block-image size-large\"><img loading=\"lazy\" decoding=\"async\" width=\"1024\" height=\"671\" src=\"https:\/\/www.normisjon.no\/content\/uploads\/sites\/21\/2023\/03\/Seniorarbeid-1024x671.jpg\" alt=\"\" class=\"wp-image-1128\" srcset=\"https:\/\/www.normisjon.no\/content\/uploads\/sites\/21\/2023\/03\/Seniorarbeid-1024x671.jpg 1024w, https:\/\/www.normisjon.no\/content\/uploads\/sites\/21\/2023\/03\/Seniorarbeid-300x197.jpg 300w, https:\/\/www.normisjon.no\/content\/uploads\/sites\/21\/2023\/03\/Seniorarbeid-768x503.jpg 768w, https:\/\/www.normisjon.no\/content\/uploads\/sites\/21\/2023\/03\/Seniorarbeid-1536x1007.jpg 1536w, https:\/\/www.normisjon.no\/content\/uploads\/sites\/21\/2023\/03\/Seniorarbeid-2048x1342.jpg 2048w, https:\/\/www.normisjon.no\/content\/uploads\/sites\/21\/2023\/03\/Seniorarbeid-1920x1258.jpg 1920w, https:\/\/www.normisjon.no\/content\/uploads\/sites\/21\/2023\/03\/Seniorarbeid-1360x891.jpg 1360w, https:\/\/www.normisjon.no\/content\/uploads\/sites\/21\/2023\/03\/Seniorarbeid-960x629.jpg 960w\" sizes=\"auto, (max-width: 1024px) 100vw, 1024px\" \/><figcaption class=\"wp-element-caption\"><em>Utdeling av nattverd p\u00e5 et av bibelkursene som seniorutvalget i Normisjon region Tr\u00f8ndelag har arrangert p\u00e5 IMI St\u00f8l<\/em>en.<\/figcaption><\/figure>\n\n\n\n<p><strong>Seniorutvalget<\/strong><\/p>\n\n\n\n<p>Normisjon region Tr\u00f8ndelag har et seniorutvalg som ivrer for \u00e5 legge til rette for \u00e5ndelig og sosialt fellesskap for seniorer, gjennom \u00e5 arrangere egne leirer og aktiviteter for denne gruppen. <\/p>\n\n\n\n<p>Seniorutvalget er valgt av regionstyret i Normisjon region Tr\u00f8ndelag, og best\u00e5r av fire representanter som velges for tre \u00e5r av gangen. <\/p>\n\n\n\n<p>I 2025 best\u00e5r seniorutvalget av f\u00f8lgende representanter:<\/p>\n\n\n\n<ul class=\"wp-block-list\">\n<li>Sverre Karlsen (leder)<\/li>\n\n\n\n<li>Ruth Skogen<\/li>\n\n\n\n<li>Nils Erik Syrstad<\/li>\n<\/ul>\n\n\n\n<figure class=\"wp-block-image size-large\"><img loading=\"lazy\" decoding=\"async\" width=\"1024\" height=\"775\" src=\"https:\/\/www.normisjon.no\/content\/uploads\/sites\/21\/2025\/10\/Seniorutvalget-e1761815175441-1024x775.jpg\" alt=\"\" class=\"wp-image-1854\" srcset=\"https:\/\/www.normisjon.no\/content\/uploads\/sites\/21\/2025\/10\/Seniorutvalget-e1761815175441-1024x775.jpg 1024w, https:\/\/www.normisjon.no\/content\/uploads\/sites\/21\/2025\/10\/Seniorutvalget-e1761815175441-300x227.jpg 300w, https:\/\/www.normisjon.no\/content\/uploads\/sites\/21\/2025\/10\/Seniorutvalget-e1761815175441-768x581.jpg 768w, https:\/\/www.normisjon.no\/content\/uploads\/sites\/21\/2025\/10\/Seniorutvalget-e1761815175441-1360x1029.jpg 1360w, https:\/\/www.normisjon.no\/content\/uploads\/sites\/21\/2025\/10\/Seniorutvalget-e1761815175441-960x727.jpg 960w, https:\/\/www.normisjon.no\/content\/uploads\/sites\/21\/2025\/10\/Seniorutvalget-e1761815175441.jpg 1440w\" sizes=\"auto, (max-width: 1024px) 100vw, 1024px\" \/><figcaption class=\"wp-element-caption\">Seniorutvalget best\u00e5r i 2025 av (fra venstre): Sverre Karlsen, Ruth Skogen og Nils Erik Syrstad.<\/figcaption><\/figure>\n\n\n\n<p>Noen av de faste arrangementene som seniorutvalget st\u00e5r bak hvert \u00e5r er :<\/p>\n\n\n\n<ul class=\"wp-block-list\">\n<li><a href=\"https:\/\/imi-stolen.no\/arrangementer\/3081\" target=\"_blank\" rel=\"noreferrer noopener\">bibelkurs p\u00e5 IMI St\u00f8len i januar <\/a><\/li>\n\n\n\n<li><a href=\"https:\/\/imi-stolen.no\/arrangementer\/1181\" target=\"_blank\" rel=\"noreferrer noopener\">dugnadsleir p\u00e5 IMI St\u00f8len i september<\/a>.<\/li>\n<\/ul>\n\n\n\n<figure class=\"wp-block-image size-large\"><img loading=\"lazy\" decoding=\"async\" width=\"1024\" height=\"683\" src=\"https:\/\/www.normisjon.no\/content\/uploads\/sites\/21\/2020\/06\/Dugnadsleir-3-1024x683.jpg\" alt=\"Fra dugnadsleir p\u00e5 IMI St\u00f8len\" class=\"wp-image-682\" srcset=\"https:\/\/www.normisjon.no\/content\/uploads\/sites\/21\/2020\/06\/Dugnadsleir-3-1024x683.jpg 1024w, https:\/\/www.normisjon.no\/content\/uploads\/sites\/21\/2020\/06\/Dugnadsleir-3-300x200.jpg 300w, https:\/\/www.normisjon.no\/content\/uploads\/sites\/21\/2020\/06\/Dugnadsleir-3-768x512.jpg 768w, https:\/\/www.normisjon.no\/content\/uploads\/sites\/21\/2020\/06\/Dugnadsleir-3-1920x1280.jpg 1920w, https:\/\/www.normisjon.no\/content\/uploads\/sites\/21\/2020\/06\/Dugnadsleir-3-1360x907.jpg 1360w, https:\/\/www.normisjon.no\/content\/uploads\/sites\/21\/2020\/06\/Dugnadsleir-3-960x640.jpg 960w\" sizes=\"auto, (max-width: 1024px) 100vw, 1024px\" \/><figcaption class=\"wp-element-caption\"><em>Fra dugnadsleir p\u00e5 IMI St\u00f8len<\/em><\/figcaption><\/figure>\n\n\n\n<p>I tillegg til seniorutvalgets arrangementer, arrangerer regionen i samarbeid med IMI St\u00f8len flere faste leirer for seniorer hvert \u00e5r:<\/p>\n\n\n\n<ul class=\"wp-block-list\">\n<li><a href=\"https:\/\/imi-stolen.no\/arrangementer\/5905\" target=\"_blank\" rel=\"noreferrer noopener\">Vinter fjellferie<\/a> i mars<\/li>\n\n\n\n<li><a href=\"https:\/\/imi-stolen.no\/arrangementer\/336\" target=\"_blank\" rel=\"noreferrer noopener\">Fjellferie for seniorer<\/a> i juli\/august<\/li>\n<\/ul>\n\n\n\n<p><strong>Id\u00e9bank til seniorarbeidet<\/strong><\/p>\n\n\n\n<p>Seniorutvalget i Normisjon&nbsp;har laget en id\u00e9bank for seniorene i organisasjonen.<\/p>\n\n\n\n<p>&nbsp;\u2013 Hensikten er \u00e5 kunne vise litt av det arbeidet som skjer i regioner og lokalt, og gi inspirasjon og ideer til eget arbeid, skriver utvalget i innledningen.&nbsp;<\/p>\n\n\n\n<p>Utvalget gir eksempler p\u00e5 hva som kan gj\u00f8res og tilpasses egne, lokale forhold. Blant disse er bibelkurs, leirer og stevner, turer ut i naturen, diakonalt arbeid og engasjement i gjenbruksbutikker.&nbsp;<\/p>\n\n\n\n<p><a href=\"https:\/\/www.normisjon.no\/content\/uploads\/2021\/10\/Seniorprogram-2021%E2%80%932022.pdf\" target=\"_blank\" rel=\"noreferrer noopener\">Id\u00e9banken finner du her<\/a><\/p>\n<\/div>","protected":false},"excerpt":{"rendered":"<p>Seniorutvalget Normisjon region Tr\u00f8ndelag har et seniorutvalg som ivrer for \u00e5 legge til rette for \u00e5ndelig og sosialt fellesskap for seniorer, gjennom \u00e5 arrangere egne [&hellip;]<\/p>\n","protected":false},"author":33,"featured_media":1128,"parent":0,"menu_order":0,"comment_status":"closed","ping_status":"closed","template":"","meta":{"_acf_changed":false,"footnotes":""},"class_list":["post-1127","page","type-page","status-publish","has-post-thumbnail","hentry"],"acf":[],"yoast_head":"<!-- This site is optimized with the Yoast SEO plugin v25.9 - https:\/\/yoast.com\/wordpress\/plugins\/seo\/ -->\n<title>Seniorarbeidet - Normisjon Region Tr\u00f8ndelag<\/title>\n<meta name=\"robots\" content=\"index, follow, max-snippet:-1, max-image-preview:large, max-video-preview:-1\" \/>\n<link rel=\"canonical\" href=\"https:\/\/www.normisjon.no\/trondelag\/seniorarbeidet-i-normisjon-trondelag\/\" \/>\n<meta property=\"og:locale\" content=\"nb_NO\" \/>\n<meta property=\"og:type\" content=\"article\" \/>\n<meta property=\"og:title\" content=\"Seniorarbeidet - Normisjon Region Tr\u00f8ndelag\" \/>\n<meta property=\"og:description\" content=\"Seniorutvalget Normisjon region Tr\u00f8ndelag har et seniorutvalg som ivrer for \u00e5 legge til rette for \u00e5ndelig og sosialt fellesskap for seniorer, gjennom \u00e5 arrangere egne [&hellip;]\" \/>\n<meta property=\"og:url\" content=\"https:\/\/www.normisjon.no\/trondelag\/seniorarbeidet-i-normisjon-trondelag\/\" \/>\n<meta property=\"og:site_name\" content=\"Normisjon Region Tr\u00f8ndelag\" \/>\n<meta property=\"article:publisher\" content=\"https:\/\/www.facebook.com\/NormisjonTrondelag\" \/>\n<meta property=\"article:modified_time\" content=\"2025-10-30T09:09:34+00:00\" \/>\n<meta property=\"og:image\" content=\"https:\/\/www.normisjon.no\/content\/uploads\/sites\/21\/2023\/03\/Seniorarbeid-scaled.jpg\" \/>\n\t<meta property=\"og:image:width\" content=\"2560\" \/>\n\t<meta property=\"og:image:height\" content=\"1678\" \/>\n\t<meta property=\"og:image:type\" content=\"image\/jpeg\" \/>\n<meta name=\"twitter:card\" content=\"summary_large_image\" \/>\n<meta name=\"twitter:label1\" content=\"Ansl. lesetid\" \/>\n\t<meta name=\"twitter:data1\" content=\"3 minutter\" \/>\n<script type=\"application\/ld+json\" class=\"yoast-schema-graph\">{\"@context\":\"https:\/\/schema.org\",\"@graph\":[{\"@type\":\"WebPage\",\"@id\":\"https:\/\/www.normisjon.no\/trondelag\/seniorarbeidet-i-normisjon-trondelag\/\",\"url\":\"https:\/\/www.normisjon.no\/trondelag\/seniorarbeidet-i-normisjon-trondelag\/\",\"name\":\"Seniorarbeidet - Normisjon Region Tr\u00f8ndelag\",\"isPartOf\":{\"@id\":\"https:\/\/www.normisjon.no\/trondelag\/#website\"},\"primaryImageOfPage\":{\"@id\":\"https:\/\/www.normisjon.no\/trondelag\/seniorarbeidet-i-normisjon-trondelag\/#primaryimage\"},\"image\":{\"@id\":\"https:\/\/www.normisjon.no\/trondelag\/seniorarbeidet-i-normisjon-trondelag\/#primaryimage\"},\"thumbnailUrl\":\"https:\/\/www.normisjon.no\/content\/uploads\/sites\/21\/2023\/03\/Seniorarbeid-scaled.jpg\",\"datePublished\":\"2023-03-15T14:05:27+00:00\",\"dateModified\":\"2025-10-30T09:09:34+00:00\",\"breadcrumb\":{\"@id\":\"https:\/\/www.normisjon.no\/trondelag\/seniorarbeidet-i-normisjon-trondelag\/#breadcrumb\"},\"inLanguage\":\"nb-NO\",\"potentialAction\":[{\"@type\":\"ReadAction\",\"target\":[\"https:\/\/www.normisjon.no\/trondelag\/seniorarbeidet-i-normisjon-trondelag\/\"]}]},{\"@type\":\"ImageObject\",\"inLanguage\":\"nb-NO\",\"@id\":\"https:\/\/www.normisjon.no\/trondelag\/seniorarbeidet-i-normisjon-trondelag\/#primaryimage\",\"url\":\"https:\/\/www.normisjon.no\/content\/uploads\/sites\/21\/2023\/03\/Seniorarbeid-scaled.jpg\",\"contentUrl\":\"https:\/\/www.normisjon.no\/content\/uploads\/sites\/21\/2023\/03\/Seniorarbeid-scaled.jpg\",\"width\":2560,\"height\":1678},{\"@type\":\"BreadcrumbList\",\"@id\":\"https:\/\/www.normisjon.no\/trondelag\/seniorarbeidet-i-normisjon-trondelag\/#breadcrumb\",\"itemListElement\":[{\"@type\":\"ListItem\",\"position\":1,\"name\":\"Home\",\"item\":\"https:\/\/www.normisjon.no\/trondelag\/\"},{\"@type\":\"ListItem\",\"position\":2,\"name\":\"Seniorarbeidet\"}]},{\"@type\":\"WebSite\",\"@id\":\"https:\/\/www.normisjon.no\/trondelag\/#website\",\"url\":\"https:\/\/www.normisjon.no\/trondelag\/\",\"name\":\"Normisjon Region Tr\u00f8ndelag\",\"description\":\"Jesus Kristus til nye generasjoner og folkeslag\",\"publisher\":{\"@id\":\"https:\/\/www.normisjon.no\/trondelag\/#organization\"},\"potentialAction\":[{\"@type\":\"SearchAction\",\"target\":{\"@type\":\"EntryPoint\",\"urlTemplate\":\"https:\/\/www.normisjon.no\/trondelag\/?s={search_term_string}\"},\"query-input\":{\"@type\":\"PropertyValueSpecification\",\"valueRequired\":true,\"valueName\":\"search_term_string\"}}],\"inLanguage\":\"nb-NO\"},{\"@type\":\"Organization\",\"@id\":\"https:\/\/www.normisjon.no\/trondelag\/#organization\",\"name\":\"Normisjon Region Tr\u00f8ndelag\",\"url\":\"https:\/\/www.normisjon.no\/trondelag\/\",\"logo\":{\"@type\":\"ImageObject\",\"inLanguage\":\"nb-NO\",\"@id\":\"https:\/\/www.normisjon.no\/trondelag\/#\/schema\/logo\/image\/\",\"url\":\"https:\/\/www.normisjon.no\/content\/uploads\/sites\/21\/2018\/10\/logo_Normisjon_svart_600.jpg\",\"contentUrl\":\"https:\/\/www.normisjon.no\/content\/uploads\/sites\/21\/2018\/10\/logo_Normisjon_svart_600.jpg\",\"width\":600,\"height\":173,\"caption\":\"Normisjon Region Tr\u00f8ndelag\"},\"image\":{\"@id\":\"https:\/\/www.normisjon.no\/trondelag\/#\/schema\/logo\/image\/\"},\"sameAs\":[\"https:\/\/www.facebook.com\/NormisjonTrondelag\"]}]}<\/script>\n<!-- \/ Yoast SEO plugin. -->","yoast_head_json":{"title":"Seniorarbeidet - Normisjon Region Tr\u00f8ndelag","robots":{"index":"index","follow":"follow","max-snippet":"max-snippet:-1","max-image-preview":"max-image-preview:large","max-video-preview":"max-video-preview:-1"},"canonical":"https:\/\/www.normisjon.no\/trondelag\/seniorarbeidet-i-normisjon-trondelag\/","og_locale":"nb_NO","og_type":"article","og_title":"Seniorarbeidet - Normisjon Region Tr\u00f8ndelag","og_description":"Seniorutvalget Normisjon region Tr\u00f8ndelag har et seniorutvalg som ivrer for \u00e5 legge til rette for \u00e5ndelig og sosialt fellesskap for seniorer, gjennom \u00e5 arrangere egne [&hellip;]","og_url":"https:\/\/www.normisjon.no\/trondelag\/seniorarbeidet-i-normisjon-trondelag\/","og_site_name":"Normisjon Region Tr\u00f8ndelag","article_publisher":"https:\/\/www.facebook.com\/NormisjonTrondelag","article_modified_time":"2025-10-30T09:09:34+00:00","og_image":[{"width":2560,"height":1678,"url":"https:\/\/www.normisjon.no\/content\/uploads\/sites\/21\/2023\/03\/Seniorarbeid-scaled.jpg","type":"image\/jpeg"}],"twitter_card":"summary_large_image","twitter_misc":{"Ansl. lesetid":"3 minutter"},"schema":{"@context":"https:\/\/schema.org","@graph":[{"@type":"WebPage","@id":"https:\/\/www.normisjon.no\/trondelag\/seniorarbeidet-i-normisjon-trondelag\/","url":"https:\/\/www.normisjon.no\/trondelag\/seniorarbeidet-i-normisjon-trondelag\/","name":"Seniorarbeidet - Normisjon Region Tr\u00f8ndelag","isPartOf":{"@id":"https:\/\/www.normisjon.no\/trondelag\/#website"},"primaryImageOfPage":{"@id":"https:\/\/www.normisjon.no\/trondelag\/seniorarbeidet-i-normisjon-trondelag\/#primaryimage"},"image":{"@id":"https:\/\/www.normisjon.no\/trondelag\/seniorarbeidet-i-normisjon-trondelag\/#primaryimage"},"thumbnailUrl":"https:\/\/www.normisjon.no\/content\/uploads\/sites\/21\/2023\/03\/Seniorarbeid-scaled.jpg","datePublished":"2023-03-15T14:05:27+00:00","dateModified":"2025-10-30T09:09:34+00:00","breadcrumb":{"@id":"https:\/\/www.normisjon.no\/trondelag\/seniorarbeidet-i-normisjon-trondelag\/#breadcrumb"},"inLanguage":"nb-NO","potentialAction":[{"@type":"ReadAction","target":["https:\/\/www.normisjon.no\/trondelag\/seniorarbeidet-i-normisjon-trondelag\/"]}]},{"@type":"ImageObject","inLanguage":"nb-NO","@id":"https:\/\/www.normisjon.no\/trondelag\/seniorarbeidet-i-normisjon-trondelag\/#primaryimage","url":"https:\/\/www.normisjon.no\/content\/uploads\/sites\/21\/2023\/03\/Seniorarbeid-scaled.jpg","contentUrl":"https:\/\/www.normisjon.no\/content\/uploads\/sites\/21\/2023\/03\/Seniorarbeid-scaled.jpg","width":2560,"height":1678},{"@type":"BreadcrumbList","@id":"https:\/\/www.normisjon.no\/trondelag\/seniorarbeidet-i-normisjon-trondelag\/#breadcrumb","itemListElement":[{"@type":"ListItem","position":1,"name":"Home","item":"https:\/\/www.normisjon.no\/trondelag\/"},{"@type":"ListItem","position":2,"name":"Seniorarbeidet"}]},{"@type":"WebSite","@id":"https:\/\/www.normisjon.no\/trondelag\/#website","url":"https:\/\/www.normisjon.no\/trondelag\/","name":"Normisjon Region Tr\u00f8ndelag","description":"Jesus Kristus til nye generasjoner og folkeslag","publisher":{"@id":"https:\/\/www.normisjon.no\/trondelag\/#organization"},"potentialAction":[{"@type":"SearchAction","target":{"@type":"EntryPoint","urlTemplate":"https:\/\/www.normisjon.no\/trondelag\/?s={search_term_string}"},"query-input":{"@type":"PropertyValueSpecification","valueRequired":true,"valueName":"search_term_string"}}],"inLanguage":"nb-NO"},{"@type":"Organization","@id":"https:\/\/www.normisjon.no\/trondelag\/#organization","name":"Normisjon Region Tr\u00f8ndelag","url":"https:\/\/www.normisjon.no\/trondelag\/","logo":{"@type":"ImageObject","inLanguage":"nb-NO","@id":"https:\/\/www.normisjon.no\/trondelag\/#\/schema\/logo\/image\/","url":"https:\/\/www.normisjon.no\/content\/uploads\/sites\/21\/2018\/10\/logo_Normisjon_svart_600.jpg","contentUrl":"https:\/\/www.normisjon.no\/content\/uploads\/sites\/21\/2018\/10\/logo_Normisjon_svart_600.jpg","width":600,"height":173,"caption":"Normisjon Region Tr\u00f8ndelag"},"image":{"@id":"https:\/\/www.normisjon.no\/trondelag\/#\/schema\/logo\/image\/"},"sameAs":["https:\/\/www.facebook.com\/NormisjonTrondelag"]}]}},"_links":{"self":[{"href":"https:\/\/www.normisjon.no\/trondelag\/wp-json\/wp\/v2\/pages\/1127","targetHints":{"allow":["GET"]}}],"collection":[{"href":"https:\/\/www.normisjon.no\/trondelag\/wp-json\/wp\/v2\/pages"}],"about":[{"href":"https:\/\/www.normisjon.no\/trondelag\/wp-json\/wp\/v2\/types\/page"}],"author":[{"embeddable":true,"href":"https:\/\/www.normisjon.no\/trondelag\/wp-json\/wp\/v2\/users\/33"}],"replies":[{"embeddable":true,"href":"https:\/\/www.normisjon.no\/trondelag\/wp-json\/wp\/v2\/comments?post=1127"}],"version-history":[{"count":9,"href":"https:\/\/www.normisjon.no\/trondelag\/wp-json\/wp\/v2\/pages\/1127\/revisions"}],"predecessor-version":[{"id":1856,"href":"https:\/\/www.normisjon.no\/trondelag\/wp-json\/wp\/v2\/pages\/1127\/revisions\/1856"}],"wp:featuredmedia":[{"embeddable":true,"href":"https:\/\/www.normisjon.no\/trondelag\/wp-json\/wp\/v2\/media\/1128"}],"wp:attachment":[{"href":"https:\/\/www.normisjon.no\/trondelag\/wp-json\/wp\/v2\/media?parent=1127"}],"curies":[{"name":"wp","href":"https:\/\/api.w.org\/{rel}","templated":true}]}}