{"id":203,"date":"2018-10-16T15:40:41","date_gmt":"2018-10-16T13:40:41","guid":{"rendered":"https:\/\/www.normisjon.no\/trondelag\/?page_id=203"},"modified":"2024-10-24T09:22:22","modified_gmt":"2024-10-24T07:22:22","slug":"handtering-av-krenkelser","status":"publish","type":"page","link":"https:\/\/www.normisjon.no\/trondelag\/handtering-av-krenkelser\/","title":{"rendered":"H\u00e5ndtering av krenkelser"},"content":{"rendered":"<div id=\"module-0\" class=\"hogan-module hogan-module-text hogan-module-0\"><div class=\"hogan-module-inner\"><p>Normisjon Tr\u00f8ndelag \u00f8nsker \u00e5 ta p\u00e5 alvor at mennesker i ulike sammenhenger blir utsatt for seksuelle krenkelser. Vi \u00f8nsker at det i v\u00e5r organisasjon skal snakkes sant om dette, og p\u00e5se at hendelser blir tatt tak i p\u00e5 en ordentlig m\u00e5te. I arbeid med slike saker forholder vi oss til de retningslinjer som beskrives i <a href=\"https:\/\/www.normisjon.no\/content\/uploads\/2018\/06\/Retningslinjer-for-handtering-av-sek-suelle-krenkelser-revidert-2017.pdf\" target=\"_blank\" rel=\"noreferrer noopener\">Normisjons dokument for h\u00e5ndtering av seksuelle krenkelser<\/a>.<\/p>\n<p>Normisjon Tr\u00f8ndelags ressursgruppe p\u00e5 dette omr\u00e5det best\u00e5r av f\u00f8lgende personer:<\/p>\n<ul class=\"wp-block-list\">\n<li>Eivind L\u00e5nke Risholm, tlf.\u00a0<a href=\"tel:97573661\">97573661<\/a>, epost:\u00a0<a href=\"mailto:eivind.risholm@normisjon.no\">eivind.risholm@normisjon.no<\/a><\/li>\n<li>Kjellaug Andresen, tlf.\u00a0<a href=\"tel:45619818\">45619818<\/a>, epost:\u00a0<a href=\"mailto:kjellaug@trondheimsamtalesenter.no\">kjellaug@trondheimsamtalesenter.no<\/a><\/li>\n<li>Erling Dalen, tlf.\u00a0<a href=\"tel:90595928\">90595928<\/a>, epost:\u00a0<a href=\"mailto:erling.dalen@ntebb.no\">erling.dalen@ntebb.no<\/a><\/li>\n<li>Bjarne Austad, tlf.\u00a0<a href=\"tel:99029992\">99029992<\/a>, epost:\u00a0<a href=\"mailto:austad.bjarne@gmail.com\">austad.bjarne@gmail.com<\/a><\/li>\n<\/ul>\n<p>Kontakt gjerne ressursgruppen ved behov.<\/p><\/div><\/div>","protected":false},"excerpt":{"rendered":"<p>Normisjon Tr\u00f8ndelag \u00f8nsker \u00e5 ta p\u00e5 alvor at mennesker i ulike sammenhenger blir utsatt for seksuelle krenkelser. Vi \u00f8nsker at det i v\u00e5r organisasjon skal [&hellip;]<\/p>\n","protected":false},"author":33,"featured_media":0,"parent":0,"menu_order":0,"comment_status":"closed","ping_status":"closed","template":"","meta":{"_acf_changed":false,"footnotes":""},"class_list":["post-203","page","type-page","status-publish","hentry"],"acf":[],"yoast_head":"<!-- This site is optimized with the Yoast SEO plugin v25.9 - https:\/\/yoast.com\/wordpress\/plugins\/seo\/ -->\n<title>H\u00e5ndtering av krenkelser - Normisjon Region Tr\u00f8ndelag<\/title>\n<meta name=\"robots\" content=\"index, follow, max-snippet:-1, max-image-preview:large, max-video-preview:-1\" \/>\n<link rel=\"canonical\" href=\"https:\/\/www.normisjon.no\/trondelag\/handtering-av-krenkelser\/\" \/>\n<meta property=\"og:locale\" content=\"nb_NO\" \/>\n<meta property=\"og:type\" content=\"article\" \/>\n<meta property=\"og:title\" content=\"H\u00e5ndtering av krenkelser - Normisjon Region Tr\u00f8ndelag\" \/>\n<meta property=\"og:description\" content=\"Normisjon Tr\u00f8ndelag \u00f8nsker \u00e5 ta p\u00e5 alvor at mennesker i ulike sammenhenger blir utsatt for seksuelle krenkelser. Vi \u00f8nsker at det i v\u00e5r organisasjon skal [&hellip;]\" \/>\n<meta property=\"og:url\" content=\"https:\/\/www.normisjon.no\/trondelag\/handtering-av-krenkelser\/\" \/>\n<meta property=\"og:site_name\" content=\"Normisjon Region Tr\u00f8ndelag\" \/>\n<meta property=\"article:publisher\" content=\"https:\/\/www.facebook.com\/NormisjonTrondelag\" \/>\n<meta property=\"article:modified_time\" content=\"2024-10-24T07:22:22+00:00\" \/>\n<meta name=\"twitter:card\" content=\"summary_large_image\" \/>\n<script type=\"application\/ld+json\" class=\"yoast-schema-graph\">{\"@context\":\"https:\/\/schema.org\",\"@graph\":[{\"@type\":\"WebPage\",\"@id\":\"https:\/\/www.normisjon.no\/trondelag\/handtering-av-krenkelser\/\",\"url\":\"https:\/\/www.normisjon.no\/trondelag\/handtering-av-krenkelser\/\",\"name\":\"H\u00e5ndtering av krenkelser - Normisjon Region Tr\u00f8ndelag\",\"isPartOf\":{\"@id\":\"https:\/\/www.normisjon.no\/trondelag\/#website\"},\"datePublished\":\"2018-10-16T13:40:41+00:00\",\"dateModified\":\"2024-10-24T07:22:22+00:00\",\"breadcrumb\":{\"@id\":\"https:\/\/www.normisjon.no\/trondelag\/handtering-av-krenkelser\/#breadcrumb\"},\"inLanguage\":\"nb-NO\",\"potentialAction\":[{\"@type\":\"ReadAction\",\"target\":[\"https:\/\/www.normisjon.no\/trondelag\/handtering-av-krenkelser\/\"]}]},{\"@type\":\"BreadcrumbList\",\"@id\":\"https:\/\/www.normisjon.no\/trondelag\/handtering-av-krenkelser\/#breadcrumb\",\"itemListElement\":[{\"@type\":\"ListItem\",\"position\":1,\"name\":\"Home\",\"item\":\"https:\/\/www.normisjon.no\/trondelag\/\"},{\"@type\":\"ListItem\",\"position\":2,\"name\":\"H\u00e5ndtering av krenkelser\"}]},{\"@type\":\"WebSite\",\"@id\":\"https:\/\/www.normisjon.no\/trondelag\/#website\",\"url\":\"https:\/\/www.normisjon.no\/trondelag\/\",\"name\":\"Normisjon Region Tr\u00f8ndelag\",\"description\":\"Jesus Kristus til nye generasjoner og folkeslag\",\"publisher\":{\"@id\":\"https:\/\/www.normisjon.no\/trondelag\/#organization\"},\"potentialAction\":[{\"@type\":\"SearchAction\",\"target\":{\"@type\":\"EntryPoint\",\"urlTemplate\":\"https:\/\/www.normisjon.no\/trondelag\/?s={search_term_string}\"},\"query-input\":{\"@type\":\"PropertyValueSpecification\",\"valueRequired\":true,\"valueName\":\"search_term_string\"}}],\"inLanguage\":\"nb-NO\"},{\"@type\":\"Organization\",\"@id\":\"https:\/\/www.normisjon.no\/trondelag\/#organization\",\"name\":\"Normisjon Region Tr\u00f8ndelag\",\"url\":\"https:\/\/www.normisjon.no\/trondelag\/\",\"logo\":{\"@type\":\"ImageObject\",\"inLanguage\":\"nb-NO\",\"@id\":\"https:\/\/www.normisjon.no\/trondelag\/#\/schema\/logo\/image\/\",\"url\":\"https:\/\/www.normisjon.no\/content\/uploads\/sites\/21\/2018\/10\/logo_Normisjon_svart_600.jpg\",\"contentUrl\":\"https:\/\/www.normisjon.no\/content\/uploads\/sites\/21\/2018\/10\/logo_Normisjon_svart_600.jpg\",\"width\":600,\"height\":173,\"caption\":\"Normisjon Region Tr\u00f8ndelag\"},\"image\":{\"@id\":\"https:\/\/www.normisjon.no\/trondelag\/#\/schema\/logo\/image\/\"},\"sameAs\":[\"https:\/\/www.facebook.com\/NormisjonTrondelag\"]}]}<\/script>\n<!-- \/ Yoast SEO plugin. -->","yoast_head_json":{"title":"H\u00e5ndtering av krenkelser - Normisjon Region Tr\u00f8ndelag","robots":{"index":"index","follow":"follow","max-snippet":"max-snippet:-1","max-image-preview":"max-image-preview:large","max-video-preview":"max-video-preview:-1"},"canonical":"https:\/\/www.normisjon.no\/trondelag\/handtering-av-krenkelser\/","og_locale":"nb_NO","og_type":"article","og_title":"H\u00e5ndtering av krenkelser - Normisjon Region Tr\u00f8ndelag","og_description":"Normisjon Tr\u00f8ndelag \u00f8nsker \u00e5 ta p\u00e5 alvor at mennesker i ulike sammenhenger blir utsatt for seksuelle krenkelser. Vi \u00f8nsker at det i v\u00e5r organisasjon skal [&hellip;]","og_url":"https:\/\/www.normisjon.no\/trondelag\/handtering-av-krenkelser\/","og_site_name":"Normisjon Region Tr\u00f8ndelag","article_publisher":"https:\/\/www.facebook.com\/NormisjonTrondelag","article_modified_time":"2024-10-24T07:22:22+00:00","twitter_card":"summary_large_image","schema":{"@context":"https:\/\/schema.org","@graph":[{"@type":"WebPage","@id":"https:\/\/www.normisjon.no\/trondelag\/handtering-av-krenkelser\/","url":"https:\/\/www.normisjon.no\/trondelag\/handtering-av-krenkelser\/","name":"H\u00e5ndtering av krenkelser - Normisjon Region Tr\u00f8ndelag","isPartOf":{"@id":"https:\/\/www.normisjon.no\/trondelag\/#website"},"datePublished":"2018-10-16T13:40:41+00:00","dateModified":"2024-10-24T07:22:22+00:00","breadcrumb":{"@id":"https:\/\/www.normisjon.no\/trondelag\/handtering-av-krenkelser\/#breadcrumb"},"inLanguage":"nb-NO","potentialAction":[{"@type":"ReadAction","target":["https:\/\/www.normisjon.no\/trondelag\/handtering-av-krenkelser\/"]}]},{"@type":"BreadcrumbList","@id":"https:\/\/www.normisjon.no\/trondelag\/handtering-av-krenkelser\/#breadcrumb","itemListElement":[{"@type":"ListItem","position":1,"name":"Home","item":"https:\/\/www.normisjon.no\/trondelag\/"},{"@type":"ListItem","position":2,"name":"H\u00e5ndtering av krenkelser"}]},{"@type":"WebSite","@id":"https:\/\/www.normisjon.no\/trondelag\/#website","url":"https:\/\/www.normisjon.no\/trondelag\/","name":"Normisjon Region Tr\u00f8ndelag","description":"Jesus Kristus til nye generasjoner og folkeslag","publisher":{"@id":"https:\/\/www.normisjon.no\/trondelag\/#organization"},"potentialAction":[{"@type":"SearchAction","target":{"@type":"EntryPoint","urlTemplate":"https:\/\/www.normisjon.no\/trondelag\/?s={search_term_string}"},"query-input":{"@type":"PropertyValueSpecification","valueRequired":true,"valueName":"search_term_string"}}],"inLanguage":"nb-NO"},{"@type":"Organization","@id":"https:\/\/www.normisjon.no\/trondelag\/#organization","name":"Normisjon Region Tr\u00f8ndelag","url":"https:\/\/www.normisjon.no\/trondelag\/","logo":{"@type":"ImageObject","inLanguage":"nb-NO","@id":"https:\/\/www.normisjon.no\/trondelag\/#\/schema\/logo\/image\/","url":"https:\/\/www.normisjon.no\/content\/uploads\/sites\/21\/2018\/10\/logo_Normisjon_svart_600.jpg","contentUrl":"https:\/\/www.normisjon.no\/content\/uploads\/sites\/21\/2018\/10\/logo_Normisjon_svart_600.jpg","width":600,"height":173,"caption":"Normisjon Region Tr\u00f8ndelag"},"image":{"@id":"https:\/\/www.normisjon.no\/trondelag\/#\/schema\/logo\/image\/"},"sameAs":["https:\/\/www.facebook.com\/NormisjonTrondelag"]}]}},"_links":{"self":[{"href":"https:\/\/www.normisjon.no\/trondelag\/wp-json\/wp\/v2\/pages\/203","targetHints":{"allow":["GET"]}}],"collection":[{"href":"https:\/\/www.normisjon.no\/trondelag\/wp-json\/wp\/v2\/pages"}],"about":[{"href":"https:\/\/www.normisjon.no\/trondelag\/wp-json\/wp\/v2\/types\/page"}],"author":[{"embeddable":true,"href":"https:\/\/www.normisjon.no\/trondelag\/wp-json\/wp\/v2\/users\/33"}],"replies":[{"embeddable":true,"href":"https:\/\/www.normisjon.no\/trondelag\/wp-json\/wp\/v2\/comments?post=203"}],"version-history":[{"count":3,"href":"https:\/\/www.normisjon.no\/trondelag\/wp-json\/wp\/v2\/pages\/203\/revisions"}],"predecessor-version":[{"id":1524,"href":"https:\/\/www.normisjon.no\/trondelag\/wp-json\/wp\/v2\/pages\/203\/revisions\/1524"}],"wp:attachment":[{"href":"https:\/\/www.normisjon.no\/trondelag\/wp-json\/wp\/v2\/media?parent=203"}],"curies":[{"name":"wp","href":"https:\/\/api.w.org\/{rel}","templated":true}]}}