{"id":3198,"date":"2022-05-19T11:56:52","date_gmt":"2022-05-19T09:56:52","guid":{"rendered":"https:\/\/www.normisjon.no\/vebu\/?page_id=3198"},"modified":"2022-06-27T11:25:34","modified_gmt":"2022-06-27T09:25:34","slug":"bibelcamp-22-konserter","status":"publish","type":"page","link":"https:\/\/www.normisjon.no\/vebu\/bibelcamp-22-konserter\/","title":{"rendered":"Bibelcamp 22 &#8211; konserter"},"content":{"rendered":"<div class=\"entry-content alignfull wp-block-post-content has-global-padding is-layout-constrained wp-block-post-content-is-layout-constrained\">\n<p>Det blir to konserter i l\u00f8pet av Bibelcampen: <strong>Sveinung H\u00f8lmebakk<\/strong> torsdag kl 20 og <strong>Roland Utbult<\/strong> l\u00f8rdag kl 21. Inngang til konsertene er inkludert i deltageravgiften. Det er mulig \u00e5 komme bare p\u00e5 konsert og billetter kan kj\u00f8pes her for hhv kr 350 og 250. <\/p>\n\n\n\n<p><strong><a href=\"https:\/\/www.sveinung.no\/events\/strand-leirsted\">Billetter Sveinung H\u00f8lmebakk<\/a><\/strong>. H\u00f8r en smakebit <a href=\"https:\/\/www.youtube.com\/watch?v=KdjyY-r4S8I\" target=\"_blank\" rel=\"noreferrer noopener\"><strong>her<\/strong><\/a>.<\/p>\n\n\n\n<p><strong><a href=\"https:\/\/www.checkin.no\/event\/41491\/konsert-med-roland-utbult\" target=\"_blank\" rel=\"noreferrer noopener\">Billetter Roland Utbult<\/a><\/strong><\/p>\n\n\n\n<figure class=\"wp-block-gallery columns-2 is-cropped wp-block-gallery-1 is-layout-flex wp-block-gallery-is-layout-flex\"><ul class=\"blocks-gallery-grid\"><li class=\"blocks-gallery-item\"><figure><img decoding=\"async\" src=\"https:\/\/www.normisjon.no\/content\/uploads\/sites\/22\/2022\/02\/sveinung-holmebakk.jpg\" alt=\"\" data-id=\"2837\" data-full-url=\"https:\/\/www.normisjon.no\/content\/uploads\/sites\/22\/2022\/02\/sveinung-holmebakk.jpg\" data-link=\"https:\/\/www.normisjon.no\/vebu\/sveinung-holmebakk\/\" class=\"wp-image-2837\"\/><\/figure><\/li><li class=\"blocks-gallery-item\"><figure><img decoding=\"async\" src=\"https:\/\/www.normisjon.no\/content\/uploads\/sites\/22\/2022\/02\/Roland-Utbult-683x1024.jpg\" alt=\"\" data-id=\"2835\" data-full-url=\"https:\/\/www.normisjon.no\/content\/uploads\/sites\/22\/2022\/02\/Roland-Utbult-scaled.jpg\" data-link=\"https:\/\/www.normisjon.no\/vebu\/roland-utbult\/\" class=\"wp-image-2835\"\/><\/figure><\/li><\/ul><\/figure>\n<\/div>","protected":false},"excerpt":{"rendered":"<p>Det blir to konserter i l\u00f8pet av Bibelcampen: Sveinung H\u00f8lmebakk torsdag kl 20 og Roland Utbult l\u00f8rdag kl 21. Inngang til konsertene er inkludert i [&hellip;]<\/p>\n","protected":false},"author":24,"featured_media":0,"parent":0,"menu_order":0,"comment_status":"closed","ping_status":"closed","template":"","meta":{"_acf_changed":false,"footnotes":""},"class_list":["post-3198","page","type-page","status-publish","hentry"],"acf":[],"yoast_head":"<!-- This site is optimized with the Yoast SEO plugin v25.9 - https:\/\/yoast.com\/wordpress\/plugins\/seo\/ -->\n<title>Bibelcamp 22 - konserter - Region VeBu<\/title>\n<meta name=\"robots\" content=\"index, follow, max-snippet:-1, max-image-preview:large, max-video-preview:-1\" \/>\n<link rel=\"canonical\" href=\"https:\/\/www.normisjon.no\/vebu\/bibelcamp-22-konserter\/\" \/>\n<meta property=\"og:locale\" content=\"nb_NO\" \/>\n<meta property=\"og:type\" content=\"article\" \/>\n<meta property=\"og:title\" content=\"Bibelcamp 22 - konserter - Region VeBu\" \/>\n<meta property=\"og:description\" content=\"Det blir to konserter i l\u00f8pet av Bibelcampen: Sveinung H\u00f8lmebakk torsdag kl 20 og Roland Utbult l\u00f8rdag kl 21. Inngang til konsertene er inkludert i [&hellip;]\" \/>\n<meta property=\"og:url\" content=\"https:\/\/www.normisjon.no\/vebu\/bibelcamp-22-konserter\/\" \/>\n<meta property=\"og:site_name\" content=\"Region VeBu\" \/>\n<meta property=\"article:modified_time\" content=\"2022-06-27T09:25:34+00:00\" \/>\n<meta property=\"og:image\" content=\"https:\/\/www.normisjon.no\/content\/uploads\/sites\/22\/2022\/06\/Sveinung-og-Roland.png\" \/>\n\t<meta property=\"og:image:width\" content=\"416\" \/>\n\t<meta property=\"og:image:height\" content=\"267\" \/>\n\t<meta property=\"og:image:type\" content=\"image\/png\" \/>\n<meta name=\"twitter:card\" content=\"summary_large_image\" \/>\n<meta name=\"twitter:label1\" content=\"Ansl. lesetid\" \/>\n\t<meta name=\"twitter:data1\" content=\"1 minutt\" \/>\n<script type=\"application\/ld+json\" class=\"yoast-schema-graph\">{\"@context\":\"https:\/\/schema.org\",\"@graph\":[{\"@type\":\"WebPage\",\"@id\":\"https:\/\/www.normisjon.no\/vebu\/bibelcamp-22-konserter\/\",\"url\":\"https:\/\/www.normisjon.no\/vebu\/bibelcamp-22-konserter\/\",\"name\":\"Bibelcamp 22 - konserter - Region VeBu\",\"isPartOf\":{\"@id\":\"https:\/\/www.normisjon.no\/vebu\/#website\"},\"primaryImageOfPage\":{\"@id\":\"https:\/\/www.normisjon.no\/vebu\/bibelcamp-22-konserter\/#primaryimage\"},\"image\":{\"@id\":\"https:\/\/www.normisjon.no\/vebu\/bibelcamp-22-konserter\/#primaryimage\"},\"thumbnailUrl\":\"https:\/\/www.normisjon.no\/content\/uploads\/sites\/22\/2022\/02\/sveinung-holmebakk.jpg\",\"datePublished\":\"2022-05-19T09:56:52+00:00\",\"dateModified\":\"2022-06-27T09:25:34+00:00\",\"breadcrumb\":{\"@id\":\"https:\/\/www.normisjon.no\/vebu\/bibelcamp-22-konserter\/#breadcrumb\"},\"inLanguage\":\"nb-NO\",\"potentialAction\":[{\"@type\":\"ReadAction\",\"target\":[\"https:\/\/www.normisjon.no\/vebu\/bibelcamp-22-konserter\/\"]}]},{\"@type\":\"ImageObject\",\"inLanguage\":\"nb-NO\",\"@id\":\"https:\/\/www.normisjon.no\/vebu\/bibelcamp-22-konserter\/#primaryimage\",\"url\":\"https:\/\/www.normisjon.no\/content\/uploads\/sites\/22\/2022\/02\/sveinung-holmebakk.jpg\",\"contentUrl\":\"https:\/\/www.normisjon.no\/content\/uploads\/sites\/22\/2022\/02\/sveinung-holmebakk.jpg\"},{\"@type\":\"BreadcrumbList\",\"@id\":\"https:\/\/www.normisjon.no\/vebu\/bibelcamp-22-konserter\/#breadcrumb\",\"itemListElement\":[{\"@type\":\"ListItem\",\"position\":1,\"name\":\"Home\",\"item\":\"https:\/\/www.normisjon.no\/vebu\/\"},{\"@type\":\"ListItem\",\"position\":2,\"name\":\"Bibelcamp 22 &#8211; konserter\"}]},{\"@type\":\"WebSite\",\"@id\":\"https:\/\/www.normisjon.no\/vebu\/#website\",\"url\":\"https:\/\/www.normisjon.no\/vebu\/\",\"name\":\"Region VeBu\",\"description\":\"\",\"potentialAction\":[{\"@type\":\"SearchAction\",\"target\":{\"@type\":\"EntryPoint\",\"urlTemplate\":\"https:\/\/www.normisjon.no\/vebu\/?s={search_term_string}\"},\"query-input\":{\"@type\":\"PropertyValueSpecification\",\"valueRequired\":true,\"valueName\":\"search_term_string\"}}],\"inLanguage\":\"nb-NO\"}]}<\/script>\n<!-- \/ Yoast SEO plugin. -->","yoast_head_json":{"title":"Bibelcamp 22 - konserter - Region VeBu","robots":{"index":"index","follow":"follow","max-snippet":"max-snippet:-1","max-image-preview":"max-image-preview:large","max-video-preview":"max-video-preview:-1"},"canonical":"https:\/\/www.normisjon.no\/vebu\/bibelcamp-22-konserter\/","og_locale":"nb_NO","og_type":"article","og_title":"Bibelcamp 22 - konserter - Region VeBu","og_description":"Det blir to konserter i l\u00f8pet av Bibelcampen: Sveinung H\u00f8lmebakk torsdag kl 20 og Roland Utbult l\u00f8rdag kl 21. Inngang til konsertene er inkludert i [&hellip;]","og_url":"https:\/\/www.normisjon.no\/vebu\/bibelcamp-22-konserter\/","og_site_name":"Region VeBu","article_modified_time":"2022-06-27T09:25:34+00:00","og_image":[{"width":416,"height":267,"url":"https:\/\/www.normisjon.no\/content\/uploads\/sites\/22\/2022\/06\/Sveinung-og-Roland.png","type":"image\/png"}],"twitter_card":"summary_large_image","twitter_misc":{"Ansl. lesetid":"1 minutt"},"schema":{"@context":"https:\/\/schema.org","@graph":[{"@type":"WebPage","@id":"https:\/\/www.normisjon.no\/vebu\/bibelcamp-22-konserter\/","url":"https:\/\/www.normisjon.no\/vebu\/bibelcamp-22-konserter\/","name":"Bibelcamp 22 - konserter - Region VeBu","isPartOf":{"@id":"https:\/\/www.normisjon.no\/vebu\/#website"},"primaryImageOfPage":{"@id":"https:\/\/www.normisjon.no\/vebu\/bibelcamp-22-konserter\/#primaryimage"},"image":{"@id":"https:\/\/www.normisjon.no\/vebu\/bibelcamp-22-konserter\/#primaryimage"},"thumbnailUrl":"https:\/\/www.normisjon.no\/content\/uploads\/sites\/22\/2022\/02\/sveinung-holmebakk.jpg","datePublished":"2022-05-19T09:56:52+00:00","dateModified":"2022-06-27T09:25:34+00:00","breadcrumb":{"@id":"https:\/\/www.normisjon.no\/vebu\/bibelcamp-22-konserter\/#breadcrumb"},"inLanguage":"nb-NO","potentialAction":[{"@type":"ReadAction","target":["https:\/\/www.normisjon.no\/vebu\/bibelcamp-22-konserter\/"]}]},{"@type":"ImageObject","inLanguage":"nb-NO","@id":"https:\/\/www.normisjon.no\/vebu\/bibelcamp-22-konserter\/#primaryimage","url":"https:\/\/www.normisjon.no\/content\/uploads\/sites\/22\/2022\/02\/sveinung-holmebakk.jpg","contentUrl":"https:\/\/www.normisjon.no\/content\/uploads\/sites\/22\/2022\/02\/sveinung-holmebakk.jpg"},{"@type":"BreadcrumbList","@id":"https:\/\/www.normisjon.no\/vebu\/bibelcamp-22-konserter\/#breadcrumb","itemListElement":[{"@type":"ListItem","position":1,"name":"Home","item":"https:\/\/www.normisjon.no\/vebu\/"},{"@type":"ListItem","position":2,"name":"Bibelcamp 22 &#8211; konserter"}]},{"@type":"WebSite","@id":"https:\/\/www.normisjon.no\/vebu\/#website","url":"https:\/\/www.normisjon.no\/vebu\/","name":"Region VeBu","description":"","potentialAction":[{"@type":"SearchAction","target":{"@type":"EntryPoint","urlTemplate":"https:\/\/www.normisjon.no\/vebu\/?s={search_term_string}"},"query-input":{"@type":"PropertyValueSpecification","valueRequired":true,"valueName":"search_term_string"}}],"inLanguage":"nb-NO"}]}},"_links":{"self":[{"href":"https:\/\/www.normisjon.no\/vebu\/wp-json\/wp\/v2\/pages\/3198","targetHints":{"allow":["GET"]}}],"collection":[{"href":"https:\/\/www.normisjon.no\/vebu\/wp-json\/wp\/v2\/pages"}],"about":[{"href":"https:\/\/www.normisjon.no\/vebu\/wp-json\/wp\/v2\/types\/page"}],"author":[{"embeddable":true,"href":"https:\/\/www.normisjon.no\/vebu\/wp-json\/wp\/v2\/users\/24"}],"replies":[{"embeddable":true,"href":"https:\/\/www.normisjon.no\/vebu\/wp-json\/wp\/v2\/comments?post=3198"}],"version-history":[{"count":12,"href":"https:\/\/www.normisjon.no\/vebu\/wp-json\/wp\/v2\/pages\/3198\/revisions"}],"predecessor-version":[{"id":3245,"href":"https:\/\/www.normisjon.no\/vebu\/wp-json\/wp\/v2\/pages\/3198\/revisions\/3245"}],"wp:attachment":[{"href":"https:\/\/www.normisjon.no\/vebu\/wp-json\/wp\/v2\/media?parent=3198"}],"curies":[{"name":"wp","href":"https:\/\/api.w.org\/{rel}","templated":true}]}}