{"id":4091,"date":"2024-04-15T10:56:59","date_gmt":"2024-04-15T08:56:59","guid":{"rendered":"https:\/\/www.normisjon.no\/vebu\/?page_id=4091"},"modified":"2024-04-15T11:20:21","modified_gmt":"2024-04-15T09:20:21","slug":"ikke-bland-doktorn-borti-helsa-di","status":"publish","type":"page","link":"https:\/\/www.normisjon.no\/vebu\/ikke-bland-doktorn-borti-helsa-di\/","title":{"rendered":"&laquo;Ikke bland doktor&#8217;n borti helsa di&raquo;"},"content":{"rendered":"<div class=\"entry-content alignfull wp-block-post-content has-global-padding is-layout-constrained wp-block-post-content-is-layout-constrained\">\n<div class=\"wp-block-media-text alignwide is-stacked-on-mobile\" style=\"grid-template-columns:30% auto\"><figure class=\"wp-block-media-text__media\"><img decoding=\"async\" src=\"https:\/\/www.normisjon.no\/content\/uploads\/sites\/22\/2024\/04\/Magnar-Kleiven.png\" alt=\"\" class=\"wp-image-4092 size-full\"\/><\/figure><div class=\"wp-block-media-text__content\">\n<p>Magnar Kleiven er utdannet lege, akupunkt\u00f8r og bedrifts\u00f8konom.<\/p>\n\n\n\n<p>Foredraget hans vil gi deg mange refleksjoner og gullkorn rundt helse kontra sykdom. Vi vil alle kjenne oss igjen i dette foredraget, sitte og humre og f\u00f8le at det er oss han snakker om.<\/p>\n\n\n\n<p>G\u00e5r det an \u00e5 bli syk dersom man tror man er syk? Er det  unormalt \u00e5 v\u00e6re unormal? Blir man gammel av kefirmelk? Kanskje f\u00e5r du noen av svarene under foredraget?<\/p>\n<\/div><\/div>\n<\/div>","protected":false},"excerpt":{"rendered":"<p>Magnar Kleiven er utdannet lege, akupunkt\u00f8r og bedrifts\u00f8konom. Foredraget hans vil gi deg mange refleksjoner og gullkorn rundt helse kontra sykdom. Vi vil alle kjenne [&hellip;]<\/p>\n","protected":false},"author":24,"featured_media":0,"parent":0,"menu_order":0,"comment_status":"closed","ping_status":"closed","template":"","meta":{"_acf_changed":false,"footnotes":""},"class_list":["post-4091","page","type-page","status-publish","hentry"],"acf":[],"yoast_head":"<!-- This site is optimized with the Yoast SEO plugin v25.9 - https:\/\/yoast.com\/wordpress\/plugins\/seo\/ -->\n<title>&quot;Ikke bland doktor&#039;n borti helsa di&quot; - Region VeBu<\/title>\n<meta name=\"robots\" content=\"index, follow, max-snippet:-1, max-image-preview:large, max-video-preview:-1\" \/>\n<link rel=\"canonical\" href=\"https:\/\/www.normisjon.no\/vebu\/ikke-bland-doktorn-borti-helsa-di\/\" \/>\n<meta property=\"og:locale\" content=\"nb_NO\" \/>\n<meta property=\"og:type\" content=\"article\" \/>\n<meta property=\"og:title\" content=\"&quot;Ikke bland doktor&#039;n borti helsa di&quot; - Region VeBu\" \/>\n<meta property=\"og:description\" content=\"Magnar Kleiven er utdannet lege, akupunkt\u00f8r og bedrifts\u00f8konom. Foredraget hans vil gi deg mange refleksjoner og gullkorn rundt helse kontra sykdom. Vi vil alle kjenne [&hellip;]\" \/>\n<meta property=\"og:url\" content=\"https:\/\/www.normisjon.no\/vebu\/ikke-bland-doktorn-borti-helsa-di\/\" \/>\n<meta property=\"og:site_name\" content=\"Region VeBu\" \/>\n<meta property=\"article:modified_time\" content=\"2024-04-15T09:20:21+00:00\" \/>\n<meta property=\"og:image\" content=\"https:\/\/www.normisjon.no\/content\/uploads\/sites\/22\/2024\/04\/Magnar-Kleiven.png\" \/>\n\t<meta property=\"og:image:width\" content=\"202\" \/>\n\t<meta property=\"og:image:height\" content=\"202\" \/>\n\t<meta property=\"og:image:type\" content=\"image\/png\" \/>\n<meta name=\"twitter:card\" content=\"summary_large_image\" \/>\n<meta name=\"twitter:label1\" content=\"Ansl. lesetid\" \/>\n\t<meta name=\"twitter:data1\" content=\"1 minutt\" \/>\n<script type=\"application\/ld+json\" class=\"yoast-schema-graph\">{\"@context\":\"https:\/\/schema.org\",\"@graph\":[{\"@type\":\"WebPage\",\"@id\":\"https:\/\/www.normisjon.no\/vebu\/ikke-bland-doktorn-borti-helsa-di\/\",\"url\":\"https:\/\/www.normisjon.no\/vebu\/ikke-bland-doktorn-borti-helsa-di\/\",\"name\":\"\\\"Ikke bland doktor'n borti helsa di\\\" - Region VeBu\",\"isPartOf\":{\"@id\":\"https:\/\/www.normisjon.no\/vebu\/#website\"},\"primaryImageOfPage\":{\"@id\":\"https:\/\/www.normisjon.no\/vebu\/ikke-bland-doktorn-borti-helsa-di\/#primaryimage\"},\"image\":{\"@id\":\"https:\/\/www.normisjon.no\/vebu\/ikke-bland-doktorn-borti-helsa-di\/#primaryimage\"},\"thumbnailUrl\":\"https:\/\/www.normisjon.no\/content\/uploads\/sites\/22\/2024\/04\/Magnar-Kleiven.png\",\"datePublished\":\"2024-04-15T08:56:59+00:00\",\"dateModified\":\"2024-04-15T09:20:21+00:00\",\"breadcrumb\":{\"@id\":\"https:\/\/www.normisjon.no\/vebu\/ikke-bland-doktorn-borti-helsa-di\/#breadcrumb\"},\"inLanguage\":\"nb-NO\",\"potentialAction\":[{\"@type\":\"ReadAction\",\"target\":[\"https:\/\/www.normisjon.no\/vebu\/ikke-bland-doktorn-borti-helsa-di\/\"]}]},{\"@type\":\"ImageObject\",\"inLanguage\":\"nb-NO\",\"@id\":\"https:\/\/www.normisjon.no\/vebu\/ikke-bland-doktorn-borti-helsa-di\/#primaryimage\",\"url\":\"https:\/\/www.normisjon.no\/content\/uploads\/sites\/22\/2024\/04\/Magnar-Kleiven.png\",\"contentUrl\":\"https:\/\/www.normisjon.no\/content\/uploads\/sites\/22\/2024\/04\/Magnar-Kleiven.png\"},{\"@type\":\"BreadcrumbList\",\"@id\":\"https:\/\/www.normisjon.no\/vebu\/ikke-bland-doktorn-borti-helsa-di\/#breadcrumb\",\"itemListElement\":[{\"@type\":\"ListItem\",\"position\":1,\"name\":\"Home\",\"item\":\"https:\/\/www.normisjon.no\/vebu\/\"},{\"@type\":\"ListItem\",\"position\":2,\"name\":\"&laquo;Ikke bland doktor&#8217;n borti helsa di&raquo;\"}]},{\"@type\":\"WebSite\",\"@id\":\"https:\/\/www.normisjon.no\/vebu\/#website\",\"url\":\"https:\/\/www.normisjon.no\/vebu\/\",\"name\":\"Region VeBu\",\"description\":\"\",\"potentialAction\":[{\"@type\":\"SearchAction\",\"target\":{\"@type\":\"EntryPoint\",\"urlTemplate\":\"https:\/\/www.normisjon.no\/vebu\/?s={search_term_string}\"},\"query-input\":{\"@type\":\"PropertyValueSpecification\",\"valueRequired\":true,\"valueName\":\"search_term_string\"}}],\"inLanguage\":\"nb-NO\"}]}<\/script>\n<!-- \/ Yoast SEO plugin. -->","yoast_head_json":{"title":"\"Ikke bland doktor'n borti helsa di\" - Region VeBu","robots":{"index":"index","follow":"follow","max-snippet":"max-snippet:-1","max-image-preview":"max-image-preview:large","max-video-preview":"max-video-preview:-1"},"canonical":"https:\/\/www.normisjon.no\/vebu\/ikke-bland-doktorn-borti-helsa-di\/","og_locale":"nb_NO","og_type":"article","og_title":"\"Ikke bland doktor'n borti helsa di\" - Region VeBu","og_description":"Magnar Kleiven er utdannet lege, akupunkt\u00f8r og bedrifts\u00f8konom. Foredraget hans vil gi deg mange refleksjoner og gullkorn rundt helse kontra sykdom. Vi vil alle kjenne [&hellip;]","og_url":"https:\/\/www.normisjon.no\/vebu\/ikke-bland-doktorn-borti-helsa-di\/","og_site_name":"Region VeBu","article_modified_time":"2024-04-15T09:20:21+00:00","og_image":[{"width":202,"height":202,"url":"https:\/\/www.normisjon.no\/content\/uploads\/sites\/22\/2024\/04\/Magnar-Kleiven.png","type":"image\/png"}],"twitter_card":"summary_large_image","twitter_misc":{"Ansl. lesetid":"1 minutt"},"schema":{"@context":"https:\/\/schema.org","@graph":[{"@type":"WebPage","@id":"https:\/\/www.normisjon.no\/vebu\/ikke-bland-doktorn-borti-helsa-di\/","url":"https:\/\/www.normisjon.no\/vebu\/ikke-bland-doktorn-borti-helsa-di\/","name":"\"Ikke bland doktor'n borti helsa di\" - Region VeBu","isPartOf":{"@id":"https:\/\/www.normisjon.no\/vebu\/#website"},"primaryImageOfPage":{"@id":"https:\/\/www.normisjon.no\/vebu\/ikke-bland-doktorn-borti-helsa-di\/#primaryimage"},"image":{"@id":"https:\/\/www.normisjon.no\/vebu\/ikke-bland-doktorn-borti-helsa-di\/#primaryimage"},"thumbnailUrl":"https:\/\/www.normisjon.no\/content\/uploads\/sites\/22\/2024\/04\/Magnar-Kleiven.png","datePublished":"2024-04-15T08:56:59+00:00","dateModified":"2024-04-15T09:20:21+00:00","breadcrumb":{"@id":"https:\/\/www.normisjon.no\/vebu\/ikke-bland-doktorn-borti-helsa-di\/#breadcrumb"},"inLanguage":"nb-NO","potentialAction":[{"@type":"ReadAction","target":["https:\/\/www.normisjon.no\/vebu\/ikke-bland-doktorn-borti-helsa-di\/"]}]},{"@type":"ImageObject","inLanguage":"nb-NO","@id":"https:\/\/www.normisjon.no\/vebu\/ikke-bland-doktorn-borti-helsa-di\/#primaryimage","url":"https:\/\/www.normisjon.no\/content\/uploads\/sites\/22\/2024\/04\/Magnar-Kleiven.png","contentUrl":"https:\/\/www.normisjon.no\/content\/uploads\/sites\/22\/2024\/04\/Magnar-Kleiven.png"},{"@type":"BreadcrumbList","@id":"https:\/\/www.normisjon.no\/vebu\/ikke-bland-doktorn-borti-helsa-di\/#breadcrumb","itemListElement":[{"@type":"ListItem","position":1,"name":"Home","item":"https:\/\/www.normisjon.no\/vebu\/"},{"@type":"ListItem","position":2,"name":"&laquo;Ikke bland doktor&#8217;n borti helsa di&raquo;"}]},{"@type":"WebSite","@id":"https:\/\/www.normisjon.no\/vebu\/#website","url":"https:\/\/www.normisjon.no\/vebu\/","name":"Region VeBu","description":"","potentialAction":[{"@type":"SearchAction","target":{"@type":"EntryPoint","urlTemplate":"https:\/\/www.normisjon.no\/vebu\/?s={search_term_string}"},"query-input":{"@type":"PropertyValueSpecification","valueRequired":true,"valueName":"search_term_string"}}],"inLanguage":"nb-NO"}]}},"_links":{"self":[{"href":"https:\/\/www.normisjon.no\/vebu\/wp-json\/wp\/v2\/pages\/4091","targetHints":{"allow":["GET"]}}],"collection":[{"href":"https:\/\/www.normisjon.no\/vebu\/wp-json\/wp\/v2\/pages"}],"about":[{"href":"https:\/\/www.normisjon.no\/vebu\/wp-json\/wp\/v2\/types\/page"}],"author":[{"embeddable":true,"href":"https:\/\/www.normisjon.no\/vebu\/wp-json\/wp\/v2\/users\/24"}],"replies":[{"embeddable":true,"href":"https:\/\/www.normisjon.no\/vebu\/wp-json\/wp\/v2\/comments?post=4091"}],"version-history":[{"count":3,"href":"https:\/\/www.normisjon.no\/vebu\/wp-json\/wp\/v2\/pages\/4091\/revisions"}],"predecessor-version":[{"id":4118,"href":"https:\/\/www.normisjon.no\/vebu\/wp-json\/wp\/v2\/pages\/4091\/revisions\/4118"}],"wp:attachment":[{"href":"https:\/\/www.normisjon.no\/vebu\/wp-json\/wp\/v2\/media?parent=4091"}],"curies":[{"name":"wp","href":"https:\/\/api.w.org\/{rel}","templated":true}]}}

<div class="entry-content alignfull wp-block-post-content has-global-padding is-layout-constrained wp-block-post-content-is-layout-constrained">
<div class="wp-block-media-text alignwide is-stacked-on-mobile" style="grid-template-columns:30% auto"><figure class="wp-block-media-text__media"><img decoding="async" src="https://www.normisjon.no/content/uploads/sites/22/2024/04/Magnar-Kleiven.png" alt="" class="wp-image-4092 size-full"/></figure><div class="wp-block-media-text__content">
<p>Magnar Kleiven er utdannet lege, akupunktør og bedriftsøkonom.</p>



<p>Foredraget hans vil gi deg mange refleksjoner og gullkorn rundt helse kontra sykdom. Vi vil alle kjenne oss igjen i dette foredraget, sitte og humre og føle at det er oss han snakker om.</p>



<p>Går det an å bli syk dersom man tror man er syk? Er det  unormalt å være unormal? Blir man gammel av kefirmelk? Kanskje får du noen av svarene under foredraget?</p>
</div></div>
</div>

<p>Magnar Kleiven er utdannet lege, akupunktør og bedriftsøkonom. Foredraget hans vil gi deg mange refleksjoner og gullkorn rundt helse kontra sykdom. Vi vil alle kjenne [&hellip;]</p>

<!-- This site is optimized with the Yoast SEO plugin v25.9 - https://yoast.com/wordpress/plugins/seo/ -->
<title>&quot;Ikke bland doktor&#039;n borti helsa di&quot; - Region VeBu</title>
<meta name="robots" content="index, follow, max-snippet:-1, max-image-preview:large, max-video-preview:-1" />
<link rel="canonical" href="https://www.normisjon.no/vebu/ikke-bland-doktorn-borti-helsa-di/" />
<meta property="og:locale" content="nb_NO" />
<meta property="og:type" content="article" />
<meta property="og:title" content="&quot;Ikke bland doktor&#039;n borti helsa di&quot; - Region VeBu" />
<meta property="og:description" content="Magnar Kleiven er utdannet lege, akupunktør og bedriftsøkonom. Foredraget hans vil gi deg mange refleksjoner og gullkorn rundt helse kontra sykdom. Vi vil alle kjenne [&hellip;]" />
<meta property="og:url" content="https://www.normisjon.no/vebu/ikke-bland-doktorn-borti-helsa-di/" />
<meta property="og:site_name" content="Region VeBu" />
<meta property="article:modified_time" content="2024-04-15T09:20:21+00:00" />
<meta property="og:image" content="https://www.normisjon.no/content/uploads/sites/22/2024/04/Magnar-Kleiven.png" />
	<meta property="og:image:width" content="202" />
	<meta property="og:image:height" content="202" />
	<meta property="og:image:type" content="image/png" />
<meta name="twitter:card" content="summary_large_image" />
<meta name="twitter:label1" content="Ansl. lesetid" />
	<meta name="twitter:data1" content="1 minutt" />
<script type="application/ld+json" class="yoast-schema-graph">{"@context":"https://schema.org","@graph":[{"@type":"WebPage","@id":"https://www.normisjon.no/vebu/ikke-bland-doktorn-borti-helsa-di/","url":"https://www.normisjon.no/vebu/ikke-bland-doktorn-borti-helsa-di/","name":"\"Ikke bland doktor'n borti helsa di\" - Region VeBu","isPartOf":{"@id":"https://www.normisjon.no/vebu/#website"},"primaryImageOfPage":{"@id":"https://www.normisjon.no/vebu/ikke-bland-doktorn-borti-helsa-di/#primaryimage"},"image":{"@id":"https://www.normisjon.no/vebu/ikke-bland-doktorn-borti-helsa-di/#primaryimage"},"thumbnailUrl":"https://www.normisjon.no/content/uploads/sites/22/2024/04/Magnar-Kleiven.png","datePublished":"2024-04-15T08:56:59+00:00","dateModified":"2024-04-15T09:20:21+00:00","breadcrumb":{"@id":"https://www.normisjon.no/vebu/ikke-bland-doktorn-borti-helsa-di/#breadcrumb"},"inLanguage":"nb-NO","potentialAction":[{"@type":"ReadAction","target":["https://www.normisjon.no/vebu/ikke-bland-doktorn-borti-helsa-di/"]}]},{"@type":"ImageObject","inLanguage":"nb-NO","@id":"https://www.normisjon.no/vebu/ikke-bland-doktorn-borti-helsa-di/#primaryimage","url":"https://www.normisjon.no/content/uploads/sites/22/2024/04/Magnar-Kleiven.png","contentUrl":"https://www.normisjon.no/content/uploads/sites/22/2024/04/Magnar-Kleiven.png"},{"@type":"BreadcrumbList","@id":"https://www.normisjon.no/vebu/ikke-bland-doktorn-borti-helsa-di/#breadcrumb","itemListElement":[{"@type":"ListItem","position":1,"name":"Home","item":"https://www.normisjon.no/vebu/"},{"@type":"ListItem","position":2,"name":"&laquo;Ikke bland doktor&#8217;n borti helsa di&raquo;"}]},{"@type":"WebSite","@id":"https://www.normisjon.no/vebu/#website","url":"https://www.normisjon.no/vebu/","name":"Region VeBu","description":"","potentialAction":[{"@type":"SearchAction","target":{"@type":"EntryPoint","urlTemplate":"https://www.normisjon.no/vebu/?s={search_term_string}"},"query-input":{"@type":"PropertyValueSpecification","valueRequired":true,"valueName":"search_term_string"}}],"inLanguage":"nb-NO"}]}</script>
<!-- / Yoast SEO plugin. -->

Magnar Kleiven er utdannet lege, akupunktør og bedriftsøkonom. Foredraget hans vil gi deg mange refleksjoner og gullkorn rundt helse kontra sykdom. Vi vil alle kjenne [&hellip;]
