{"id":4874,"date":"2025-05-06T14:22:55","date_gmt":"2025-05-06T12:22:55","guid":{"rendered":"https:\/\/www.normisjon.no\/vebu\/?page_id=4874"},"modified":"2025-05-06T15:25:52","modified_gmt":"2025-05-06T13:25:52","slug":"gudstjeneste-i-oslo-domkirke","status":"publish","type":"page","link":"https:\/\/www.normisjon.no\/vebu\/gudstjeneste-i-oslo-domkirke\/","title":{"rendered":"Gudstjeneste i Oslo Domkirke"},"content":{"rendered":"<div class=\"entry-content alignfull wp-block-post-content has-global-padding is-layout-constrained wp-block-post-content-is-layout-constrained\">\n<p>Kl. 10.00 3. juni samles vi til en kort gudstjeneste med internasjonal misjon som hovedfokus. Domprost P\u00e5l Kristian Balstad taler.<\/p>\n\n\n\n<p>Meld deg p\u00e5 her om du vil v\u00e6re med p\u00e5 gudstjenesten slik at vi f\u00e5r en formening om hvor mange vi blir.<\/p>\n<\/div><div id=\"module-0\" class=\"hogan-module hogan-module-text hogan-module-0\"><div class=\"hogan-module-inner\"><div id=\"checkin_registration\"><\/div>\n<p><script src=\"https:\/\/registration.checkin.no\/registration.loader.js\" data-event-id=\"121453\" async><\/script><\/p><\/div><\/div>","protected":false},"excerpt":{"rendered":"<p>Kl. 10.00 3. juni samles vi til en kort gudstjeneste med internasjonal misjon som hovedfokus. Domprost P\u00e5l Kristian Balstad taler. Meld deg p\u00e5 her om [&hellip;]<\/p>\n","protected":false},"author":24,"featured_media":0,"parent":0,"menu_order":0,"comment_status":"closed","ping_status":"closed","template":"","meta":{"_acf_changed":false,"footnotes":""},"class_list":["post-4874","page","type-page","status-publish","hentry"],"acf":[],"yoast_head":"<!-- This site is optimized with the Yoast SEO plugin v25.9 - https:\/\/yoast.com\/wordpress\/plugins\/seo\/ -->\n<title>Gudstjeneste i Oslo Domkirke - Region VeBu<\/title>\n<meta name=\"robots\" content=\"index, follow, max-snippet:-1, max-image-preview:large, max-video-preview:-1\" \/>\n<link rel=\"canonical\" href=\"https:\/\/www.normisjon.no\/vebu\/gudstjeneste-i-oslo-domkirke\/\" \/>\n<meta property=\"og:locale\" content=\"nb_NO\" \/>\n<meta property=\"og:type\" content=\"article\" \/>\n<meta property=\"og:title\" content=\"Gudstjeneste i Oslo Domkirke - Region VeBu\" \/>\n<meta property=\"og:description\" content=\"Kl. 10.00 3. juni samles vi til en kort gudstjeneste med internasjonal misjon som hovedfokus. Domprost P\u00e5l Kristian Balstad taler. Meld deg p\u00e5 her om [&hellip;]\" \/>\n<meta property=\"og:url\" content=\"https:\/\/www.normisjon.no\/vebu\/gudstjeneste-i-oslo-domkirke\/\" \/>\n<meta property=\"og:site_name\" content=\"Region VeBu\" \/>\n<meta property=\"article:modified_time\" content=\"2025-05-06T13:25:52+00:00\" \/>\n<meta name=\"twitter:card\" content=\"summary_large_image\" \/>\n<meta name=\"twitter:label1\" content=\"Ansl. lesetid\" \/>\n\t<meta name=\"twitter:data1\" content=\"1 minutt\" \/>\n<script type=\"application\/ld+json\" class=\"yoast-schema-graph\">{\"@context\":\"https:\/\/schema.org\",\"@graph\":[{\"@type\":\"WebPage\",\"@id\":\"https:\/\/www.normisjon.no\/vebu\/gudstjeneste-i-oslo-domkirke\/\",\"url\":\"https:\/\/www.normisjon.no\/vebu\/gudstjeneste-i-oslo-domkirke\/\",\"name\":\"Gudstjeneste i Oslo Domkirke - Region VeBu\",\"isPartOf\":{\"@id\":\"https:\/\/www.normisjon.no\/vebu\/#website\"},\"datePublished\":\"2025-05-06T12:22:55+00:00\",\"dateModified\":\"2025-05-06T13:25:52+00:00\",\"breadcrumb\":{\"@id\":\"https:\/\/www.normisjon.no\/vebu\/gudstjeneste-i-oslo-domkirke\/#breadcrumb\"},\"inLanguage\":\"nb-NO\",\"potentialAction\":[{\"@type\":\"ReadAction\",\"target\":[\"https:\/\/www.normisjon.no\/vebu\/gudstjeneste-i-oslo-domkirke\/\"]}]},{\"@type\":\"BreadcrumbList\",\"@id\":\"https:\/\/www.normisjon.no\/vebu\/gudstjeneste-i-oslo-domkirke\/#breadcrumb\",\"itemListElement\":[{\"@type\":\"ListItem\",\"position\":1,\"name\":\"Home\",\"item\":\"https:\/\/www.normisjon.no\/vebu\/\"},{\"@type\":\"ListItem\",\"position\":2,\"name\":\"Gudstjeneste i Oslo Domkirke\"}]},{\"@type\":\"WebSite\",\"@id\":\"https:\/\/www.normisjon.no\/vebu\/#website\",\"url\":\"https:\/\/www.normisjon.no\/vebu\/\",\"name\":\"Region VeBu\",\"description\":\"\",\"potentialAction\":[{\"@type\":\"SearchAction\",\"target\":{\"@type\":\"EntryPoint\",\"urlTemplate\":\"https:\/\/www.normisjon.no\/vebu\/?s={search_term_string}\"},\"query-input\":{\"@type\":\"PropertyValueSpecification\",\"valueRequired\":true,\"valueName\":\"search_term_string\"}}],\"inLanguage\":\"nb-NO\"}]}<\/script>\n<!-- \/ Yoast SEO plugin. -->","yoast_head_json":{"title":"Gudstjeneste i Oslo Domkirke - Region VeBu","robots":{"index":"index","follow":"follow","max-snippet":"max-snippet:-1","max-image-preview":"max-image-preview:large","max-video-preview":"max-video-preview:-1"},"canonical":"https:\/\/www.normisjon.no\/vebu\/gudstjeneste-i-oslo-domkirke\/","og_locale":"nb_NO","og_type":"article","og_title":"Gudstjeneste i Oslo Domkirke - Region VeBu","og_description":"Kl. 10.00 3. juni samles vi til en kort gudstjeneste med internasjonal misjon som hovedfokus. Domprost P\u00e5l Kristian Balstad taler. Meld deg p\u00e5 her om [&hellip;]","og_url":"https:\/\/www.normisjon.no\/vebu\/gudstjeneste-i-oslo-domkirke\/","og_site_name":"Region VeBu","article_modified_time":"2025-05-06T13:25:52+00:00","twitter_card":"summary_large_image","twitter_misc":{"Ansl. lesetid":"1 minutt"},"schema":{"@context":"https:\/\/schema.org","@graph":[{"@type":"WebPage","@id":"https:\/\/www.normisjon.no\/vebu\/gudstjeneste-i-oslo-domkirke\/","url":"https:\/\/www.normisjon.no\/vebu\/gudstjeneste-i-oslo-domkirke\/","name":"Gudstjeneste i Oslo Domkirke - Region VeBu","isPartOf":{"@id":"https:\/\/www.normisjon.no\/vebu\/#website"},"datePublished":"2025-05-06T12:22:55+00:00","dateModified":"2025-05-06T13:25:52+00:00","breadcrumb":{"@id":"https:\/\/www.normisjon.no\/vebu\/gudstjeneste-i-oslo-domkirke\/#breadcrumb"},"inLanguage":"nb-NO","potentialAction":[{"@type":"ReadAction","target":["https:\/\/www.normisjon.no\/vebu\/gudstjeneste-i-oslo-domkirke\/"]}]},{"@type":"BreadcrumbList","@id":"https:\/\/www.normisjon.no\/vebu\/gudstjeneste-i-oslo-domkirke\/#breadcrumb","itemListElement":[{"@type":"ListItem","position":1,"name":"Home","item":"https:\/\/www.normisjon.no\/vebu\/"},{"@type":"ListItem","position":2,"name":"Gudstjeneste i Oslo Domkirke"}]},{"@type":"WebSite","@id":"https:\/\/www.normisjon.no\/vebu\/#website","url":"https:\/\/www.normisjon.no\/vebu\/","name":"Region VeBu","description":"","potentialAction":[{"@type":"SearchAction","target":{"@type":"EntryPoint","urlTemplate":"https:\/\/www.normisjon.no\/vebu\/?s={search_term_string}"},"query-input":{"@type":"PropertyValueSpecification","valueRequired":true,"valueName":"search_term_string"}}],"inLanguage":"nb-NO"}]}},"_links":{"self":[{"href":"https:\/\/www.normisjon.no\/vebu\/wp-json\/wp\/v2\/pages\/4874","targetHints":{"allow":["GET"]}}],"collection":[{"href":"https:\/\/www.normisjon.no\/vebu\/wp-json\/wp\/v2\/pages"}],"about":[{"href":"https:\/\/www.normisjon.no\/vebu\/wp-json\/wp\/v2\/types\/page"}],"author":[{"embeddable":true,"href":"https:\/\/www.normisjon.no\/vebu\/wp-json\/wp\/v2\/users\/24"}],"replies":[{"embeddable":true,"href":"https:\/\/www.normisjon.no\/vebu\/wp-json\/wp\/v2\/comments?post=4874"}],"version-history":[{"count":5,"href":"https:\/\/www.normisjon.no\/vebu\/wp-json\/wp\/v2\/pages\/4874\/revisions"}],"predecessor-version":[{"id":4885,"href":"https:\/\/www.normisjon.no\/vebu\/wp-json\/wp\/v2\/pages\/4874\/revisions\/4885"}],"wp:attachment":[{"href":"https:\/\/www.normisjon.no\/vebu\/wp-json\/wp\/v2\/media?parent=4874"}],"curies":[{"name":"wp","href":"https:\/\/api.w.org\/{rel}","templated":true}]}}