{"id":5286,"date":"2025-09-23T09:12:31","date_gmt":"2025-09-23T07:12:31","guid":{"rendered":"https:\/\/www.normisjon.no\/vebu\/?page_id=5286"},"modified":"2025-10-24T10:00:36","modified_gmt":"2025-10-24T08:00:36","slug":"lunsjforedrag-evjens-minne-al","status":"publish","type":"page","link":"https:\/\/www.normisjon.no\/vebu\/lunsjforedrag-evjens-minne-al\/","title":{"rendered":"Lunsjforedrag Evjens Minne, \u00c5l"},"content":{"rendered":"<div class=\"entry-content alignfull wp-block-post-content has-global-padding is-layout-constrained wp-block-post-content-is-layout-constrained\">\n<div class=\"wp-block-media-text alignwide is-stacked-on-mobile\" style=\"grid-template-columns:40% auto\"><figure class=\"wp-block-media-text__media\"><img loading=\"lazy\" decoding=\"async\" width=\"1024\" height=\"1024\" src=\"https:\/\/www.normisjon.no\/content\/uploads\/sites\/22\/2025\/09\/Einar-Lunde-1-1024x1024.jpg\" alt=\"\" class=\"wp-image-5292 size-full\" srcset=\"https:\/\/www.normisjon.no\/content\/uploads\/sites\/22\/2025\/09\/Einar-Lunde-1.jpg 1024w, https:\/\/www.normisjon.no\/content\/uploads\/sites\/22\/2025\/09\/Einar-Lunde-1-300x300.jpg 300w, https:\/\/www.normisjon.no\/content\/uploads\/sites\/22\/2025\/09\/Einar-Lunde-1-150x150.jpg 150w, https:\/\/www.normisjon.no\/content\/uploads\/sites\/22\/2025\/09\/Einar-Lunde-1-768x768.jpg 768w, https:\/\/www.normisjon.no\/content\/uploads\/sites\/22\/2025\/09\/Einar-Lunde-1-960x960.jpg 960w\" sizes=\"auto, (max-width: 1024px) 100vw, 1024px\" \/><\/figure><div class=\"wp-block-media-text__content\">\n<p><strong>\u00abFra undertrykkelse og konflikt til forsoning og tilgivelse \u2013 et m\u00f8te med Fredsprisvinnerne Nelson Mandela og Desmond Tutu\u00bb<\/strong><\/p>\n\n\n\n<p>I 1990, da Nelson Mandela ble l\u00f8slatt fra fengsel etter nesten 27 \u00e5r, var ti-tusenvis av svarte ungdommer klare med spyd, macheter, kniver og v\u00e5pen. N\u00e5 var deres geriljasjef satt fri. N\u00e5 skulle de hevne 350 \u00e5rs systematisk undertrykkelse. De ventet bare p\u00e5 ordren fra Mandela om \u00e5 sette i gang.\u00a0<\/p>\n\n\n\n<p>Men den ordren kom aldri. I stedet kom en ny ordre &#8211; om \u00e5 omfavne og tilgi.&nbsp;<\/p>\n\n\n\n<p>Sentralt i historien som videre utspant seg st\u00e5r Nelson Mandela og biskop Desmond Tutu, begge mottakere av Nobels Fredspris. Einar Lunde har truffet dem begge &#8211; og intervjuet dem flere ganger. Einar var den norske journalisten som var mest inne i S\u00f8r-Afrika under den forferdelige Apartheid-perioden. \u00abMirakelet i S\u00f8r Afrika\u00bb er et viktig og dagsaktuelt foredrag om tilgivelse og forsoning som n\u00f8kkel til fred og h\u00e5p.&nbsp;<\/p>\n\n\n\n<p>I 40 \u00e5r arbeidet Einar Lunde i NRK, som Afrika-korrespondent og som nyhetsanker i Dagsrevyen. Einar er en engasjert og dyktig historieformidler. Gled dere til en spennende foredrag.<\/p>\n\n\n\n<p><strong>Evjens Minne &#8211; \u00c5l<\/strong><\/p>\n\n\n\n<p><strong>Mandag 27. oktober kl.12.00<\/strong><\/p>\n\n\n\n<p><strong>Pris: kr. 300&nbsp; <\/strong><\/p>\n<\/div><\/div>\n<\/div><div id=\"module-0\" class=\"hogan-module hogan-module-text hogan-module-0\"><div class=\"hogan-module-inner\"><div id=\"checkin_registration\"><\/div>\n<p><script src=\"https:\/\/registration.checkin.no\/registration.loader.js\" data-event-id=\"175897\" async><\/script><\/p><\/div><\/div>","protected":false},"excerpt":{"rendered":"<p>\u00abFra undertrykkelse og konflikt til forsoning og tilgivelse \u2013 et m\u00f8te med Fredsprisvinnerne Nelson Mandela og Desmond Tutu\u00bb I 1990, da Nelson Mandela ble l\u00f8slatt [&hellip;]<\/p>\n","protected":false},"author":24,"featured_media":5289,"parent":0,"menu_order":0,"comment_status":"closed","ping_status":"closed","template":"","meta":{"_acf_changed":false,"footnotes":""},"class_list":["post-5286","page","type-page","status-publish","has-post-thumbnail","hentry"],"acf":[],"yoast_head":"<!-- This site is optimized with the Yoast SEO plugin v25.9 - https:\/\/yoast.com\/wordpress\/plugins\/seo\/ -->\n<title>Lunsjforedrag Evjens Minne, \u00c5l - Region VeBu<\/title>\n<meta name=\"robots\" content=\"index, follow, max-snippet:-1, max-image-preview:large, max-video-preview:-1\" \/>\n<link rel=\"canonical\" href=\"https:\/\/www.normisjon.no\/vebu\/lunsjforedrag-evjens-minne-al\/\" \/>\n<meta property=\"og:locale\" content=\"nb_NO\" \/>\n<meta property=\"og:type\" content=\"article\" \/>\n<meta property=\"og:title\" content=\"Lunsjforedrag Evjens Minne, \u00c5l - Region VeBu\" \/>\n<meta property=\"og:description\" content=\"\u00abFra undertrykkelse og konflikt til forsoning og tilgivelse \u2013 et m\u00f8te med Fredsprisvinnerne Nelson Mandela og Desmond Tutu\u00bb I 1990, da Nelson Mandela ble l\u00f8slatt [&hellip;]\" \/>\n<meta property=\"og:url\" content=\"https:\/\/www.normisjon.no\/vebu\/lunsjforedrag-evjens-minne-al\/\" \/>\n<meta property=\"og:site_name\" content=\"Region VeBu\" \/>\n<meta property=\"article:modified_time\" content=\"2025-10-24T08:00:36+00:00\" \/>\n<meta property=\"og:image\" content=\"https:\/\/www.normisjon.no\/content\/uploads\/sites\/22\/2025\/09\/Einar-Lunde.jpg\" \/>\n\t<meta property=\"og:image:width\" content=\"1024\" \/>\n\t<meta property=\"og:image:height\" content=\"1024\" \/>\n\t<meta property=\"og:image:type\" content=\"image\/jpeg\" \/>\n<meta name=\"twitter:card\" content=\"summary_large_image\" \/>\n<meta name=\"twitter:label1\" content=\"Ansl. lesetid\" \/>\n\t<meta name=\"twitter:data1\" content=\"2 minutter\" \/>\n<script type=\"application\/ld+json\" class=\"yoast-schema-graph\">{\"@context\":\"https:\/\/schema.org\",\"@graph\":[{\"@type\":\"WebPage\",\"@id\":\"https:\/\/www.normisjon.no\/vebu\/lunsjforedrag-evjens-minne-al\/\",\"url\":\"https:\/\/www.normisjon.no\/vebu\/lunsjforedrag-evjens-minne-al\/\",\"name\":\"Lunsjforedrag Evjens Minne, \u00c5l - Region VeBu\",\"isPartOf\":{\"@id\":\"https:\/\/www.normisjon.no\/vebu\/#website\"},\"primaryImageOfPage\":{\"@id\":\"https:\/\/www.normisjon.no\/vebu\/lunsjforedrag-evjens-minne-al\/#primaryimage\"},\"image\":{\"@id\":\"https:\/\/www.normisjon.no\/vebu\/lunsjforedrag-evjens-minne-al\/#primaryimage\"},\"thumbnailUrl\":\"https:\/\/www.normisjon.no\/content\/uploads\/sites\/22\/2025\/09\/Einar-Lunde.jpg\",\"datePublished\":\"2025-09-23T07:12:31+00:00\",\"dateModified\":\"2025-10-24T08:00:36+00:00\",\"breadcrumb\":{\"@id\":\"https:\/\/www.normisjon.no\/vebu\/lunsjforedrag-evjens-minne-al\/#breadcrumb\"},\"inLanguage\":\"nb-NO\",\"potentialAction\":[{\"@type\":\"ReadAction\",\"target\":[\"https:\/\/www.normisjon.no\/vebu\/lunsjforedrag-evjens-minne-al\/\"]}]},{\"@type\":\"ImageObject\",\"inLanguage\":\"nb-NO\",\"@id\":\"https:\/\/www.normisjon.no\/vebu\/lunsjforedrag-evjens-minne-al\/#primaryimage\",\"url\":\"https:\/\/www.normisjon.no\/content\/uploads\/sites\/22\/2025\/09\/Einar-Lunde.jpg\",\"contentUrl\":\"https:\/\/www.normisjon.no\/content\/uploads\/sites\/22\/2025\/09\/Einar-Lunde.jpg\",\"width\":1024,\"height\":1024},{\"@type\":\"BreadcrumbList\",\"@id\":\"https:\/\/www.normisjon.no\/vebu\/lunsjforedrag-evjens-minne-al\/#breadcrumb\",\"itemListElement\":[{\"@type\":\"ListItem\",\"position\":1,\"name\":\"Home\",\"item\":\"https:\/\/www.normisjon.no\/vebu\/\"},{\"@type\":\"ListItem\",\"position\":2,\"name\":\"Lunsjforedrag Evjens Minne, \u00c5l\"}]},{\"@type\":\"WebSite\",\"@id\":\"https:\/\/www.normisjon.no\/vebu\/#website\",\"url\":\"https:\/\/www.normisjon.no\/vebu\/\",\"name\":\"Region VeBu\",\"description\":\"\",\"potentialAction\":[{\"@type\":\"SearchAction\",\"target\":{\"@type\":\"EntryPoint\",\"urlTemplate\":\"https:\/\/www.normisjon.no\/vebu\/?s={search_term_string}\"},\"query-input\":{\"@type\":\"PropertyValueSpecification\",\"valueRequired\":true,\"valueName\":\"search_term_string\"}}],\"inLanguage\":\"nb-NO\"}]}<\/script>\n<!-- \/ Yoast SEO plugin. -->","yoast_head_json":{"title":"Lunsjforedrag Evjens Minne, \u00c5l - Region VeBu","robots":{"index":"index","follow":"follow","max-snippet":"max-snippet:-1","max-image-preview":"max-image-preview:large","max-video-preview":"max-video-preview:-1"},"canonical":"https:\/\/www.normisjon.no\/vebu\/lunsjforedrag-evjens-minne-al\/","og_locale":"nb_NO","og_type":"article","og_title":"Lunsjforedrag Evjens Minne, \u00c5l - Region VeBu","og_description":"\u00abFra undertrykkelse og konflikt til forsoning og tilgivelse \u2013 et m\u00f8te med Fredsprisvinnerne Nelson Mandela og Desmond Tutu\u00bb I 1990, da Nelson Mandela ble l\u00f8slatt [&hellip;]","og_url":"https:\/\/www.normisjon.no\/vebu\/lunsjforedrag-evjens-minne-al\/","og_site_name":"Region VeBu","article_modified_time":"2025-10-24T08:00:36+00:00","og_image":[{"width":1024,"height":1024,"url":"https:\/\/www.normisjon.no\/content\/uploads\/sites\/22\/2025\/09\/Einar-Lunde.jpg","type":"image\/jpeg"}],"twitter_card":"summary_large_image","twitter_misc":{"Ansl. lesetid":"2 minutter"},"schema":{"@context":"https:\/\/schema.org","@graph":[{"@type":"WebPage","@id":"https:\/\/www.normisjon.no\/vebu\/lunsjforedrag-evjens-minne-al\/","url":"https:\/\/www.normisjon.no\/vebu\/lunsjforedrag-evjens-minne-al\/","name":"Lunsjforedrag Evjens Minne, \u00c5l - Region VeBu","isPartOf":{"@id":"https:\/\/www.normisjon.no\/vebu\/#website"},"primaryImageOfPage":{"@id":"https:\/\/www.normisjon.no\/vebu\/lunsjforedrag-evjens-minne-al\/#primaryimage"},"image":{"@id":"https:\/\/www.normisjon.no\/vebu\/lunsjforedrag-evjens-minne-al\/#primaryimage"},"thumbnailUrl":"https:\/\/www.normisjon.no\/content\/uploads\/sites\/22\/2025\/09\/Einar-Lunde.jpg","datePublished":"2025-09-23T07:12:31+00:00","dateModified":"2025-10-24T08:00:36+00:00","breadcrumb":{"@id":"https:\/\/www.normisjon.no\/vebu\/lunsjforedrag-evjens-minne-al\/#breadcrumb"},"inLanguage":"nb-NO","potentialAction":[{"@type":"ReadAction","target":["https:\/\/www.normisjon.no\/vebu\/lunsjforedrag-evjens-minne-al\/"]}]},{"@type":"ImageObject","inLanguage":"nb-NO","@id":"https:\/\/www.normisjon.no\/vebu\/lunsjforedrag-evjens-minne-al\/#primaryimage","url":"https:\/\/www.normisjon.no\/content\/uploads\/sites\/22\/2025\/09\/Einar-Lunde.jpg","contentUrl":"https:\/\/www.normisjon.no\/content\/uploads\/sites\/22\/2025\/09\/Einar-Lunde.jpg","width":1024,"height":1024},{"@type":"BreadcrumbList","@id":"https:\/\/www.normisjon.no\/vebu\/lunsjforedrag-evjens-minne-al\/#breadcrumb","itemListElement":[{"@type":"ListItem","position":1,"name":"Home","item":"https:\/\/www.normisjon.no\/vebu\/"},{"@type":"ListItem","position":2,"name":"Lunsjforedrag Evjens Minne, \u00c5l"}]},{"@type":"WebSite","@id":"https:\/\/www.normisjon.no\/vebu\/#website","url":"https:\/\/www.normisjon.no\/vebu\/","name":"Region VeBu","description":"","potentialAction":[{"@type":"SearchAction","target":{"@type":"EntryPoint","urlTemplate":"https:\/\/www.normisjon.no\/vebu\/?s={search_term_string}"},"query-input":{"@type":"PropertyValueSpecification","valueRequired":true,"valueName":"search_term_string"}}],"inLanguage":"nb-NO"}]}},"_links":{"self":[{"href":"https:\/\/www.normisjon.no\/vebu\/wp-json\/wp\/v2\/pages\/5286","targetHints":{"allow":["GET"]}}],"collection":[{"href":"https:\/\/www.normisjon.no\/vebu\/wp-json\/wp\/v2\/pages"}],"about":[{"href":"https:\/\/www.normisjon.no\/vebu\/wp-json\/wp\/v2\/types\/page"}],"author":[{"embeddable":true,"href":"https:\/\/www.normisjon.no\/vebu\/wp-json\/wp\/v2\/users\/24"}],"replies":[{"embeddable":true,"href":"https:\/\/www.normisjon.no\/vebu\/wp-json\/wp\/v2\/comments?post=5286"}],"version-history":[{"count":9,"href":"https:\/\/www.normisjon.no\/vebu\/wp-json\/wp\/v2\/pages\/5286\/revisions"}],"predecessor-version":[{"id":5308,"href":"https:\/\/www.normisjon.no\/vebu\/wp-json\/wp\/v2\/pages\/5286\/revisions\/5308"}],"wp:featuredmedia":[{"embeddable":true,"href":"https:\/\/www.normisjon.no\/vebu\/wp-json\/wp\/v2\/media\/5289"}],"wp:attachment":[{"href":"https:\/\/www.normisjon.no\/vebu\/wp-json\/wp\/v2\/media?parent=5286"}],"curies":[{"name":"wp","href":"https:\/\/api.w.org\/{rel}","templated":true}]}}