{"id":5795,"date":"2026-04-29T14:40:08","date_gmt":"2026-04-29T12:40:08","guid":{"rendered":"https:\/\/www.normisjon.no\/vebu\/?page_id=5795"},"modified":"2026-04-29T14:40:08","modified_gmt":"2026-04-29T12:40:08","slug":"nordheimtjonn-badeplass-stralandet","status":"publish","type":"page","link":"https:\/\/www.normisjon.no\/vebu\/nordheimtjonn-badeplass-stralandet\/","title":{"rendered":"Nordheimtj\u00f8nn Badeplass (Str\u00e5landet)"},"content":{"rendered":"<div class=\"entry-content alignfull wp-block-post-content has-global-padding is-layout-constrained wp-block-post-content-is-layout-constrained\">\n<p>M\u00f8t p\u00e5 parkeringen her kl 9.30 2. juni hvis du vil v\u00e6re med det siste stykket inn mot Lunde sluse.<\/p>\n\n\n\n<figure class=\"wp-block-image size-full\"><img loading=\"lazy\" decoding=\"async\" width=\"605\" height=\"606\" src=\"https:\/\/www.normisjon.no\/content\/uploads\/sites\/22\/2026\/04\/Nordheimtjonn-badeplass.png\" alt=\"\" class=\"wp-image-5796\" srcset=\"https:\/\/www.normisjon.no\/content\/uploads\/sites\/22\/2026\/04\/Nordheimtjonn-badeplass.png 605w, https:\/\/www.normisjon.no\/content\/uploads\/sites\/22\/2026\/04\/Nordheimtjonn-badeplass-300x300.png 300w, https:\/\/www.normisjon.no\/content\/uploads\/sites\/22\/2026\/04\/Nordheimtjonn-badeplass-150x150.png 150w\" sizes=\"auto, (max-width: 605px) 100vw, 605px\" \/><\/figure>\n<\/div>","protected":false},"excerpt":{"rendered":"<p>M\u00f8t p\u00e5 parkeringen her kl 9.30 2. juni hvis du vil v\u00e6re med det siste stykket inn mot Lunde sluse.<\/p>\n","protected":false},"author":24,"featured_media":0,"parent":0,"menu_order":0,"comment_status":"closed","ping_status":"closed","template":"","meta":{"_acf_changed":false,"footnotes":""},"class_list":["post-5795","page","type-page","status-publish","hentry"],"acf":[],"yoast_head":"<!-- This site is optimized with the Yoast SEO plugin v25.9 - https:\/\/yoast.com\/wordpress\/plugins\/seo\/ -->\n<title>Nordheimtj\u00f8nn Badeplass (Str\u00e5landet) - Region VeBu<\/title>\n<meta name=\"robots\" content=\"index, follow, max-snippet:-1, max-image-preview:large, max-video-preview:-1\" \/>\n<link rel=\"canonical\" href=\"https:\/\/www.normisjon.no\/vebu\/nordheimtjonn-badeplass-stralandet\/\" \/>\n<meta property=\"og:locale\" content=\"nb_NO\" \/>\n<meta property=\"og:type\" content=\"article\" \/>\n<meta property=\"og:title\" content=\"Nordheimtj\u00f8nn Badeplass (Str\u00e5landet) - Region VeBu\" \/>\n<meta property=\"og:description\" content=\"M\u00f8t p\u00e5 parkeringen her kl 9.30 2. juni hvis du vil v\u00e6re med det siste stykket inn mot Lunde sluse.\" \/>\n<meta property=\"og:url\" content=\"https:\/\/www.normisjon.no\/vebu\/nordheimtjonn-badeplass-stralandet\/\" \/>\n<meta property=\"og:site_name\" content=\"Region VeBu\" \/>\n<meta property=\"og:image\" content=\"https:\/\/www.normisjon.no\/content\/uploads\/sites\/22\/2026\/04\/Nordheimtjonn-badeplass.png\" \/>\n\t<meta property=\"og:image:width\" content=\"605\" \/>\n\t<meta property=\"og:image:height\" content=\"606\" \/>\n\t<meta property=\"og:image:type\" content=\"image\/png\" \/>\n<meta name=\"twitter:card\" content=\"summary_large_image\" \/>\n<meta name=\"twitter:label1\" content=\"Ansl. lesetid\" \/>\n\t<meta name=\"twitter:data1\" content=\"1 minutt\" \/>\n<script type=\"application\/ld+json\" class=\"yoast-schema-graph\">{\"@context\":\"https:\/\/schema.org\",\"@graph\":[{\"@type\":\"WebPage\",\"@id\":\"https:\/\/www.normisjon.no\/vebu\/nordheimtjonn-badeplass-stralandet\/\",\"url\":\"https:\/\/www.normisjon.no\/vebu\/nordheimtjonn-badeplass-stralandet\/\",\"name\":\"Nordheimtj\u00f8nn Badeplass (Str\u00e5landet) - Region VeBu\",\"isPartOf\":{\"@id\":\"https:\/\/www.normisjon.no\/vebu\/#website\"},\"primaryImageOfPage\":{\"@id\":\"https:\/\/www.normisjon.no\/vebu\/nordheimtjonn-badeplass-stralandet\/#primaryimage\"},\"image\":{\"@id\":\"https:\/\/www.normisjon.no\/vebu\/nordheimtjonn-badeplass-stralandet\/#primaryimage\"},\"thumbnailUrl\":\"https:\/\/www.normisjon.no\/content\/uploads\/sites\/22\/2026\/04\/Nordheimtjonn-badeplass.png\",\"datePublished\":\"2026-04-29T12:40:08+00:00\",\"breadcrumb\":{\"@id\":\"https:\/\/www.normisjon.no\/vebu\/nordheimtjonn-badeplass-stralandet\/#breadcrumb\"},\"inLanguage\":\"nb-NO\",\"potentialAction\":[{\"@type\":\"ReadAction\",\"target\":[\"https:\/\/www.normisjon.no\/vebu\/nordheimtjonn-badeplass-stralandet\/\"]}]},{\"@type\":\"ImageObject\",\"inLanguage\":\"nb-NO\",\"@id\":\"https:\/\/www.normisjon.no\/vebu\/nordheimtjonn-badeplass-stralandet\/#primaryimage\",\"url\":\"https:\/\/www.normisjon.no\/content\/uploads\/sites\/22\/2026\/04\/Nordheimtjonn-badeplass.png\",\"contentUrl\":\"https:\/\/www.normisjon.no\/content\/uploads\/sites\/22\/2026\/04\/Nordheimtjonn-badeplass.png\"},{\"@type\":\"BreadcrumbList\",\"@id\":\"https:\/\/www.normisjon.no\/vebu\/nordheimtjonn-badeplass-stralandet\/#breadcrumb\",\"itemListElement\":[{\"@type\":\"ListItem\",\"position\":1,\"name\":\"Home\",\"item\":\"https:\/\/www.normisjon.no\/vebu\/\"},{\"@type\":\"ListItem\",\"position\":2,\"name\":\"Nordheimtj\u00f8nn Badeplass (Str\u00e5landet)\"}]},{\"@type\":\"WebSite\",\"@id\":\"https:\/\/www.normisjon.no\/vebu\/#website\",\"url\":\"https:\/\/www.normisjon.no\/vebu\/\",\"name\":\"Region VeBu\",\"description\":\"\",\"potentialAction\":[{\"@type\":\"SearchAction\",\"target\":{\"@type\":\"EntryPoint\",\"urlTemplate\":\"https:\/\/www.normisjon.no\/vebu\/?s={search_term_string}\"},\"query-input\":{\"@type\":\"PropertyValueSpecification\",\"valueRequired\":true,\"valueName\":\"search_term_string\"}}],\"inLanguage\":\"nb-NO\"}]}<\/script>\n<!-- \/ Yoast SEO plugin. -->","yoast_head_json":{"title":"Nordheimtj\u00f8nn Badeplass (Str\u00e5landet) - Region VeBu","robots":{"index":"index","follow":"follow","max-snippet":"max-snippet:-1","max-image-preview":"max-image-preview:large","max-video-preview":"max-video-preview:-1"},"canonical":"https:\/\/www.normisjon.no\/vebu\/nordheimtjonn-badeplass-stralandet\/","og_locale":"nb_NO","og_type":"article","og_title":"Nordheimtj\u00f8nn Badeplass (Str\u00e5landet) - Region VeBu","og_description":"M\u00f8t p\u00e5 parkeringen her kl 9.30 2. juni hvis du vil v\u00e6re med det siste stykket inn mot Lunde sluse.","og_url":"https:\/\/www.normisjon.no\/vebu\/nordheimtjonn-badeplass-stralandet\/","og_site_name":"Region VeBu","og_image":[{"width":605,"height":606,"url":"https:\/\/www.normisjon.no\/content\/uploads\/sites\/22\/2026\/04\/Nordheimtjonn-badeplass.png","type":"image\/png"}],"twitter_card":"summary_large_image","twitter_misc":{"Ansl. lesetid":"1 minutt"},"schema":{"@context":"https:\/\/schema.org","@graph":[{"@type":"WebPage","@id":"https:\/\/www.normisjon.no\/vebu\/nordheimtjonn-badeplass-stralandet\/","url":"https:\/\/www.normisjon.no\/vebu\/nordheimtjonn-badeplass-stralandet\/","name":"Nordheimtj\u00f8nn Badeplass (Str\u00e5landet) - Region VeBu","isPartOf":{"@id":"https:\/\/www.normisjon.no\/vebu\/#website"},"primaryImageOfPage":{"@id":"https:\/\/www.normisjon.no\/vebu\/nordheimtjonn-badeplass-stralandet\/#primaryimage"},"image":{"@id":"https:\/\/www.normisjon.no\/vebu\/nordheimtjonn-badeplass-stralandet\/#primaryimage"},"thumbnailUrl":"https:\/\/www.normisjon.no\/content\/uploads\/sites\/22\/2026\/04\/Nordheimtjonn-badeplass.png","datePublished":"2026-04-29T12:40:08+00:00","breadcrumb":{"@id":"https:\/\/www.normisjon.no\/vebu\/nordheimtjonn-badeplass-stralandet\/#breadcrumb"},"inLanguage":"nb-NO","potentialAction":[{"@type":"ReadAction","target":["https:\/\/www.normisjon.no\/vebu\/nordheimtjonn-badeplass-stralandet\/"]}]},{"@type":"ImageObject","inLanguage":"nb-NO","@id":"https:\/\/www.normisjon.no\/vebu\/nordheimtjonn-badeplass-stralandet\/#primaryimage","url":"https:\/\/www.normisjon.no\/content\/uploads\/sites\/22\/2026\/04\/Nordheimtjonn-badeplass.png","contentUrl":"https:\/\/www.normisjon.no\/content\/uploads\/sites\/22\/2026\/04\/Nordheimtjonn-badeplass.png"},{"@type":"BreadcrumbList","@id":"https:\/\/www.normisjon.no\/vebu\/nordheimtjonn-badeplass-stralandet\/#breadcrumb","itemListElement":[{"@type":"ListItem","position":1,"name":"Home","item":"https:\/\/www.normisjon.no\/vebu\/"},{"@type":"ListItem","position":2,"name":"Nordheimtj\u00f8nn Badeplass (Str\u00e5landet)"}]},{"@type":"WebSite","@id":"https:\/\/www.normisjon.no\/vebu\/#website","url":"https:\/\/www.normisjon.no\/vebu\/","name":"Region VeBu","description":"","potentialAction":[{"@type":"SearchAction","target":{"@type":"EntryPoint","urlTemplate":"https:\/\/www.normisjon.no\/vebu\/?s={search_term_string}"},"query-input":{"@type":"PropertyValueSpecification","valueRequired":true,"valueName":"search_term_string"}}],"inLanguage":"nb-NO"}]}},"_links":{"self":[{"href":"https:\/\/www.normisjon.no\/vebu\/wp-json\/wp\/v2\/pages\/5795","targetHints":{"allow":["GET"]}}],"collection":[{"href":"https:\/\/www.normisjon.no\/vebu\/wp-json\/wp\/v2\/pages"}],"about":[{"href":"https:\/\/www.normisjon.no\/vebu\/wp-json\/wp\/v2\/types\/page"}],"author":[{"embeddable":true,"href":"https:\/\/www.normisjon.no\/vebu\/wp-json\/wp\/v2\/users\/24"}],"replies":[{"embeddable":true,"href":"https:\/\/www.normisjon.no\/vebu\/wp-json\/wp\/v2\/comments?post=5795"}],"version-history":[{"count":1,"href":"https:\/\/www.normisjon.no\/vebu\/wp-json\/wp\/v2\/pages\/5795\/revisions"}],"predecessor-version":[{"id":5797,"href":"https:\/\/www.normisjon.no\/vebu\/wp-json\/wp\/v2\/pages\/5795\/revisions\/5797"}],"wp:attachment":[{"href":"https:\/\/www.normisjon.no\/vebu\/wp-json\/wp\/v2\/media?parent=5795"}],"curies":[{"name":"wp","href":"https:\/\/api.w.org\/{rel}","templated":true}]}}